87.250.224.149 - - [31/Aug/2022:16:42:03 +0200] "GET / HTTP/1.1" 200 22786 "" "Mozilla/5.0 (compatible; YandexBot/3.0; +http://yandex.com/bots)"
87.250.224.149 - - [31/Aug/2022:16:42:57 +0200] "GET / HTTP/1.1" 200 22786 "" "Mozilla/5.0 (compatible; YandexBot/3.0; +http://yandex.com/bots)"
114.119.136.148 - - [31/Aug/2022:16:43:31 +0200] "GET /services/management-consulting-and-process-optimization HTTP/1.1" 200 15805 "http://www.bremer.pl/services/management-consulting-and-process-optimization/mapping-and-optimization-of-processes" "Mozilla/5.0 (Linux; Android 7.0;) AppleWebKit/537.36 (KHTML, like Gecko) Mobile Safari/537.36 (compatible; PetalBot;+https://webmaster.petalsearch.com/site/petalbot)"
87.250.224.149 - - [31/Aug/2022:16:44:24 +0200] "GET / HTTP/1.1" 200 22786 "" "Mozilla/5.0 (compatible; YandexBot/3.0; +http://yandex.com/bots)"
87.250.224.149 - - [31/Aug/2022:16:45:45 +0200] "GET / HTTP/1.1" 200 22786 "" "Mozilla/5.0 (compatible; YandexBot/3.0; +http://yandex.com/bots)"
87.250.224.149 - - [31/Aug/2022:16:47:02 +0200] "GET / HTTP/1.1" 200 22786 "" "Mozilla/5.0 (compatible; YandexBot/3.0; +http://yandex.com/bots)"
87.250.224.149 - - [31/Aug/2022:16:48:00 +0200] "GET / HTTP/1.1" 200 22786 "" "Mozilla/5.0 (compatible; YandexBot/3.0; +http://yandex.com/bots)"
87.250.224.149 - - [31/Aug/2022:16:49:21 +0200] "GET / HTTP/1.1" 200 22786 "" "Mozilla/5.0 (compatible; YandexBot/3.0; +http://yandex.com/bots)"
65.49.20.69 - - [31/Aug/2022:16:50:31 +0200] "GET / HTTP/1.1" 301 574 "" ""
87.250.224.149 - - [31/Aug/2022:16:50:51 +0200] "GET / HTTP/1.1" 200 22786 "" "Mozilla/5.0 (compatible; YandexBot/3.0; +http://yandex.com/bots)"
65.49.20.69 - - [31/Aug/2022:16:52:05 +0200] "GET / HTTP/1.1" 301 574 "" "Mozilla/5.0"
87.250.224.149 - - [31/Aug/2022:16:52:17 +0200] "GET / HTTP/1.1" 200 22786 "" "Mozilla/5.0 (compatible; YandexBot/3.0; +http://yandex.com/bots)"
87.250.224.149 - - [31/Aug/2022:16:53:14 +0200] "GET / HTTP/1.1" 200 22786 "" "Mozilla/5.0 (compatible; YandexBot/3.0; +http://yandex.com/bots)"
87.250.224.149 - - [31/Aug/2022:16:54:11 +0200] "GET / HTTP/1.1" 200 22786 "" "Mozilla/5.0 (compatible; YandexBot/3.0; +http://yandex.com/bots)"
87.250.224.149 - - [31/Aug/2022:16:55:07 +0200] "GET / HTTP/1.1" 200 22786 "" "Mozilla/5.0 (compatible; YandexBot/3.0; +http://yandex.com/bots)"
87.250.224.149 - - [31/Aug/2022:16:56:05 +0200] "GET / HTTP/1.1" 200 22786 "" "Mozilla/5.0 (compatible; YandexBot/3.0; +http://yandex.com/bots)"
87.250.224.149 - - [31/Aug/2022:16:57:04 +0200] "GET / HTTP/1.1" 200 22786 "" "Mozilla/5.0 (compatible; YandexBot/3.0; +http://yandex.com/bots)"
87.250.224.149 - - [31/Aug/2022:16:58:05 +0200] "GET / HTTP/1.1" 200 22786 "" "Mozilla/5.0 (compatible; YandexBot/3.0; +http://yandex.com/bots)"
87.250.224.149 - - [31/Aug/2022:16:59:05 +0200] "GET / HTTP/1.1" 200 22786 "" "Mozilla/5.0 (compatible; YandexBot/3.0; +http://yandex.com/bots)"
87.250.224.149 - - [31/Aug/2022:17:00:19 +0200] "GET / HTTP/1.1" 200 22786 "" "Mozilla/5.0 (compatible; YandexBot/3.0; +http://yandex.com/bots)"
87.250.224.149 - - [31/Aug/2022:17:01:17 +0200] "GET / HTTP/1.1" 200 22786 "" "Mozilla/5.0 (compatible; YandexBot/3.0; +http://yandex.com/bots)"
87.250.224.149 - - [31/Aug/2022:17:02:11 +0200] "GET / HTTP/1.1" 200 22786 "" "Mozilla/5.0 (compatible; YandexBot/3.0; +http://yandex.com/bots)"
87.250.224.149 - - [31/Aug/2022:17:03:07 +0200] "GET / HTTP/1.1" 200 22786 "" "Mozilla/5.0 (compatible; YandexBot/3.0; +http://yandex.com/bots)"
87.250.224.149 - - [31/Aug/2022:17:04:07 +0200] "GET / HTTP/1.1" 200 22786 "" "Mozilla/5.0 (compatible; YandexBot/3.0; +http://yandex.com/bots)"
87.250.224.149 - - [31/Aug/2022:17:05:27 +0200] "GET / HTTP/1.1" 200 22786 "" "Mozilla/5.0 (compatible; YandexBot/3.0; +http://yandex.com/bots)"
87.250.224.149 - - [31/Aug/2022:17:06:28 +0200] "GET / HTTP/1.1" 200 22786 "" "Mozilla/5.0 (compatible; YandexBot/3.0; +http://yandex.com/bots)"
87.250.224.149 - - [31/Aug/2022:17:07:43 +0200] "GET / HTTP/1.1" 200 22786 "" "Mozilla/5.0 (compatible; YandexBot/3.0; +http://yandex.com/bots)"
5.45.207.115 - - [31/Aug/2022:17:09:51 +0200] "GET / HTTP/1.1" 200 22786 "" "Mozilla/5.0 (compatible; YandexBot/3.0; +http://yandex.com/bots)"
141.8.142.77 - - [31/Aug/2022:17:11:07 +0200] "GET / HTTP/1.1" 200 22786 "" "Mozilla/5.0 (compatible; YandexBot/3.0; +http://yandex.com/bots)"
87.250.224.149 - - [31/Aug/2022:17:12:19 +0200] "GET / HTTP/1.1" 200 22786 "" "Mozilla/5.0 (compatible; YandexBot/3.0; +http://yandex.com/bots)"
87.250.224.149 - - [31/Aug/2022:17:13:33 +0200] "GET / HTTP/1.1" 200 22786 "" "Mozilla/5.0 (compatible; YandexBot/3.0; +http://yandex.com/bots)"
114.119.155.180 - - [31/Aug/2022:17:13:54 +0200] "GET /o-nas/o-bremer HTTP/1.1" 200 14862 "http://www.bremer.com.pl/uslugi/interim-management" "Mozilla/5.0 (Linux; Android 7.0;) AppleWebKit/537.36 (KHTML, like Gecko) Mobile Safari/537.36 (compatible; PetalBot;+https://webmaster.petalsearch.com/site/petalbot)"
45.95.55.206 - - [31/Aug/2022:17:14:35 +0200] "GET / HTTP/1.1" 301 574 "" ""
45.95.55.206 - - [31/Aug/2022:17:14:35 +0200] "POST /HNAP1/ HTTP/1.1" 301 580 "" "Mozila/5.0"
87.250.224.149 - - [31/Aug/2022:17:14:44 +0200] "GET / HTTP/1.1" 200 22786 "" "Mozilla/5.0 (compatible; YandexBot/3.0; +http://yandex.com/bots)"
154.54.249.208 - - [31/Aug/2022:17:15:13 +0200] "GET /robots.txt HTTP/1.1" 200 12466 "" "Mozilla/5.0 (compatible; Barkrowler/0.9; +https://babbar.tech/crawler)"
87.250.224.149 - - [31/Aug/2022:17:15:48 +0200] "GET / HTTP/1.1" 200 22786 "" "Mozilla/5.0 (compatible; YandexBot/3.0; +http://yandex.com/bots)"
154.54.249.208 - - [31/Aug/2022:17:15:54 +0200] "GET /contact HTTP/1.1" 200 16498 "" "Mozilla/5.0 (compatible; Barkrowler/0.9; +https://babbar.tech/crawler)"
154.54.249.208 - - [31/Aug/2022:17:16:37 +0200] "GET /robots.txt HTTP/1.1" 200 12466 "" "Mozilla/5.0 (compatible; Barkrowler/0.9; +https://babbar.tech/crawler)"
154.54.249.208 - - [31/Aug/2022:17:17:17 +0200] "GET /en HTTP/1.1" 200 21946 "" "Mozilla/5.0 (compatible; Barkrowler/0.9; +https://babbar.tech/crawler)"
87.250.224.149 - - [31/Aug/2022:17:17:24 +0200] "GET / HTTP/1.1" 200 22786 "" "Mozilla/5.0 (compatible; YandexBot/3.0; +http://yandex.com/bots)"
154.54.249.208 - - [31/Aug/2022:17:18:02 +0200] "GET /pl HTTP/1.1" 200 22790 "" "Mozilla/5.0 (compatible; Barkrowler/0.9; +https://babbar.tech/crawler)"
87.250.224.149 - - [31/Aug/2022:17:18:27 +0200] "GET / HTTP/1.1" 200 22786 "" "Mozilla/5.0 (compatible; YandexBot/3.0; +http://yandex.com/bots)"
154.54.249.208 - - [31/Aug/2022:17:18:38 +0200] "GET /kontakt HTTP/1.1" 200 16841 "" "Mozilla/5.0 (compatible; Barkrowler/0.9; +https://babbar.tech/crawler)"
154.54.249.208 - - [31/Aug/2022:17:19:23 +0200] "GET /privacy-policy HTTP/1.1" 200 20268 "" "Mozilla/5.0 (compatible; Barkrowler/0.9; +https://babbar.tech/crawler)"
87.250.224.149 - - [31/Aug/2022:17:19:32 +0200] "GET / HTTP/1.1" 200 22786 "" "Mozilla/5.0 (compatible; YandexBot/3.0; +http://yandex.com/bots)"
154.54.249.208 - - [31/Aug/2022:17:20:06 +0200] "GET /about-us/management HTTP/1.1" 200 13633 "" "Mozilla/5.0 (compatible; Barkrowler/0.9; +https://babbar.tech/crawler)"
87.250.224.149 - - [31/Aug/2022:17:20:41 +0200] "GET / HTTP/1.1" 200 22786 "" "Mozilla/5.0 (compatible; YandexBot/3.0; +http://yandex.com/bots)"
154.54.249.208 - - [31/Aug/2022:17:20:46 +0200] "GET /o-nas/zarzad HTTP/1.1" 200 13935 "" "Mozilla/5.0 (compatible; Barkrowler/0.9; +https://babbar.tech/crawler)"
154.54.249.208 - - [31/Aug/2022:17:21:31 +0200] "GET /career/recruitment HTTP/1.1" 200 20176 "" "Mozilla/5.0 (compatible; Barkrowler/0.9; +https://babbar.tech/crawler)"
87.250.224.149 - - [31/Aug/2022:17:21:46 +0200] "GET / HTTP/1.1" 200 22786 "" "Mozilla/5.0 (compatible; YandexBot/3.0; +http://yandex.com/bots)"
154.54.249.208 - - [31/Aug/2022:17:22:07 +0200] "GET /industries/insurance HTTP/1.1" 200 14254 "" "Mozilla/5.0 (compatible; Barkrowler/0.9; +https://babbar.tech/crawler)"
87.250.224.149 - - [31/Aug/2022:17:22:55 +0200] "GET / HTTP/1.1" 200 22786 "" "Mozilla/5.0 (compatible; YandexBot/3.0; +http://yandex.com/bots)"
154.54.249.208 - - [31/Aug/2022:17:22:56 +0200] "GET /o-nas/o-bremer HTTP/1.1" 200 14862 "" "Mozilla/5.0 (compatible; Barkrowler/0.9; +https://babbar.tech/crawler)"
154.54.249.208 - - [31/Aug/2022:17:23:36 +0200] "GET /uslugi/project-management HTTP/1.1" 200 16059 "" "Mozilla/5.0 (compatible; Barkrowler/0.9; +https://babbar.tech/crawler)"
87.250.224.149 - - [31/Aug/2022:17:24:01 +0200] "GET / HTTP/1.1" 200 22786 "" "Mozilla/5.0 (compatible; YandexBot/3.0; +http://yandex.com/bots)"
154.54.249.208 - - [31/Aug/2022:17:24:13 +0200] "GET /about-us/about-bremer HTTP/1.1" 200 14541 "" "Mozilla/5.0 (compatible; Barkrowler/0.9; +https://babbar.tech/crawler)"
154.54.249.208 - - [31/Aug/2022:17:25:00 +0200] "GET /uslugi/interim-management HTTP/1.1" 200 15924 "" "Mozilla/5.0 (compatible; Barkrowler/0.9; +https://babbar.tech/crawler)"
87.250.224.149 - - [31/Aug/2022:17:25:08 +0200] "GET / HTTP/1.1" 200 22786 "" "Mozilla/5.0 (compatible; YandexBot/3.0; +http://yandex.com/bots)"
154.54.249.208 - - [31/Aug/2022:17:25:42 +0200] "GET /industries/other-industries HTTP/1.1" 200 13515 "" "Mozilla/5.0 (compatible; Barkrowler/0.9; +https://babbar.tech/crawler)"
87.250.224.149 - - [31/Aug/2022:17:26:18 +0200] "GET / HTTP/1.1" 200 22786 "" "Mozilla/5.0 (compatible; YandexBot/3.0; +http://yandex.com/bots)"
154.54.249.208 - - [31/Aug/2022:17:26:31 +0200] "GET /polityka-prywatnosci HTTP/1.1" 200 22126 "" "Mozilla/5.0 (compatible; Barkrowler/0.9; +https://babbar.tech/crawler)"
149.18.24.220 - - [31/Aug/2022:17:27:05 +0200] "GET /.env HTTP/1.1" 301 578 "" "Mozilla/5.0 (Linux; U; Android 4.4.2; en-US; HM NOTE 1W Build/KOT49H) AppleWebKit/534.30 (KHTML, like Gecko) Version/4.0 UCBrowser/11.0.5.850 U3/0.8.0 Mobile Safari/534.30"
154.54.249.208 - - [31/Aug/2022:17:27:07 +0200] "GET /services/project-management-1 HTTP/1.1" 200 15569 "" "Mozilla/5.0 (compatible; Barkrowler/0.9; +https://babbar.tech/crawler)"
149.18.24.220 - - [31/Aug/2022:17:27:07 +0200] "POST / HTTP/1.1" 301 574 "" "Mozilla/5.0 (Linux; U; Android 4.4.2; en-US; HM NOTE 1W Build/KOT49H) AppleWebKit/534.30 (KHTML, like Gecko) Version/4.0 UCBrowser/11.0.5.850 U3/0.8.0 Mobile Safari/534.30"
87.250.224.149 - - [31/Aug/2022:17:27:31 +0200] "GET / HTTP/1.1" 200 22786 "" "Mozilla/5.0 (compatible; YandexBot/3.0; +http://yandex.com/bots)"
154.54.249.208 - - [31/Aug/2022:17:27:51 +0200] "GET /branze/ubezpieczenia HTTP/1.1" 200 14655 "" "Mozilla/5.0 (compatible; Barkrowler/0.9; +https://babbar.tech/crawler)"
154.54.249.208 - - [31/Aug/2022:17:28:34 +0200] "GET /robots.txt HTTP/1.1" 200 12466 "" "Mozilla/5.0 (compatible; Barkrowler/0.9; +https://babbar.tech/crawler)"
87.250.224.149 - - [31/Aug/2022:17:28:46 +0200] "GET / HTTP/1.1" 200 22786 "" "Mozilla/5.0 (compatible; YandexBot/3.0; +http://yandex.com/bots)"
154.54.249.208 - - [31/Aug/2022:17:29:14 +0200] "GET /services/interim-management-1 HTTP/1.1" 200 15437 "" "Mozilla/5.0 (compatible; Barkrowler/0.9; +https://babbar.tech/crawler)"
87.250.224.149 - - [31/Aug/2022:17:29:47 +0200] "GET / HTTP/1.1" 200 22786 "" "Mozilla/5.0 (compatible; YandexBot/3.0; +http://yandex.com/bots)"
154.54.249.208 - - [31/Aug/2022:17:29:57 +0200] "GET /industries/insurance/our-experience HTTP/1.1" 200 20206 "" "Mozilla/5.0 (compatible; Barkrowler/0.9; +https://babbar.tech/crawler)"
154.54.249.208 - - [31/Aug/2022:17:30:38 +0200] "GET /kariera/rekrutacja HTTP/1.1" 200 24260 "" "Mozilla/5.0 (compatible; Barkrowler/0.9; +https://babbar.tech/crawler)"
87.250.224.149 - - [31/Aug/2022:17:30:50 +0200] "GET / HTTP/1.1" 200 22786 "" "Mozilla/5.0 (compatible; YandexBot/3.0; +http://yandex.com/bots)"
154.54.249.208 - - [31/Aug/2022:17:31:22 +0200] "GET /industries/electronic-payments-and-banking HTTP/1.1" 200 13968 "" "Mozilla/5.0 (compatible; Barkrowler/0.9; +https://babbar.tech/crawler)"
87.250.224.149 - - [31/Aug/2022:17:31:47 +0200] "GET / HTTP/1.1" 200 22786 "" "Mozilla/5.0 (compatible; YandexBot/3.0; +http://yandex.com/bots)"
154.54.249.208 - - [31/Aug/2022:17:32:03 +0200] "GET /industries/insurance/our-experience/page_1 HTTP/1.1" 200 20206 "" "Mozilla/5.0 (compatible; Barkrowler/0.9; +https://babbar.tech/crawler)"
87.250.224.149 - - [31/Aug/2022:17:32:45 +0200] "GET / HTTP/1.1" 200 22786 "" "Mozilla/5.0 (compatible; YandexBot/3.0; +http://yandex.com/bots)"
154.54.249.208 - - [31/Aug/2022:17:32:46 +0200] "GET /industries/insurance/our-experience/page_2 HTTP/1.1" 200 16403 "" "Mozilla/5.0 (compatible; Barkrowler/0.9; +https://babbar.tech/crawler)"
154.54.249.208 - - [31/Aug/2022:17:33:28 +0200] "GET /services/audits-in-the-project-management-area HTTP/1.1" 200 15372 "" "Mozilla/5.0 (compatible; Barkrowler/0.9; +https://babbar.tech/crawler)"
87.250.224.149 - - [31/Aug/2022:17:33:41 +0200] "GET / HTTP/1.1" 200 22786 "" "Mozilla/5.0 (compatible; YandexBot/3.0; +http://yandex.com/bots)"
154.54.249.208 - - [31/Aug/2022:17:34:10 +0200] "GET /branze/pozostale-branze HTTP/1.1" 200 13908 "" "Mozilla/5.0 (compatible; Barkrowler/0.9; +https://babbar.tech/crawler)"
114.119.147.113 - - [31/Aug/2022:17:34:33 +0200] "GET /career/recruitment HTTP/1.1" 200 20176 "http://www.bremer.com.pl/industries/electronic-payments-and-banking" "Mozilla/5.0 (Linux; Android 7.0;) AppleWebKit/537.36 (KHTML, like Gecko) Mobile Safari/537.36 (compatible; PetalBot;+https://webmaster.petalsearch.com/site/petalbot)"
87.250.224.149 - - [31/Aug/2022:17:34:38 +0200] "GET / HTTP/1.1" 200 22786 "" "Mozilla/5.0 (compatible; YandexBot/3.0; +http://yandex.com/bots)"
154.54.249.208 - - [31/Aug/2022:17:34:51 +0200] "GET /services/management-consulting-and-process-optimization HTTP/1.1" 200 15809 "" "Mozilla/5.0 (compatible; Barkrowler/0.9; +https://babbar.tech/crawler)"
154.54.249.208 - - [31/Aug/2022:17:35:33 +0200] "GET /industries/electronic-payments-and-banking/experience HTTP/1.1" 200 17887 "" "Mozilla/5.0 (compatible; Barkrowler/0.9; +https://babbar.tech/crawler)"
87.250.224.149 - - [31/Aug/2022:17:35:57 +0200] "GET / HTTP/1.1" 200 22786 "" "Mozilla/5.0 (compatible; YandexBot/3.0; +http://yandex.com/bots)"
154.54.249.208 - - [31/Aug/2022:17:36:16 +0200] "GET /services/project-management-1/starting-projects-and-programs HTTP/1.1" 200 16627 "" "Mozilla/5.0 (compatible; Barkrowler/0.9; +https://babbar.tech/crawler)"
87.250.224.149 - - [31/Aug/2022:17:36:47 +0200] "GET / HTTP/1.1" 200 22786 "" "Mozilla/5.0 (compatible; YandexBot/3.0; +http://yandex.com/bots)"
154.54.249.208 - - [31/Aug/2022:17:37:06 +0200] "GET /services/project-management-1/managing-projects-and-programs HTTP/1.1" 200 17060 "" "Mozilla/5.0 (compatible; Barkrowler/0.9; +https://babbar.tech/crawler)"
87.250.224.149 - - [31/Aug/2022:17:37:41 +0200] "GET / HTTP/1.1" 200 22786 "" "Mozilla/5.0 (compatible; YandexBot/3.0; +http://yandex.com/bots)"
154.54.249.208 - - [31/Aug/2022:17:37:44 +0200] "GET /uslugi/audyty-w-obszarze-project-management HTTP/1.1" 200 15826 "" "Mozilla/5.0 (compatible; Barkrowler/0.9; +https://babbar.tech/crawler)"
20.227.160.104 - - [31/Aug/2022:17:38:25 +0200] "GET /.env HTTP/1.1" 301 578 "" "Mozilla/5.0 (X11; Linux x86_64) AppleWebKit/537.36 (KHTML, like Gecko) Chrome/81.0.4044.129 Safari/537.36"
20.227.160.104 - - [31/Aug/2022:17:38:26 +0200] "POST / HTTP/1.1" 301 574 "" "Mozilla/5.0 (X11; Linux x86_64) AppleWebKit/537.36 (KHTML, like Gecko) Chrome/81.0.4044.129 Safari/537.36"
154.54.249.208 - - [31/Aug/2022:17:38:29 +0200] "GET /services/project-management-1/rescuing-troubled-projects HTTP/1.1" 200 17807 "" "Mozilla/5.0 (compatible; Barkrowler/0.9; +https://babbar.tech/crawler)"
87.250.224.149 - - [31/Aug/2022:17:38:34 +0200] "GET / HTTP/1.1" 200 22786 "" "Mozilla/5.0 (compatible; YandexBot/3.0; +http://yandex.com/bots)"
154.54.249.208 - - [31/Aug/2022:17:39:13 +0200] "GET /branze/platnosci-elektroniczne-i-bankowosc HTTP/1.1" 200 14353 "" "Mozilla/5.0 (compatible; Barkrowler/0.9; +https://babbar.tech/crawler)"
87.250.224.149 - - [31/Aug/2022:17:39:52 +0200] "GET / HTTP/1.1" 200 22786 "" "Mozilla/5.0 (compatible; YandexBot/3.0; +http://yandex.com/bots)"
154.54.249.208 - - [31/Aug/2022:17:39:53 +0200] "GET /uslugi/project-management/ratowanie-projektow-zagrozonych HTTP/1.1" 200 19482 "" "Mozilla/5.0 (compatible; Barkrowler/0.9; +https://babbar.tech/crawler)"
154.54.249.208 - - [31/Aug/2022:17:40:44 +0200] "GET /robots.txt HTTP/1.1" 200 12466 "" "Mozilla/5.0 (compatible; Barkrowler/0.9; +https://babbar.tech/crawler)"
87.250.224.149 - - [31/Aug/2022:17:41:10 +0200] "GET / HTTP/1.1" 200 22786 "" "Mozilla/5.0 (compatible; YandexBot/3.0; +http://yandex.com/bots)"
154.54.249.208 - - [31/Aug/2022:17:41:21 +0200] "GET /uslugi/project-management/zarzadzanie-projektami-i-programami HTTP/1.1" 200 19409 "" "Mozilla/5.0 (compatible; Barkrowler/0.9; +https://babbar.tech/crawler)"
87.250.224.149 - - [31/Aug/2022:17:42:01 +0200] "GET / HTTP/1.1" 200 22786 "" "Mozilla/5.0 (compatible; YandexBot/3.0; +http://yandex.com/bots)"
154.54.249.208 - - [31/Aug/2022:17:42:12 +0200] "GET /uslugi/project-management/uruchamianie-projektow-i-programow HTTP/1.1" 200 17368 "" "Mozilla/5.0 (compatible; Barkrowler/0.9; +https://babbar.tech/crawler)"
87.250.224.149 - - [31/Aug/2022:17:42:53 +0200] "GET / HTTP/1.1" 200 22786 "" "Mozilla/5.0 (compatible; YandexBot/3.0; +http://yandex.com/bots)"
154.54.249.208 - - [31/Aug/2022:17:43:04 +0200] "GET /services/management-consulting-and-process-optimization/mapping-and-optimization-of-processes HTTP/1.1" 200 16185 "" "Mozilla/5.0 (compatible; Barkrowler/0.9; +https://babbar.tech/crawler)"
154.54.249.208 - - [31/Aug/2022:17:43:35 +0200] "GET /services/management-consulting-and-process-optimization/creation-and-organization-of-project-management-offices HTTP/1.1" 200 16208 "" "Mozilla/5.0 (compatible; Barkrowler/0.9; +https://babbar.tech/crawler)"
87.250.224.149 - - [31/Aug/2022:17:44:19 +0200] "GET / HTTP/1.1" 200 22786 "" "Mozilla/5.0 (compatible; YandexBot/3.0; +http://yandex.com/bots)"
154.54.249.208 - - [31/Aug/2022:17:44:28 +0200] "GET /branze/platnosci-elektroniczne-i-bankowosc/doswiadczenie-1 HTTP/1.1" 200 18146 "" "Mozilla/5.0 (compatible; Barkrowler/0.9; +https://babbar.tech/crawler)"
154.54.249.208 - - [31/Aug/2022:17:45:05 +0200] "GET /services/management-consulting-and-process-optimization/consulting-on-the-implementation-of-management-tools HTTP/1.1" 200 15980 "" "Mozilla/5.0 (compatible; Barkrowler/0.9; +https://babbar.tech/crawler)"
87.250.224.149 - - [31/Aug/2022:17:45:15 +0200] "GET / HTTP/1.1" 200 22786 "" "Mozilla/5.0 (compatible; YandexBot/3.0; +http://yandex.com/bots)"
154.54.249.208 - - [31/Aug/2022:17:45:49 +0200] "GET /uslugi/doradztwo-w-zakresie-zarzadzania-i-optymalizacji-procesow HTTP/1.1" 200 16327 "" "Mozilla/5.0 (compatible; Barkrowler/0.9; +https://babbar.tech/crawler)"
87.250.224.149 - - [31/Aug/2022:17:46:09 +0200] "GET / HTTP/1.1" 200 22786 "" "Mozilla/5.0 (compatible; YandexBot/3.0; +http://yandex.com/bots)"
154.54.249.208 - - [31/Aug/2022:17:46:36 +0200] "GET /uslugi/doradztwo-w-zakresie-zarzadzania-i-optymalizacji-procesow/mapowanie-i-optymalizacja-procesow HTTP/1.1" 200 16793 "" "Mozilla/5.0 (compatible; Barkrowler/0.9; +https://babbar.tech/crawler)"
154.54.249.208 - - [31/Aug/2022:17:47:14 +0200] "GET /uslugi/doradztwo-w-zakresie-zarzadzania-i-optymalizacji-procesow/tworzenie-i-organizacja-biur-zarzadzania-projektami HTTP/1.1" 200 16880 "" "Mozilla/5.0 (compatible; Barkrowler/0.9; +https://babbar.tech/crawler)"
87.250.224.149 - - [31/Aug/2022:17:47:28 +0200] "GET / HTTP/1.1" 200 22786 "" "Mozilla/5.0 (compatible; YandexBot/3.0; +http://yandex.com/bots)"
154.54.249.208 - - [31/Aug/2022:17:48:07 +0200] "GET /uslugi/doradztwo-w-zakresie-zarzadzania-i-optymalizacji-procesow/doradztwo-w-zakresie-wdrazania-narzedzi-do-zarzadzania HTTP/1.1" 200 16726 "" "Mozilla/5.0 (compatible; Barkrowler/0.9; +https://babbar.tech/crawler)"
87.250.224.149 - - [31/Aug/2022:17:48:46 +0200] "GET /robots.txt HTTP/1.1" 200 12462 "" "Mozilla/5.0 (compatible; YandexBot/3.0; +http://yandex.com/bots)"
87.250.224.149 - - [31/Aug/2022:17:48:50 +0200] "GET / HTTP/1.1" 200 22786 "" "Mozilla/5.0 (compatible; YandexBot/3.0; +http://yandex.com/bots)"
87.250.224.149 - - [31/Aug/2022:17:49:42 +0200] "GET / HTTP/1.1" 200 22786 "" "Mozilla/5.0 (compatible; YandexBot/3.0; +http://yandex.com/bots)"
87.250.224.149 - - [31/Aug/2022:17:50:35 +0200] "GET / HTTP/1.1" 200 22786 "" "Mozilla/5.0 (compatible; YandexBot/3.0; +http://yandex.com/bots)"
87.250.224.149 - - [31/Aug/2022:17:51:28 +0200] "GET / HTTP/1.1" 200 22786 "" "Mozilla/5.0 (compatible; YandexBot/3.0; +http://yandex.com/bots)"
87.250.224.149 - - [31/Aug/2022:17:52:20 +0200] "GET / HTTP/1.1" 200 22786 "" "Mozilla/5.0 (compatible; YandexBot/3.0; +http://yandex.com/bots)"
87.250.224.149 - - [31/Aug/2022:17:53:58 +0200] "GET / HTTP/1.1" 200 22786 "" "Mozilla/5.0 (compatible; YandexBot/3.0; +http://yandex.com/bots)"
87.250.224.149 - - [31/Aug/2022:17:54:51 +0200] "GET / HTTP/1.1" 200 22786 "" "Mozilla/5.0 (compatible; YandexBot/3.0; +http://yandex.com/bots)"
87.250.224.149 - - [31/Aug/2022:17:56:16 +0200] "GET / HTTP/1.1" 200 22786 "" "Mozilla/5.0 (compatible; YandexBot/3.0; +http://yandex.com/bots)"
87.250.224.149 - - [31/Aug/2022:17:57:12 +0200] "GET / HTTP/1.1" 200 22786 "" "Mozilla/5.0 (compatible; YandexBot/3.0; +http://yandex.com/bots)"
87.250.224.149 - - [31/Aug/2022:17:58:08 +0200] "GET / HTTP/1.1" 200 22786 "" "Mozilla/5.0 (compatible; YandexBot/3.0; +http://yandex.com/bots)"
87.250.224.149 - - [31/Aug/2022:17:59:57 +0200] "GET / HTTP/1.1" 200 22786 "" "Mozilla/5.0 (compatible; YandexBot/3.0; +http://yandex.com/bots)"
87.250.224.149 - - [31/Aug/2022:18:01:16 +0200] "GET / HTTP/1.1" 200 22786 "" "Mozilla/5.0 (compatible; YandexBot/3.0; +http://yandex.com/bots)"
87.250.224.149 - - [31/Aug/2022:18:02:33 +0200] "GET / HTTP/1.1" 200 22786 "" "Mozilla/5.0 (compatible; YandexBot/3.0; +http://yandex.com/bots)"
87.250.224.149 - - [31/Aug/2022:18:03:31 +0200] "GET / HTTP/1.1" 200 22786 "" "Mozilla/5.0 (compatible; YandexBot/3.0; +http://yandex.com/bots)"
87.250.224.149 - - [31/Aug/2022:18:04:28 +0200] "GET / HTTP/1.1" 200 22786 "" "Mozilla/5.0 (compatible; YandexBot/3.0; +http://yandex.com/bots)"
87.250.224.149 - - [31/Aug/2022:18:05:50 +0200] "GET / HTTP/1.1" 200 22786 "" "Mozilla/5.0 (compatible; YandexBot/3.0; +http://yandex.com/bots)"
87.250.224.149 - - [31/Aug/2022:18:07:31 +0200] "GET / HTTP/1.1" 200 22786 "" "Mozilla/5.0 (compatible; YandexBot/3.0; +http://yandex.com/bots)"
87.250.224.149 - - [31/Aug/2022:18:08:30 +0200] "GET / HTTP/1.1" 200 22786 "" "Mozilla/5.0 (compatible; YandexBot/3.0; +http://yandex.com/bots)"
87.250.224.149 - - [31/Aug/2022:18:09:24 +0200] "GET / HTTP/1.1" 200 22786 "" "Mozilla/5.0 (compatible; YandexBot/3.0; +http://yandex.com/bots)"
87.250.224.149 - - [31/Aug/2022:18:10:41 +0200] "GET / HTTP/1.1" 200 22786 "" "Mozilla/5.0 (compatible; YandexBot/3.0; +http://yandex.com/bots)"
87.250.224.149 - - [31/Aug/2022:18:11:55 +0200] "GET / HTTP/1.1" 200 22786 "" "Mozilla/5.0 (compatible; YandexBot/3.0; +http://yandex.com/bots)"
87.250.224.149 - - [31/Aug/2022:18:13:07 +0200] "GET / HTTP/1.1" 200 22786 "" "Mozilla/5.0 (compatible; YandexBot/3.0; +http://yandex.com/bots)"
114.119.155.145 - - [31/Aug/2022:18:14:15 +0200] "GET /uslugi/project-management/zarzadzanie-projektami-i-programami HTTP/1.1" 200 19409 "http://www.bremer.com.pl/uslugi/interim-management" "Mozilla/5.0 (Linux; Android 7.0;) AppleWebKit/537.36 (KHTML, like Gecko) Mobile Safari/537.36 (compatible; PetalBot;+https://webmaster.petalsearch.com/site/petalbot)"
87.250.224.149 - - [31/Aug/2022:18:14:24 +0200] "GET / HTTP/1.1" 200 22786 "" "Mozilla/5.0 (compatible; YandexBot/3.0; +http://yandex.com/bots)"
87.250.224.149 - - [31/Aug/2022:18:15:24 +0200] "GET / HTTP/1.1" 200 22786 "" "Mozilla/5.0 (compatible; YandexBot/3.0; +http://yandex.com/bots)"
87.250.224.149 - - [31/Aug/2022:18:16:40 +0200] "GET / HTTP/1.1" 200 22786 "" "Mozilla/5.0 (compatible; YandexBot/3.0; +http://yandex.com/bots)"
87.250.224.149 - - [31/Aug/2022:18:17:34 +0200] "GET / HTTP/1.1" 200 22786 "" "Mozilla/5.0 (compatible; YandexBot/3.0; +http://yandex.com/bots)"
87.250.224.149 - - [31/Aug/2022:18:18:31 +0200] "GET / HTTP/1.1" 200 22786 "" "Mozilla/5.0 (compatible; YandexBot/3.0; +http://yandex.com/bots)"
87.250.224.149 - - [31/Aug/2022:18:19:25 +0200] "GET / HTTP/1.1" 200 22786 "" "Mozilla/5.0 (compatible; YandexBot/3.0; +http://yandex.com/bots)"
87.250.224.149 - - [31/Aug/2022:18:20:19 +0200] "GET / HTTP/1.1" 200 22786 "" "Mozilla/5.0 (compatible; YandexBot/3.0; +http://yandex.com/bots)"
87.250.224.149 - - [31/Aug/2022:18:21:33 +0200] "GET / HTTP/1.1" 200 22786 "" "Mozilla/5.0 (compatible; YandexBot/3.0; +http://yandex.com/bots)"
87.250.224.149 - - [31/Aug/2022:18:22:20 +0200] "GET / HTTP/1.1" 200 22786 "" "Mozilla/5.0 (compatible; YandexBot/3.0; +http://yandex.com/bots)"
87.250.224.149 - - [31/Aug/2022:18:23:13 +0200] "GET / HTTP/1.1" 200 22786 "" "Mozilla/5.0 (compatible; YandexBot/3.0; +http://yandex.com/bots)"
87.250.224.149 - - [31/Aug/2022:18:24:29 +0200] "GET / HTTP/1.1" 200 22786 "" "Mozilla/5.0 (compatible; YandexBot/3.0; +http://yandex.com/bots)"
87.250.224.149 - - [31/Aug/2022:18:25:45 +0200] "GET / HTTP/1.1" 200 22786 "" "Mozilla/5.0 (compatible; YandexBot/3.0; +http://yandex.com/bots)"
87.250.224.149 - - [31/Aug/2022:18:27:04 +0200] "GET / HTTP/1.1" 200 22786 "" "Mozilla/5.0 (compatible; YandexBot/3.0; +http://yandex.com/bots)"
87.250.224.149 - - [31/Aug/2022:18:27:54 +0200] "GET / HTTP/1.1" 200 22786 "" "Mozilla/5.0 (compatible; YandexBot/3.0; +http://yandex.com/bots)"
87.250.224.149 - - [31/Aug/2022:18:28:44 +0200] "GET / HTTP/1.1" 200 22786 "" "Mozilla/5.0 (compatible; YandexBot/3.0; +http://yandex.com/bots)"
87.250.224.149 - - [31/Aug/2022:18:30:06 +0200] "GET / HTTP/1.1" 200 22786 "" "Mozilla/5.0 (compatible; YandexBot/3.0; +http://yandex.com/bots)"
87.250.224.149 - - [31/Aug/2022:18:31:28 +0200] "GET / HTTP/1.1" 200 22786 "" "Mozilla/5.0 (compatible; YandexBot/3.0; +http://yandex.com/bots)"
87.250.224.149 - - [31/Aug/2022:18:32:19 +0200] "GET / HTTP/1.1" 200 22786 "" "Mozilla/5.0 (compatible; YandexBot/3.0; +http://yandex.com/bots)"
87.250.224.149 - - [31/Aug/2022:18:33:37 +0200] "GET / HTTP/1.1" 200 22786 "" "Mozilla/5.0 (compatible; YandexBot/3.0; +http://yandex.com/bots)"
87.250.224.149 - - [31/Aug/2022:18:34:30 +0200] "GET / HTTP/1.1" 200 22786 "" "Mozilla/5.0 (compatible; YandexBot/3.0; +http://yandex.com/bots)"
87.250.224.149 - - [31/Aug/2022:18:35:46 +0200] "GET / HTTP/1.1" 200 22786 "" "Mozilla/5.0 (compatible; YandexBot/3.0; +http://yandex.com/bots)"
87.250.224.149 - - [31/Aug/2022:18:36:45 +0200] "GET / HTTP/1.1" 200 22786 "" "Mozilla/5.0 (compatible; YandexBot/3.0; +http://yandex.com/bots)"
87.250.224.149 - - [31/Aug/2022:18:37:55 +0200] "GET / HTTP/1.1" 200 22786 "" "Mozilla/5.0 (compatible; YandexBot/3.0; +http://yandex.com/bots)"
87.250.224.149 - - [31/Aug/2022:18:39:03 +0200] "GET / HTTP/1.1" 200 22786 "" "Mozilla/5.0 (compatible; YandexBot/3.0; +http://yandex.com/bots)"
207.46.13.147 - - [31/Aug/2022:19:11:37 +0200] "GET / HTTP/1.1" 200 22786 "" "Mozilla/5.0 (compatible; bingbot/2.0; +http://www.bing.com/bingbot.htm)"
92.118.39.88 - - [31/Aug/2022:19:20:52 +0200] "GET / HTTP/1.1" 301 574 "" "Mozilla/5.0 (Windows NT 10.0; Win64; x64) AppleWebKit/537.36 (KHTML, like Gecko) Chrome/90.0.4430.85 Safari/537.36 Edg/90.0.818.46"
54.36.149.28 - - [31/Aug/2022:19:45:06 +0200] "GET /robots.txt HTTP/1.1" 200 12462 "" "Mozilla/5.0 (compatible; AhrefsBot/7.0; +http://ahrefs.com/robot/)"
54.36.148.21 - - [31/Aug/2022:19:45:07 +0200] "GET / HTTP/1.1" 200 22786 "" "Mozilla/5.0 (compatible; AhrefsBot/7.0; +http://ahrefs.com/robot/)"
51.222.253.1 - - [31/Aug/2022:19:45:11 +0200] "GET /robots.txt HTTP/1.1" 200 12462 "" "Mozilla/5.0 (compatible; AhrefsBot/7.0; +http://ahrefs.com/robot/)"
51.222.253.5 - - [31/Aug/2022:19:45:12 +0200] "GET /img/130_130_1/2_5079318.png HTTP/1.1" 200 5409 "" "Mozilla/5.0 (compatible; AhrefsBot/7.0; +http://ahrefs.com/robot/)"
51.222.253.3 - - [31/Aug/2022:19:45:13 +0200] "GET /img/130_130_1/6_9429526.png HTTP/1.1" 200 4920 "" "Mozilla/5.0 (compatible; AhrefsBot/7.0; +http://ahrefs.com/robot/)"
51.222.253.4 - - [31/Aug/2022:19:45:14 +0200] "GET /img/360_180_1/ds_1407457.jpg HTTP/1.1" 200 48650 "" "Mozilla/5.0 (compatible; AhrefsBot/7.0; +http://ahrefs.com/robot/)"
51.222.253.12 - - [31/Aug/2022:19:45:15 +0200] "GET /img/130_130_1/1_5349265.png HTTP/1.1" 200 5442 "" "Mozilla/5.0 (compatible; AhrefsBot/7.0; +http://ahrefs.com/robot/)"
51.222.253.2 - - [31/Aug/2022:19:45:15 +0200] "GET /img/467_456/czym-sie-zajmujemy_4995609_2300744_9397615.jpg HTTP/1.1" 200 59130 "" "Mozilla/5.0 (compatible; AhrefsBot/7.0; +http://ahrefs.com/robot/)"
51.222.253.12 - - [31/Aug/2022:19:45:16 +0200] "GET /img/130_130_1/5_5619451.png HTTP/1.1" 200 3684 "" "Mozilla/5.0 (compatible; AhrefsBot/7.0; +http://ahrefs.com/robot/)"
51.222.253.6 - - [31/Aug/2022:19:45:16 +0200] "GET /img/130_130_1/4_9959413.png HTTP/1.1" 200 4348 "" "Mozilla/5.0 (compatible; AhrefsBot/7.0; +http://ahrefs.com/robot/)"
51.222.253.7 - - [31/Aug/2022:19:45:17 +0200] "GET /img/130_130_1/3_7659357.png HTTP/1.1" 200 4297 "" "Mozilla/5.0 (compatible; AhrefsBot/7.0; +http://ahrefs.com/robot/)"
51.222.253.20 - - [31/Aug/2022:19:45:17 +0200] "GET /img/360_180_1/fotolia_62159340_subscription_monthly_m_8674417.jpg HTTP/1.1" 200 63359 "" "Mozilla/5.0 (compatible; AhrefsBot/7.0; +http://ahrefs.com/robot/)"
51.222.253.9 - - [31/Aug/2022:19:45:18 +0200] "GET /img/360_180_1/fotolia_100077334_8775070.jpg HTTP/1.1" 200 42745 "" "Mozilla/5.0 (compatible; AhrefsBot/7.0; +http://ahrefs.com/robot/)"
64.225.68.42 - - [31/Aug/2022:20:07:06 +0200] "GET / HTTP/1.1" 301 574 "" "Mozilla/5.0 (compatible; InternetMeasurement/1.0; +https://internet-measurement.com/)"
207.46.13.230 - - [31/Aug/2022:20:30:24 +0200] "GET /robots.txt HTTP/1.1" 200 12462 "" "Mozilla/5.0 (compatible; bingbot/2.0; +http://www.bing.com/bingbot.htm)"
207.46.13.230 - - [31/Aug/2022:20:30:24 +0200] "GET /robots.txt HTTP/1.1" 200 12462 "" "Mozilla/5.0 (compatible; bingbot/2.0; +http://www.bing.com/bingbot.htm)"
157.55.39.143 - - [31/Aug/2022:20:30:29 +0200] "GET / HTTP/1.1" 200 22786 "" "Mozilla/5.0 (compatible; bingbot/2.0; +http://www.bing.com/bingbot.htm)"
91.102.183.232 - - [31/Aug/2022:20:30:33 +0200] "GET / HTTP/1.1" 200 22786 "" "Mozilla/5.0 (Windows NT 10.0; Win64; x64; rv:104.0) Gecko/20100101 Firefox/104.0"
91.102.183.232 - - [31/Aug/2022:20:30:33 +0200] "GET /css/bootstrap.min.css HTTP/1.1" 200 122540 "http://www.bremer.pl/" "Mozilla/5.0 (Windows NT 10.0; Win64; x64; rv:104.0) Gecko/20100101 Firefox/104.0"
91.102.183.232 - - [31/Aug/2022:20:30:33 +0200] "GET /css/fonts.css HTTP/1.1" 200 32289 "http://www.bremer.pl/" "Mozilla/5.0 (Windows NT 10.0; Win64; x64; rv:104.0) Gecko/20100101 Firefox/104.0"
91.102.183.232 - - [31/Aug/2022:20:30:33 +0200] "GET /font-awesome-4.3.0/css/font-awesome.min.css HTTP/1.1" 200 23739 "http://www.bremer.pl/" "Mozilla/5.0 (Windows NT 10.0; Win64; x64; rv:104.0) Gecko/20100101 Firefox/104.0"
91.102.183.232 - - [31/Aug/2022:20:30:33 +0200] "GET /css/lemon-slider.css HTTP/1.1" 200 78207 "http://www.bremer.pl/" "Mozilla/5.0 (Windows NT 10.0; Win64; x64; rv:104.0) Gecko/20100101 Firefox/104.0"
91.102.183.232 - - [31/Aug/2022:20:30:33 +0200] "GET /css/style.css HTTP/1.1" 200 29092 "http://www.bremer.pl/" "Mozilla/5.0 (Windows NT 10.0; Win64; x64; rv:104.0) Gecko/20100101 Firefox/104.0"
91.102.183.232 - - [31/Aug/2022:20:30:33 +0200] "GET /js/bootstrap.min.js HTTP/1.1" 200 36816 "http://www.bremer.pl/" "Mozilla/5.0 (Windows NT 10.0; Win64; x64; rv:104.0) Gecko/20100101 Firefox/104.0"
91.102.183.232 - - [31/Aug/2022:20:30:33 +0200] "GET /js/skrypty.js HTTP/1.1" 200 49918 "http://www.bremer.pl/" "Mozilla/5.0 (Windows NT 10.0; Win64; x64; rv:104.0) Gecko/20100101 Firefox/104.0"
91.102.183.232 - - [31/Aug/2022:20:30:33 +0200] "GET /js/strefy/strefy.js HTTP/1.1" 200 2105 "http://www.bremer.pl/" "Mozilla/5.0 (Windows NT 10.0; Win64; x64; rv:104.0) Gecko/20100101 Firefox/104.0"
91.102.183.232 - - [31/Aug/2022:20:30:33 +0200] "GET /img/130_130_1/4_9959413.png HTTP/1.1" 200 4348 "http://www.bremer.pl/" "Mozilla/5.0 (Windows NT 10.0; Win64; x64; rv:104.0) Gecko/20100101 Firefox/104.0"
91.102.183.232 - - [31/Aug/2022:20:30:33 +0200] "GET /img/360_180_1/fotolia_62159340_subscription_monthly_m_8674417.jpg HTTP/1.1" 200 63359 "http://www.bremer.pl/" "Mozilla/5.0 (Windows NT 10.0; Win64; x64; rv:104.0) Gecko/20100101 Firefox/104.0"
91.102.183.232 - - [31/Aug/2022:20:30:33 +0200] "GET /img/130_130_1/6_9429526.png HTTP/1.1" 200 4920 "http://www.bremer.pl/" "Mozilla/5.0 (Windows NT 10.0; Win64; x64; rv:104.0) Gecko/20100101 Firefox/104.0"
91.102.183.232 - - [31/Aug/2022:20:30:33 +0200] "GET /img/360_180_1/fotolia_100077334_8775070.jpg HTTP/1.1" 200 42745 "http://www.bremer.pl/" "Mozilla/5.0 (Windows NT 10.0; Win64; x64; rv:104.0) Gecko/20100101 Firefox/104.0"
91.102.183.232 - - [31/Aug/2022:20:30:33 +0200] "GET /img/360_180_1/ds_1407457.jpg HTTP/1.1" 200 48650 "http://www.bremer.pl/" "Mozilla/5.0 (Windows NT 10.0; Win64; x64; rv:104.0) Gecko/20100101 Firefox/104.0"
91.102.183.232 - - [31/Aug/2022:20:30:33 +0200] "GET /img/467_456/czym-sie-zajmujemy_4995609_2300744_9397615.jpg HTTP/1.1" 200 59130 "http://www.bremer.pl/" "Mozilla/5.0 (Windows NT 10.0; Win64; x64; rv:104.0) Gecko/20100101 Firefox/104.0"
91.102.183.232 - - [31/Aug/2022:20:30:33 +0200] "GET /css/fonts/ElegantIcons.woff HTTP/1.1" 200 63664 "http://www.bremer.pl/css/fonts.css" "Mozilla/5.0 (Windows NT 10.0; Win64; x64; rv:104.0) Gecko/20100101 Firefox/104.0"
91.102.183.232 - - [31/Aug/2022:20:30:33 +0200] "GET /img/1920_1080/fotolia_59185456_subscription_monthly_m_1950341_9581125.jpg HTTP/1.1" 200 269082 "http://www.bremer.pl/" "Mozilla/5.0 (Windows NT 10.0; Win64; x64; rv:104.0) Gecko/20100101 Firefox/104.0"
91.102.183.232 - - [31/Aug/2022:20:30:33 +0200] "GET /img/in.png HTTP/1.1" 200 16751 "http://www.bremer.pl/" "Mozilla/5.0 (Windows NT 10.0; Win64; x64; rv:104.0) Gecko/20100101 Firefox/104.0"
91.102.183.232 - - [31/Aug/2022:20:30:33 +0200] "GET /img/130_130_1/1_5349265.png HTTP/1.1" 200 5442 "http://www.bremer.pl/" "Mozilla/5.0 (Windows NT 10.0; Win64; x64; rv:104.0) Gecko/20100101 Firefox/104.0"
91.102.183.232 - - [31/Aug/2022:20:30:33 +0200] "GET /img/360_180_1/bc_5567420.jpg HTTP/1.1" 200 47520 "http://www.bremer.pl/" "Mozilla/5.0 (Windows NT 10.0; Win64; x64; rv:104.0) Gecko/20100101 Firefox/104.0"
91.102.183.232 - - [31/Aug/2022:20:30:33 +0200] "GET /img/logo.png HTTP/1.1" 200 3016 "http://www.bremer.pl/" "Mozilla/5.0 (Windows NT 10.0; Win64; x64; rv:104.0) Gecko/20100101 Firefox/104.0"
91.102.183.232 - - [31/Aug/2022:20:30:33 +0200] "GET /img/130_130_1/2_5079318.png HTTP/1.1" 200 5409 "http://www.bremer.pl/" "Mozilla/5.0 (Windows NT 10.0; Win64; x64; rv:104.0) Gecko/20100101 Firefox/104.0"
91.102.183.232 - - [31/Aug/2022:20:30:33 +0200] "GET /img/130_130_1/3_7659357.png HTTP/1.1" 200 4297 "http://www.bremer.pl/" "Mozilla/5.0 (Windows NT 10.0; Win64; x64; rv:104.0) Gecko/20100101 Firefox/104.0"
91.102.183.232 - - [31/Aug/2022:20:30:33 +0200] "GET /img/130_130_1/5_5619451.png HTTP/1.1" 200 3684 "http://www.bremer.pl/" "Mozilla/5.0 (Windows NT 10.0; Win64; x64; rv:104.0) Gecko/20100101 Firefox/104.0"
91.102.183.232 - - [31/Aug/2022:20:30:33 +0200] "GET /img/1920_1080/fotolia_122385808_obrocony-(2)_4650426.jpg HTTP/1.1" 200 540271 "http://www.bremer.pl/" "Mozilla/5.0 (Windows NT 10.0; Win64; x64; rv:104.0) Gecko/20100101 Firefox/104.0"
91.102.183.232 - - [31/Aug/2022:20:30:33 +0200] "GET /img/1920_1080/project_rescue_mirror_2593812.jpg HTTP/1.1" 200 470164 "http://www.bremer.pl/" "Mozilla/5.0 (Windows NT 10.0; Win64; x64; rv:104.0) Gecko/20100101 Firefox/104.0"
91.102.183.232 - - [31/Aug/2022:20:30:34 +0200] "GET /favicon.ico HTTP/1.1" 200 12462 "http://www.bremer.pl/" "Mozilla/5.0 (Windows NT 10.0; Win64; x64; rv:104.0) Gecko/20100101 Firefox/104.0"
91.102.183.232 - - [31/Aug/2022:20:32:06 +0200] "GET / HTTP/1.1" 200 22786 "" "Mozilla/5.0 (Windows NT 10.0; Win64; x64; rv:104.0) Gecko/20100101 Firefox/104.0"
91.102.183.232 - - [31/Aug/2022:20:32:06 +0200] "GET /css/bootstrap.min.css HTTP/1.1" 200 122540 "http://www.bremer.pl/" "Mozilla/5.0 (Windows NT 10.0; Win64; x64; rv:104.0) Gecko/20100101 Firefox/104.0"
91.102.183.232 - - [31/Aug/2022:20:32:06 +0200] "GET /font-awesome-4.3.0/css/font-awesome.min.css HTTP/1.1" 200 23739 "http://www.bremer.pl/" "Mozilla/5.0 (Windows NT 10.0; Win64; x64; rv:104.0) Gecko/20100101 Firefox/104.0"
91.102.183.232 - - [31/Aug/2022:20:32:06 +0200] "GET /css/fonts.css HTTP/1.1" 200 32289 "http://www.bremer.pl/" "Mozilla/5.0 (Windows NT 10.0; Win64; x64; rv:104.0) Gecko/20100101 Firefox/104.0"
91.102.183.232 - - [31/Aug/2022:20:32:06 +0200] "GET /css/style.css HTTP/1.1" 200 29092 "http://www.bremer.pl/" "Mozilla/5.0 (Windows NT 10.0; Win64; x64; rv:104.0) Gecko/20100101 Firefox/104.0"
91.102.183.232 - - [31/Aug/2022:20:32:06 +0200] "GET /js/strefy/strefy.js HTTP/1.1" 200 2105 "http://www.bremer.pl/" "Mozilla/5.0 (Windows NT 10.0; Win64; x64; rv:104.0) Gecko/20100101 Firefox/104.0"
91.102.183.232 - - [31/Aug/2022:20:32:06 +0200] "GET /js/bootstrap.min.js HTTP/1.1" 200 36816 "http://www.bremer.pl/" "Mozilla/5.0 (Windows NT 10.0; Win64; x64; rv:104.0) Gecko/20100101 Firefox/104.0"
91.102.183.232 - - [31/Aug/2022:20:32:06 +0200] "GET /css/lemon-slider.css HTTP/1.1" 200 78207 "http://www.bremer.pl/" "Mozilla/5.0 (Windows NT 10.0; Win64; x64; rv:104.0) Gecko/20100101 Firefox/104.0"
91.102.183.232 - - [31/Aug/2022:20:32:07 +0200] "GET /js/skrypty.js HTTP/1.1" 200 49918 "http://www.bremer.pl/" "Mozilla/5.0 (Windows NT 10.0; Win64; x64; rv:104.0) Gecko/20100101 Firefox/104.0"
91.102.183.232 - - [31/Aug/2022:20:32:07 +0200] "GET /img/360_180_1/bc_5567420.jpg HTTP/1.1" 200 47520 "http://www.bremer.pl/" "Mozilla/5.0 (Windows NT 10.0; Win64; x64; rv:104.0) Gecko/20100101 Firefox/104.0"
91.102.183.232 - - [31/Aug/2022:20:32:07 +0200] "GET /img/360_180_1/fotolia_100077334_8775070.jpg HTTP/1.1" 200 42745 "http://www.bremer.pl/" "Mozilla/5.0 (Windows NT 10.0; Win64; x64; rv:104.0) Gecko/20100101 Firefox/104.0"
91.102.183.232 - - [31/Aug/2022:20:32:07 +0200] "GET /img/130_130_1/5_5619451.png HTTP/1.1" 200 3684 "http://www.bremer.pl/" "Mozilla/5.0 (Windows NT 10.0; Win64; x64; rv:104.0) Gecko/20100101 Firefox/104.0"
91.102.183.232 - - [31/Aug/2022:20:32:07 +0200] "GET /img/130_130_1/4_9959413.png HTTP/1.1" 200 4348 "http://www.bremer.pl/" "Mozilla/5.0 (Windows NT 10.0; Win64; x64; rv:104.0) Gecko/20100101 Firefox/104.0"
91.102.183.232 - - [31/Aug/2022:20:32:07 +0200] "GET /img/360_180_1/ds_1407457.jpg HTTP/1.1" 200 48650 "http://www.bremer.pl/" "Mozilla/5.0 (Windows NT 10.0; Win64; x64; rv:104.0) Gecko/20100101 Firefox/104.0"
91.102.183.232 - - [31/Aug/2022:20:32:07 +0200] "GET /img/360_180_1/fotolia_62159340_subscription_monthly_m_8674417.jpg HTTP/1.1" 200 63359 "http://www.bremer.pl/" "Mozilla/5.0 (Windows NT 10.0; Win64; x64; rv:104.0) Gecko/20100101 Firefox/104.0"
91.102.183.232 - - [31/Aug/2022:20:32:07 +0200] "GET /font-awesome-4.3.0/fonts/fontawesome-webfont.woff2?v=4.3.0 HTTP/1.1" 200 56780 "http://www.bremer.pl/font-awesome-4.3.0/css/font-awesome.min.css" "Mozilla/5.0 (Windows NT 10.0; Win64; x64; rv:104.0) Gecko/20100101 Firefox/104.0"
91.102.183.232 - - [31/Aug/2022:20:32:07 +0200] "GET /css/fonts/ElegantIcons.woff HTTP/1.1" 200 63664 "http://www.bremer.pl/css/fonts.css" "Mozilla/5.0 (Windows NT 10.0; Win64; x64; rv:104.0) Gecko/20100101 Firefox/104.0"
91.102.183.232 - - [31/Aug/2022:20:32:07 +0200] "GET /img/logo.png HTTP/1.1" 200 3016 "http://www.bremer.pl/" "Mozilla/5.0 (Windows NT 10.0; Win64; x64; rv:104.0) Gecko/20100101 Firefox/104.0"
91.102.183.232 - - [31/Aug/2022:20:32:07 +0200] "GET /img/467_456/czym-sie-zajmujemy_4995609_2300744_9397615.jpg HTTP/1.1" 200 59130 "http://www.bremer.pl/" "Mozilla/5.0 (Windows NT 10.0; Win64; x64; rv:104.0) Gecko/20100101 Firefox/104.0"
91.102.183.232 - - [31/Aug/2022:20:32:07 +0200] "GET /img/130_130_1/1_5349265.png HTTP/1.1" 200 5442 "http://www.bremer.pl/" "Mozilla/5.0 (Windows NT 10.0; Win64; x64; rv:104.0) Gecko/20100101 Firefox/104.0"
91.102.183.232 - - [31/Aug/2022:20:32:07 +0200] "GET /img/130_130_1/3_7659357.png HTTP/1.1" 200 4297 "http://www.bremer.pl/" "Mozilla/5.0 (Windows NT 10.0; Win64; x64; rv:104.0) Gecko/20100101 Firefox/104.0"
91.102.183.232 - - [31/Aug/2022:20:32:07 +0200] "GET /img/130_130_1/2_5079318.png HTTP/1.1" 200 5409 "http://www.bremer.pl/" "Mozilla/5.0 (Windows NT 10.0; Win64; x64; rv:104.0) Gecko/20100101 Firefox/104.0"
91.102.183.232 - - [31/Aug/2022:20:32:07 +0200] "GET /img/130_130_1/6_9429526.png HTTP/1.1" 200 4920 "http://www.bremer.pl/" "Mozilla/5.0 (Windows NT 10.0; Win64; x64; rv:104.0) Gecko/20100101 Firefox/104.0"
91.102.183.232 - - [31/Aug/2022:20:32:07 +0200] "GET /img/in.png HTTP/1.1" 200 16751 "http://www.bremer.pl/" "Mozilla/5.0 (Windows NT 10.0; Win64; x64; rv:104.0) Gecko/20100101 Firefox/104.0"
91.102.183.232 - - [31/Aug/2022:20:32:07 +0200] "GET /img/1920_1080/fotolia_59185456_subscription_monthly_m_1950341_9581125.jpg HTTP/1.1" 200 269082 "http://www.bremer.pl/" "Mozilla/5.0 (Windows NT 10.0; Win64; x64; rv:104.0) Gecko/20100101 Firefox/104.0"
91.102.183.232 - - [31/Aug/2022:20:32:07 +0200] "GET /img/1920_1080/fotolia_122385808_obrocony-(2)_4650426.jpg HTTP/1.1" 200 540271 "http://www.bremer.pl/" "Mozilla/5.0 (Windows NT 10.0; Win64; x64; rv:104.0) Gecko/20100101 Firefox/104.0"
91.102.183.232 - - [31/Aug/2022:20:32:07 +0200] "GET /img/1920_1080/project_rescue_mirror_2593812.jpg HTTP/1.1" 200 470164 "http://www.bremer.pl/" "Mozilla/5.0 (Windows NT 10.0; Win64; x64; rv:104.0) Gecko/20100101 Firefox/104.0"
91.102.183.232 - - [31/Aug/2022:20:50:21 +0200] "GET /sql HTTP/1.1" 301 582 "https://cp.home.pl/" "Mozilla/5.0 (Windows NT 10.0; Win64; x64) AppleWebKit/537.36 (KHTML, like Gecko) Chrome/104.0.0.0 Safari/537.36"
91.102.183.232 - - [31/Aug/2022:20:50:21 +0200] "GET /sql/ HTTP/1.1" 200 3842 "https://cp.home.pl/" "Mozilla/5.0 (Windows NT 10.0; Win64; x64) AppleWebKit/537.36 (KHTML, like Gecko) Chrome/104.0.0.0 Safari/537.36"
91.102.183.232 - - [31/Aug/2022:20:50:21 +0200] "GET /sql/themes/pmahomme/jquery/jquery-ui.css HTTP/1.1" 200 36566 "" "Mozilla/5.0 (Windows NT 10.0; Win64; x64) AppleWebKit/537.36 (KHTML, like Gecko) Chrome/104.0.0.0 Safari/537.36"
91.102.183.232 - - [31/Aug/2022:20:50:21 +0200] "GET /sql/js/vendor/codemirror/lib/codemirror.css?v=5.0.3 HTTP/1.1" 200 8705 "" "Mozilla/5.0 (Windows NT 10.0; Win64; x64) AppleWebKit/537.36 (KHTML, like Gecko) Chrome/104.0.0.0 Safari/537.36"
91.102.183.232 - - [31/Aug/2022:20:50:21 +0200] "GET /sql/js/vendor/codemirror/addon/hint/show-hint.css?v=5.0.3 HTTP/1.1" 200 623 "" "Mozilla/5.0 (Windows NT 10.0; Win64; x64) AppleWebKit/537.36 (KHTML, like Gecko) Chrome/104.0.0.0 Safari/537.36"
91.102.183.232 - - [31/Aug/2022:20:50:21 +0200] "GET /sql/js/vendor/codemirror/addon/lint/lint.css?v=5.0.3 HTTP/1.1" 200 2999 "" "Mozilla/5.0 (Windows NT 10.0; Win64; x64) AppleWebKit/537.36 (KHTML, like Gecko) Chrome/104.0.0.0 Safari/537.36"
91.102.183.232 - - [31/Aug/2022:20:50:21 +0200] "GET /sql/themes/pmahomme/css/theme.css?v=5.0.3&nocache=4816813295ltr&server=1 HTTP/1.1" 200 100467 "" "Mozilla/5.0 (Windows NT 10.0; Win64; x64) AppleWebKit/537.36 (KHTML, like Gecko) Chrome/104.0.0.0 Safari/537.36"
91.102.183.232 - - [31/Aug/2022:20:50:21 +0200] "GET /sql/js/vendor/jquery/jquery.min.js?v=5.0.3 HTTP/1.1" 200 88145 "" "Mozilla/5.0 (Windows NT 10.0; Win64; x64) AppleWebKit/537.36 (KHTML, like Gecko) Chrome/104.0.0.0 Safari/537.36"
91.102.183.232 - - [31/Aug/2022:20:50:21 +0200] "GET /sql/js/vendor/jquery/jquery-migrate.js?v=5.0.3 HTTP/1.1" 200 19092 "" "Mozilla/5.0 (Windows NT 10.0; Win64; x64) AppleWebKit/537.36 (KHTML, like Gecko) Chrome/104.0.0.0 Safari/537.36"
91.102.183.232 - - [31/Aug/2022:20:50:21 +0200] "GET /sql/js/vendor/sprintf.js?v=5.0.3 HTTP/1.1" 200 7387 "" "Mozilla/5.0 (Windows NT 10.0; Win64; x64) AppleWebKit/537.36 (KHTML, like Gecko) Chrome/104.0.0.0 Safari/537.36"
91.102.183.232 - - [31/Aug/2022:20:50:21 +0200] "GET /sql/js/ajax.js?v=5.0.3 HTTP/1.1" 200 36837 "" "Mozilla/5.0 (Windows NT 10.0; Win64; x64) AppleWebKit/537.36 (KHTML, like Gecko) Chrome/104.0.0.0 Safari/537.36"
91.102.183.232 - - [31/Aug/2022:20:50:21 +0200] "GET /sql/js/keyhandler.js?v=5.0.3 HTTP/1.1" 200 3337 "" "Mozilla/5.0 (Windows NT 10.0; Win64; x64) AppleWebKit/537.36 (KHTML, like Gecko) Chrome/104.0.0.0 Safari/537.36"
91.102.183.232 - - [31/Aug/2022:20:50:21 +0200] "GET /sql/js/vendor/bootstrap/bootstrap.bundle.min.js?v=5.0.3 HTTP/1.1" 200 78635 "" "Mozilla/5.0 (Windows NT 10.0; Win64; x64) AppleWebKit/537.36 (KHTML, like Gecko) Chrome/104.0.0.0 Safari/537.36"
91.102.183.232 - - [31/Aug/2022:20:50:21 +0200] "GET /sql/js/vendor/jquery/jquery-ui.min.js?v=5.0.3 HTTP/1.1" 200 253681 "" "Mozilla/5.0 (Windows NT 10.0; Win64; x64) AppleWebKit/537.36 (KHTML, like Gecko) Chrome/104.0.0.0 Safari/537.36"
91.102.183.232 - - [31/Aug/2022:20:50:21 +0200] "GET /sql/js/vendor/js.cookie.js?v=5.0.3 HTTP/1.1" 200 3883 "" "Mozilla/5.0 (Windows NT 10.0; Win64; x64) AppleWebKit/537.36 (KHTML, like Gecko) Chrome/104.0.0.0 Safari/537.36"
91.102.183.232 - - [31/Aug/2022:20:50:21 +0200] "GET /sql/js/vendor/jquery/jquery.mousewheel.js?v=5.0.3 HTTP/1.1" 200 8267 "" "Mozilla/5.0 (Windows NT 10.0; Win64; x64) AppleWebKit/537.36 (KHTML, like Gecko) Chrome/104.0.0.0 Safari/537.36"
91.102.183.232 - - [31/Aug/2022:20:50:21 +0200] "GET /sql/js/vendor/jquery/jquery.event.drag-2.2.js?v=5.0.3 HTTP/1.1" 200 12832 "" "Mozilla/5.0 (Windows NT 10.0; Win64; x64) AppleWebKit/537.36 (KHTML, like Gecko) Chrome/104.0.0.0 Safari/537.36"
91.102.183.232 - - [31/Aug/2022:20:50:21 +0200] "GET /sql/js/vendor/jquery/jquery.validate.js?v=5.0.3 HTTP/1.1" 200 50690 "" "Mozilla/5.0 (Windows NT 10.0; Win64; x64) AppleWebKit/537.36 (KHTML, like Gecko) Chrome/104.0.0.0 Safari/537.36"
91.102.183.232 - - [31/Aug/2022:20:50:21 +0200] "GET /sql/js/vendor/jquery/jquery-ui-timepicker-addon.js?v=5.0.3 HTTP/1.1" 200 78475 "" "Mozilla/5.0 (Windows NT 10.0; Win64; x64) AppleWebKit/537.36 (KHTML, like Gecko) Chrome/104.0.0.0 Safari/537.36"
91.102.183.232 - - [31/Aug/2022:20:50:21 +0200] "GET /sql/js/vendor/jquery/jquery.ba-hashchange-1.3.js?v=5.0.3 HTTP/1.1" 200 16522 "" "Mozilla/5.0 (Windows NT 10.0; Win64; x64) AppleWebKit/537.36 (KHTML, like Gecko) Chrome/104.0.0.0 Safari/537.36"
91.102.183.232 - - [31/Aug/2022:20:50:22 +0200] "GET /sql/js/console.js?v=5.0.3 HTTP/1.1" 200 57024 "" "Mozilla/5.0 (Windows NT 10.0; Win64; x64) AppleWebKit/537.36 (KHTML, like Gecko) Chrome/104.0.0.0 Safari/537.36"
91.102.183.232 - - [31/Aug/2022:20:50:22 +0200] "GET /sql/js/codemirror/addon/lint/sql-lint.js?v=5.0.3 HTTP/1.1" 200 1156 "" "Mozilla/5.0 (Windows NT 10.0; Win64; x64) AppleWebKit/537.36 (KHTML, like Gecko) Chrome/104.0.0.0 Safari/537.36"
91.102.183.232 - - [31/Aug/2022:20:50:22 +0200] "GET /sql/js/vendor/codemirror/addon/lint/lint.js?v=5.0.3 HTTP/1.1" 200 8610 "" "Mozilla/5.0 (Windows NT 10.0; Win64; x64) AppleWebKit/537.36 (KHTML, like Gecko) Chrome/104.0.0.0 Safari/537.36"
91.102.183.232 - - [31/Aug/2022:20:50:22 +0200] "GET /sql/js/vendor/codemirror/addon/hint/sql-hint.js?v=5.0.3 HTTP/1.1" 200 9599 "" "Mozilla/5.0 (Windows NT 10.0; Win64; x64) AppleWebKit/537.36 (KHTML, like Gecko) Chrome/104.0.0.0 Safari/537.36"
91.102.183.232 - - [31/Aug/2022:20:50:22 +0200] "GET /sql/js/vendor/codemirror/addon/hint/show-hint.js?v=5.0.3 HTTP/1.1" 200 17378 "" "Mozilla/5.0 (Windows NT 10.0; Win64; x64) AppleWebKit/537.36 (KHTML, like Gecko) Chrome/104.0.0.0 Safari/537.36"
91.102.183.232 - - [31/Aug/2022:20:50:22 +0200] "GET /sql/js/vendor/codemirror/addon/runmode/runmode.js?v=5.0.3 HTTP/1.1" 200 2500 "" "Mozilla/5.0 (Windows NT 10.0; Win64; x64) AppleWebKit/537.36 (KHTML, like Gecko) Chrome/104.0.0.0 Safari/537.36"
91.102.183.232 - - [31/Aug/2022:20:50:22 +0200] "GET /sql/js/menu_resizer.js?v=5.0.3 HTTP/1.1" 200 8276 "" "Mozilla/5.0 (Windows NT 10.0; Win64; x64) AppleWebKit/537.36 (KHTML, like Gecko) Chrome/104.0.0.0 Safari/537.36"
91.102.183.232 - - [31/Aug/2022:20:50:22 +0200] "GET /sql/js/vendor/jquery/jquery.debounce-1.0.5.js?v=5.0.3 HTTP/1.1" 200 1169 "" "Mozilla/5.0 (Windows NT 10.0; Win64; x64) AppleWebKit/537.36 (KHTML, like Gecko) Chrome/104.0.0.0 Safari/537.36"
91.102.183.232 - - [31/Aug/2022:20:50:22 +0200] "GET /sql/js/vendor/codemirror/mode/sql/sql.js?v=5.0.3 HTTP/1.1" 200 47451 "" "Mozilla/5.0 (Windows NT 10.0; Win64; x64) AppleWebKit/537.36 (KHTML, like Gecko) Chrome/104.0.0.0 Safari/537.36"
91.102.183.232 - - [31/Aug/2022:20:50:22 +0200] "GET /sql/js/vendor/codemirror/lib/codemirror.js?v=5.0.3 HTTP/1.1" 200 395660 "" "Mozilla/5.0 (Windows NT 10.0; Win64; x64) AppleWebKit/537.36 (KHTML, like Gecko) Chrome/104.0.0.0 Safari/537.36"
91.102.183.232 - - [31/Aug/2022:20:50:22 +0200] "GET /sql/js/shortcuts_handler.js?v=5.0.3 HTTP/1.1" 200 3835 "" "Mozilla/5.0 (Windows NT 10.0; Win64; x64) AppleWebKit/537.36 (KHTML, like Gecko) Chrome/104.0.0.0 Safari/537.36"
91.102.183.232 - - [31/Aug/2022:20:50:22 +0200] "GET /sql/js/drag_drop_import.js?v=5.0.3 HTTP/1.1" 200 14528 "" "Mozilla/5.0 (Windows NT 10.0; Win64; x64) AppleWebKit/537.36 (KHTML, like Gecko) Chrome/104.0.0.0 Safari/537.36"
91.102.183.232 - - [31/Aug/2022:20:50:22 +0200] "GET /sql/js/page_settings.js?v=5.0.3 HTTP/1.1" 200 1746 "" "Mozilla/5.0 (Windows NT 10.0; Win64; x64) AppleWebKit/537.36 (KHTML, like Gecko) Chrome/104.0.0.0 Safari/537.36"
91.102.183.232 - - [31/Aug/2022:20:50:22 +0200] "GET /sql/js/common.js?v=5.0.3 HTTP/1.1" 200 4662 "" "Mozilla/5.0 (Windows NT 10.0; Win64; x64) AppleWebKit/537.36 (KHTML, like Gecko) Chrome/104.0.0.0 Safari/537.36"
91.102.183.232 - - [31/Aug/2022:20:50:22 +0200] "GET /sql/js/indexes.js?v=5.0.3 HTTP/1.1" 200 29855 "" "Mozilla/5.0 (Windows NT 10.0; Win64; x64) AppleWebKit/537.36 (KHTML, like Gecko) Chrome/104.0.0.0 Safari/537.36"
