207.46.13.147 - - [31/Aug/2022:00:02:25 +0200] "GET / HTTP/1.1" 200 22786 "" "Mozilla/5.0 (compatible; bingbot/2.0; +http://www.bing.com/bingbot.htm)"
66.249.64.83 - - [31/Aug/2022:00:07:39 +0200] "GET /robots.txt HTTP/1.1" 200 12462 "" "Mozilla/5.0 (compatible; Googlebot/2.1; +http://www.google.com/bot.html)"
66.249.64.84 - - [31/Aug/2022:00:07:39 +0200] "GET /industries/insurance/our-experience HTTP/1.1" 200 20202 "" "Mozilla/5.0 (Linux; Android 6.0.1; Nexus 5X Build/MMB29P) AppleWebKit/537.36 (KHTML, like Gecko) Chrome/104.0.5112.79 Mobile Safari/537.36 (compatible; Googlebot/2.1; +http://www.google.com/bot.html)"
176.67.82.21 - - [31/Aug/2022:00:21:22 +0200] "GET /.env HTTP/1.1" 301 578 "" "python-requests/2.28.1"
176.67.82.22 - - [31/Aug/2022:00:21:22 +0200] "GET /?%3Cplay%3Ewithme%3C/%3E HTTP/1.1" 301 598 "" "python-requests/2.28.1"
176.67.82.21 - - [31/Aug/2022:00:21:23 +0200] "POST / HTTP/1.1" 301 574 "" "python-requests/2.28.1"
176.67.82.21 - - [31/Aug/2022:00:21:24 +0200] "POST / HTTP/1.1" 301 574 "" "python-requests/2.28.1"
87.250.224.149 - - [31/Aug/2022:00:23:02 +0200] "GET /robots.txt HTTP/1.1" 200 12462 "" "Mozilla/5.0 (compatible; YandexBot/3.0; +http://yandex.com/bots)"
87.250.224.149 - - [31/Aug/2022:00:23:06 +0200] "GET / HTTP/1.1" 200 22786 "" "Mozilla/5.0 (compatible; YandexBot/3.0; +http://yandex.com/bots)"
87.250.224.149 - - [31/Aug/2022:00:25:47 +0200] "GET / HTTP/1.1" 200 22786 "" "Mozilla/5.0 (compatible; YandexBot/3.0; +http://yandex.com/bots)"
185.191.171.42 - - [31/Aug/2022:00:42:48 +0200] "GET /robots.txt HTTP/1.1" 200 12466 "" "Mozilla/5.0 (compatible; SemrushBot/7~bl; +http://www.semrush.com/bot.html)"
185.191.171.6 - - [31/Aug/2022:00:42:48 +0200] "GET /contact HTTP/1.1" 200 16498 "" "Mozilla/5.0 (compatible; SemrushBot/7~bl; +http://www.semrush.com/bot.html)"
193.46.255.199 - - [31/Aug/2022:00:46:26 +0200] "GET /Electron/download/windows/\Windows\win.ini HTTP/1.1" 301 609 "" "xfa1"
45.95.55.211 - - [31/Aug/2022:00:59:41 +0200] "GET / HTTP/1.1" 301 574 "" ""
45.95.55.211 - - [31/Aug/2022:00:59:41 +0200] "POST /HNAP1/ HTTP/1.1" 301 580 "" "Mozila/5.0"
114.119.150.33 - - [31/Aug/2022:01:03:22 +0200] "GET /robots.txt HTTP/1.1" 200 12466 "" "Mozilla/5.0 (compatible;PetalBot;+https://webmaster.petalsearch.com/site/petalbot)"
185.191.171.2 - - [31/Aug/2022:01:07:47 +0200] "GET /kontakt HTTP/1.1" 200 16841 "" "Mozilla/5.0 (compatible; SemrushBot/7~bl; +http://www.semrush.com/bot.html)"
185.191.171.38 - - [31/Aug/2022:01:11:23 +0200] "GET /uslugi/project-management HTTP/1.1" 200 16059 "" "Mozilla/5.0 (compatible; SemrushBot/7~bl; +http://www.semrush.com/bot.html)"
87.250.224.149 - - [31/Aug/2022:01:14:20 +0200] "GET / HTTP/1.1" 200 22786 "" "Mozilla/5.0 (compatible; YandexBot/3.0; +http://yandex.com/bots)"
87.250.224.149 - - [31/Aug/2022:01:16:44 +0200] "GET / HTTP/1.1" 200 22786 "" "Mozilla/5.0 (compatible; YandexBot/3.0; +http://yandex.com/bots)"
87.250.224.149 - - [31/Aug/2022:01:19:03 +0200] "GET / HTTP/1.1" 200 22786 "" "Mozilla/5.0 (compatible; YandexBot/3.0; +http://yandex.com/bots)"
157.55.39.143 - - [31/Aug/2022:01:21:30 +0200] "GET / HTTP/1.1" 200 22786 "" "Mozilla/5.0 (compatible; bingbot/2.0; +http://www.bing.com/bingbot.htm)"
87.250.224.149 - - [31/Aug/2022:01:21:39 +0200] "GET / HTTP/1.1" 200 22786 "" "Mozilla/5.0 (compatible; YandexBot/3.0; +http://yandex.com/bots)"
54.175.130.115 - - [31/Aug/2022:01:25:05 +0200] "GET / HTTP/1.1" 301 574 "" "Mozilla/5.0 (Windows NT 6.2;en-US) AppleWebKit/537.32.36 (KHTML, live Gecko) Chrome/58.0.3101.96 Safari/537.32"
87.250.224.149 - - [31/Aug/2022:01:35:25 +0200] "GET / HTTP/1.1" 200 22786 "" "Mozilla/5.0 (compatible; YandexBot/3.0; +http://yandex.com/bots)"
87.250.224.149 - - [31/Aug/2022:01:37:45 +0200] "GET / HTTP/1.1" 200 22786 "" "Mozilla/5.0 (compatible; YandexBot/3.0; +http://yandex.com/bots)"
87.250.224.149 - - [31/Aug/2022:01:43:31 +0200] "GET / HTTP/1.1" 200 22786 "" "Mozilla/5.0 (compatible; YandexBot/3.0; +http://yandex.com/bots)"
87.250.224.149 - - [31/Aug/2022:01:47:46 +0200] "GET / HTTP/1.1" 200 22786 "" "Mozilla/5.0 (compatible; YandexBot/3.0; +http://yandex.com/bots)"
87.250.224.149 - - [31/Aug/2022:01:50:05 +0200] "GET / HTTP/1.1" 200 22786 "" "Mozilla/5.0 (compatible; YandexBot/3.0; +http://yandex.com/bots)"
87.250.224.149 - - [31/Aug/2022:02:04:01 +0200] "GET / HTTP/1.1" 200 22786 "" "Mozilla/5.0 (compatible; YandexBot/3.0; +http://yandex.com/bots)"
87.250.224.149 - - [31/Aug/2022:02:06:16 +0200] "GET / HTTP/1.1" 200 22786 "" "Mozilla/5.0 (compatible; YandexBot/3.0; +http://yandex.com/bots)"
2001:470:1:332::157 - - [31/Aug/2022:02:11:18 +0200] "GET / HTTP/1.1" 301 564 "" ""
2001:470:1:332::157 - - [31/Aug/2022:02:13:16 +0200] "GET /favicon.ico HTTP/1.1" 301 592 "" "Mozilla/5.0 (Windows NT 10.0; Win64; x64) AppleWebKit/537.36 (KHTML, like Gecko) Chrome/104.0.0.0 Safari/537.36"
2001:470:1:332::164 - - [31/Aug/2022:02:15:02 +0200] "GET / HTTP/1.1" 301 581 "" "Mozilla/5.0 (Windows NT 10.0; Win64; x64) AppleWebKit/537.36 (KHTML, like Gecko) Chrome/104.0.0.0 Safari/537.36"
87.250.224.149 - - [31/Aug/2022:02:18:22 +0200] "GET /robots.txt HTTP/1.1" 200 12462 "" "Mozilla/5.0 (compatible; YandexBot/3.0; +http://yandex.com/bots)"
87.250.224.149 - - [31/Aug/2022:02:18:26 +0200] "GET / HTTP/1.1" 200 22786 "" "Mozilla/5.0 (compatible; YandexBot/3.0; +http://yandex.com/bots)"
87.250.224.149 - - [31/Aug/2022:02:33:59 +0200] "GET / HTTP/1.1" 200 22786 "" "Mozilla/5.0 (compatible; YandexBot/3.0; +http://yandex.com/bots)"
87.250.224.149 - - [31/Aug/2022:02:36:08 +0200] "GET / HTTP/1.1" 200 22786 "" "Mozilla/5.0 (compatible; YandexBot/3.0; +http://yandex.com/bots)"
45.95.55.212 - - [31/Aug/2022:02:50:53 +0200] "GET / HTTP/1.1" 301 574 "" ""
87.250.224.149 - - [31/Aug/2022:02:53:40 +0200] "GET / HTTP/1.1" 200 22786 "" "Mozilla/5.0 (compatible; YandexBot/3.0; +http://yandex.com/bots)"
92.118.39.88 - - [31/Aug/2022:02:55:57 +0200] "GET / HTTP/1.1" 301 574 "" "Mozilla/5.0 (Windows NT 10.0; Win64; x64) AppleWebKit/537.36 (KHTML, like Gecko) Chrome/90.0.4430.85 Safari/537.36 Edg/90.0.818.46"
87.250.224.149 - - [31/Aug/2022:02:56:04 +0200] "GET / HTTP/1.1" 200 22786 "" "Mozilla/5.0 (compatible; YandexBot/3.0; +http://yandex.com/bots)"
87.250.224.149 - - [31/Aug/2022:03:02:49 +0200] "GET / HTTP/1.1" 200 22786 "" "Mozilla/5.0 (compatible; YandexBot/3.0; +http://yandex.com/bots)"
176.58.124.134 - - [31/Aug/2022:03:05:24 +0200] "GET / HTTP/1.1" 301 574 "" ""
87.250.224.149 - - [31/Aug/2022:03:21:48 +0200] "GET / HTTP/1.1" 200 22786 "" "Mozilla/5.0 (compatible; YandexBot/3.0; +http://yandex.com/bots)"
87.250.224.149 - - [31/Aug/2022:03:24:09 +0200] "GET / HTTP/1.1" 200 22786 "" "Mozilla/5.0 (compatible; YandexBot/3.0; +http://yandex.com/bots)"
180.149.125.167 - - [31/Aug/2022:03:30:45 +0200] "GET /stalker_portal/server/tools/auth_simple.php HTTP/1.1" 301 617 "" "Mozilla/5.0 (Windows NT 5.1; Win64; x64) AppleWebKit/537.36 (KHTML, like Gecko) Chrome/60.0.3112.90 Safari/537.36"
185.191.171.25 - - [31/Aug/2022:03:37:19 +0200] "GET /robots.txt HTTP/1.1" 200 12462 "" "Mozilla/5.0 (compatible; SemrushBot/7~bl; +http://www.semrush.com/bot.html)"
185.191.171.35 - - [31/Aug/2022:03:37:19 +0200] "GET /industries/insurance/our-experience HTTP/1.1" 200 20202 "" "Mozilla/5.0 (compatible; SemrushBot/7~bl; +http://www.semrush.com/bot.html)"
87.250.224.149 - - [31/Aug/2022:03:52:47 +0200] "GET / HTTP/1.1" 200 22786 "" "Mozilla/5.0 (compatible; YandexBot/3.0; +http://yandex.com/bots)"
216.244.91.82 - - [31/Aug/2022:03:54:43 +0200] "GET /services/project-management-1/rescuing-troubled-projects HTTP/1.1" 200 17807 "" ""
87.250.224.149 - - [31/Aug/2022:03:57:25 +0200] "GET / HTTP/1.1" 200 22786 "" "Mozilla/5.0 (compatible; YandexBot/3.0; +http://yandex.com/bots)"
87.250.224.149 - - [31/Aug/2022:04:00:48 +0200] "GET / HTTP/1.1" 200 22786 "" "Mozilla/5.0 (compatible; YandexBot/3.0; +http://yandex.com/bots)"
92.118.39.88 - - [31/Aug/2022:04:02:42 +0200] "GET / HTTP/1.1" 301 574 "" "Mozilla/5.0 (Windows NT 10.0; Win64; x64) AppleWebKit/537.36 (KHTML, like Gecko) Chrome/90.0.4430.85 Safari/537.36 Edg/90.0.818.46"
87.250.224.149 - - [31/Aug/2022:04:02:47 +0200] "GET / HTTP/1.1" 200 22786 "" "Mozilla/5.0 (compatible; YandexBot/3.0; +http://yandex.com/bots)"
87.250.224.149 - - [31/Aug/2022:04:04:52 +0200] "GET / HTTP/1.1" 200 22786 "" "Mozilla/5.0 (compatible; YandexBot/3.0; +http://yandex.com/bots)"
37.49.229.198 - - [31/Aug/2022:04:05:34 +0200] "POST /boaform/admin/formLogin HTTP/1.1" 301 597 "http://89.161.228.192:80/admin/login.asp" "Mozilla/5.0 (X11; Ubuntu; Linux x86_64; rv:71.0) Gecko/20100101 Firefox/71.0"
87.250.224.149 - - [31/Aug/2022:04:06:53 +0200] "GET / HTTP/1.1" 200 22786 "" "Mozilla/5.0 (compatible; YandexBot/3.0; +http://yandex.com/bots)"
87.250.224.149 - - [31/Aug/2022:04:10:26 +0200] "GET / HTTP/1.1" 200 22786 "" "Mozilla/5.0 (compatible; YandexBot/3.0; +http://yandex.com/bots)"
87.250.224.149 - - [31/Aug/2022:04:12:36 +0200] "GET /robots.txt HTTP/1.1" 200 12462 "" "Mozilla/5.0 (compatible; YandexBot/3.0; +http://yandex.com/bots)"
87.250.224.149 - - [31/Aug/2022:04:12:39 +0200] "GET / HTTP/1.1" 200 22786 "" "Mozilla/5.0 (compatible; YandexBot/3.0; +http://yandex.com/bots)"
207.46.13.70 - - [31/Aug/2022:04:12:48 +0200] "GET / HTTP/1.1" 200 22790 "" "Mozilla/5.0 (compatible; bingbot/2.0; +http://www.bing.com/bingbot.htm)"
87.250.224.149 - - [31/Aug/2022:04:15:44 +0200] "GET / HTTP/1.1" 200 22786 "" "Mozilla/5.0 (compatible; YandexBot/3.0; +http://yandex.com/bots)"
87.250.224.149 - - [31/Aug/2022:04:18:46 +0200] "GET / HTTP/1.1" 200 22786 "" "Mozilla/5.0 (compatible; YandexBot/3.0; +http://yandex.com/bots)"
87.250.224.149 - - [31/Aug/2022:04:20:19 +0200] "GET / HTTP/1.1" 200 22786 "" "Mozilla/5.0 (compatible; YandexBot/3.0; +http://yandex.com/bots)"
87.250.224.149 - - [31/Aug/2022:04:22:59 +0200] "GET / HTTP/1.1" 200 22786 "" "Mozilla/5.0 (compatible; YandexBot/3.0; +http://yandex.com/bots)"
87.250.224.149 - - [31/Aug/2022:04:25:38 +0200] "GET / HTTP/1.1" 200 22786 "" "Mozilla/5.0 (compatible; YandexBot/3.0; +http://yandex.com/bots)"
87.250.224.149 - - [31/Aug/2022:04:28:15 +0200] "GET / HTTP/1.1" 200 22786 "" "Mozilla/5.0 (compatible; YandexBot/3.0; +http://yandex.com/bots)"
45.95.55.5 - - [31/Aug/2022:04:30:50 +0200] "GET / HTTP/1.1" 301 574 "" "Mozilla/5.0 (Windows NT 10.0; Win64; x64) AppleWebKit/537.36 (KHTML, like Gecko) Chrome/90.0.4430.85 Safari/537.36 Edg/90.0.818.46"
87.250.224.149 - - [31/Aug/2022:04:30:59 +0200] "GET / HTTP/1.1" 200 22786 "" "Mozilla/5.0 (compatible; YandexBot/3.0; +http://yandex.com/bots)"
87.250.224.149 - - [31/Aug/2022:04:32:04 +0200] "GET / HTTP/1.1" 200 22786 "" "Mozilla/5.0 (compatible; YandexBot/3.0; +http://yandex.com/bots)"
87.250.224.149 - - [31/Aug/2022:04:34:47 +0200] "GET / HTTP/1.1" 200 22786 "" "Mozilla/5.0 (compatible; YandexBot/3.0; +http://yandex.com/bots)"
87.250.224.149 - - [31/Aug/2022:04:35:54 +0200] "GET / HTTP/1.1" 200 22786 "" "Mozilla/5.0 (compatible; YandexBot/3.0; +http://yandex.com/bots)"
87.250.224.149 - - [31/Aug/2022:04:37:00 +0200] "GET / HTTP/1.1" 200 22786 "" "Mozilla/5.0 (compatible; YandexBot/3.0; +http://yandex.com/bots)"
194.26.228.174 - - [31/Aug/2022:04:38:08 +0200] "POST /dnscfg.cgi?dnsPrimary=128.0.104.18&dnsSecondary=128.0.104.18&dnsDynamic=0&dnsRefresh=1&dnsIfcsList= HTTP/1.1" 301 689 "" "Mozilla/5.0 (X11; Linux x86_64; rv:103.0) Gecko/20100101 Firefox/103.0 X-Middleton/1"
40.77.167.80 - - [31/Aug/2022:04:38:24 +0200] "GET / HTTP/1.1" 200 22790 "" "Mozilla/5.0 (compatible; bingbot/2.0; +http://www.bing.com/bingbot.htm)"
51.222.253.9 - - [31/Aug/2022:04:38:56 +0200] "GET /industries/insurance/our-experience/page_2 HTTP/1.1" 200 16399 "" "Mozilla/5.0 (compatible; AhrefsBot/7.0; +http://ahrefs.com/robot/)"
87.250.224.149 - - [31/Aug/2022:04:39:50 +0200] "GET / HTTP/1.1" 200 22786 "" "Mozilla/5.0 (compatible; YandexBot/3.0; +http://yandex.com/bots)"
87.250.224.149 - - [31/Aug/2022:04:42:47 +0200] "GET / HTTP/1.1" 200 22786 "" "Mozilla/5.0 (compatible; YandexBot/3.0; +http://yandex.com/bots)"
87.250.224.149 - - [31/Aug/2022:04:43:54 +0200] "GET / HTTP/1.1" 200 22786 "" "Mozilla/5.0 (compatible; YandexBot/3.0; +http://yandex.com/bots)"
87.250.224.149 - - [31/Aug/2022:04:45:01 +0200] "GET / HTTP/1.1" 200 22786 "" "Mozilla/5.0 (compatible; YandexBot/3.0; +http://yandex.com/bots)"
87.250.224.149 - - [31/Aug/2022:04:47:45 +0200] "GET / HTTP/1.1" 200 22786 "" "Mozilla/5.0 (compatible; YandexBot/3.0; +http://yandex.com/bots)"
87.250.224.149 - - [31/Aug/2022:04:48:49 +0200] "GET / HTTP/1.1" 200 22786 "" "Mozilla/5.0 (compatible; YandexBot/3.0; +http://yandex.com/bots)"
87.250.224.149 - - [31/Aug/2022:04:49:56 +0200] "GET / HTTP/1.1" 200 22786 "" "Mozilla/5.0 (compatible; YandexBot/3.0; +http://yandex.com/bots)"
87.250.224.149 - - [31/Aug/2022:04:52:41 +0200] "GET / HTTP/1.1" 200 22786 "" "Mozilla/5.0 (compatible; YandexBot/3.0; +http://yandex.com/bots)"
87.250.224.149 - - [31/Aug/2022:04:55:14 +0200] "GET / HTTP/1.1" 200 22786 "" "Mozilla/5.0 (compatible; YandexBot/3.0; +http://yandex.com/bots)"
87.250.224.149 - - [31/Aug/2022:04:57:54 +0200] "GET / HTTP/1.1" 200 22786 "" "Mozilla/5.0 (compatible; YandexBot/3.0; +http://yandex.com/bots)"
87.250.224.149 - - [31/Aug/2022:04:59:03 +0200] "GET / HTTP/1.1" 200 22786 "" "Mozilla/5.0 (compatible; YandexBot/3.0; +http://yandex.com/bots)"
87.250.224.149 - - [31/Aug/2022:05:00:12 +0200] "GET / HTTP/1.1" 200 22786 "" "Mozilla/5.0 (compatible; YandexBot/3.0; +http://yandex.com/bots)"
87.250.224.149 - - [31/Aug/2022:05:02:58 +0200] "GET / HTTP/1.1" 200 22786 "" "Mozilla/5.0 (compatible; YandexBot/3.0; +http://yandex.com/bots)"
87.250.224.149 - - [31/Aug/2022:05:05:37 +0200] "GET / HTTP/1.1" 200 22786 "" "Mozilla/5.0 (compatible; YandexBot/3.0; +http://yandex.com/bots)"
87.250.224.149 - - [31/Aug/2022:05:06:43 +0200] "GET / HTTP/1.1" 200 22786 "" "Mozilla/5.0 (compatible; YandexBot/3.0; +http://yandex.com/bots)"
87.250.224.149 - - [31/Aug/2022:05:09:26 +0200] "GET / HTTP/1.1" 200 22786 "" "Mozilla/5.0 (compatible; YandexBot/3.0; +http://yandex.com/bots)"
87.250.224.149 - - [31/Aug/2022:05:10:30 +0200] "GET / HTTP/1.1" 200 22786 "" "Mozilla/5.0 (compatible; YandexBot/3.0; +http://yandex.com/bots)"
87.250.224.149 - - [31/Aug/2022:05:13:10 +0200] "GET / HTTP/1.1" 200 22786 "" "Mozilla/5.0 (compatible; YandexBot/3.0; +http://yandex.com/bots)"
5.45.207.115 - - [31/Aug/2022:05:15:53 +0200] "GET / HTTP/1.1" 200 22786 "" "Mozilla/5.0 (compatible; YandexBot/3.0; +http://yandex.com/bots)"
87.250.224.149 - - [31/Aug/2022:05:16:52 +0200] "GET / HTTP/1.1" 200 22786 "" "Mozilla/5.0 (compatible; YandexBot/3.0; +http://yandex.com/bots)"
87.250.224.149 - - [31/Aug/2022:05:19:21 +0200] "GET / HTTP/1.1" 200 22786 "" "Mozilla/5.0 (compatible; YandexBot/3.0; +http://yandex.com/bots)"
87.250.224.149 - - [31/Aug/2022:05:20:50 +0200] "GET / HTTP/1.1" 200 22786 "" "Mozilla/5.0 (compatible; YandexBot/3.0; +http://yandex.com/bots)"
87.250.224.149 - - [31/Aug/2022:05:21:51 +0200] "GET / HTTP/1.1" 200 22786 "" "Mozilla/5.0 (compatible; YandexBot/3.0; +http://yandex.com/bots)"
87.250.224.149 - - [31/Aug/2022:05:22:53 +0200] "GET / HTTP/1.1" 200 22786 "" "Mozilla/5.0 (compatible; YandexBot/3.0; +http://yandex.com/bots)"
87.250.224.149 - - [31/Aug/2022:05:25:19 +0200] "GET / HTTP/1.1" 200 22786 "" "Mozilla/5.0 (compatible; YandexBot/3.0; +http://yandex.com/bots)"
87.250.224.149 - - [31/Aug/2022:05:27:38 +0200] "GET / HTTP/1.1" 200 22786 "" "Mozilla/5.0 (compatible; YandexBot/3.0; +http://yandex.com/bots)"
87.250.224.149 - - [31/Aug/2022:05:29:54 +0200] "GET / HTTP/1.1" 200 22786 "" "Mozilla/5.0 (compatible; YandexBot/3.0; +http://yandex.com/bots)"
87.250.224.149 - - [31/Aug/2022:05:32:23 +0200] "GET / HTTP/1.1" 200 22786 "" "Mozilla/5.0 (compatible; YandexBot/3.0; +http://yandex.com/bots)"
87.250.224.149 - - [31/Aug/2022:05:34:56 +0200] "GET / HTTP/1.1" 200 22786 "" "Mozilla/5.0 (compatible; YandexBot/3.0; +http://yandex.com/bots)"
87.250.224.149 - - [31/Aug/2022:05:37:42 +0200] "GET / HTTP/1.1" 200 22786 "" "Mozilla/5.0 (compatible; YandexBot/3.0; +http://yandex.com/bots)"
87.250.224.149 - - [31/Aug/2022:05:40:25 +0200] "GET / HTTP/1.1" 200 22786 "" "Mozilla/5.0 (compatible; YandexBot/3.0; +http://yandex.com/bots)"
87.250.224.149 - - [31/Aug/2022:05:42:44 +0200] "GET / HTTP/1.1" 200 22786 "" "Mozilla/5.0 (compatible; YandexBot/3.0; +http://yandex.com/bots)"
87.250.224.149 - - [31/Aug/2022:05:43:50 +0200] "GET / HTTP/1.1" 200 22786 "" "Mozilla/5.0 (compatible; YandexBot/3.0; +http://yandex.com/bots)"
87.250.224.149 - - [31/Aug/2022:05:44:49 +0200] "GET / HTTP/1.1" 200 22786 "" "Mozilla/5.0 (compatible; YandexBot/3.0; +http://yandex.com/bots)"
87.250.224.149 - - [31/Aug/2022:05:47:02 +0200] "GET / HTTP/1.1" 200 22786 "" "Mozilla/5.0 (compatible; YandexBot/3.0; +http://yandex.com/bots)"
87.250.224.149 - - [31/Aug/2022:05:48:03 +0200] "GET / HTTP/1.1" 200 22786 "" "Mozilla/5.0 (compatible; YandexBot/3.0; +http://yandex.com/bots)"
87.250.224.149 - - [31/Aug/2022:05:50:24 +0200] "GET / HTTP/1.1" 200 22786 "" "Mozilla/5.0 (compatible; YandexBot/3.0; +http://yandex.com/bots)"
87.250.224.149 - - [31/Aug/2022:05:51:36 +0200] "GET / HTTP/1.1" 200 22786 "" "Mozilla/5.0 (compatible; YandexBot/3.0; +http://yandex.com/bots)"
87.250.224.149 - - [31/Aug/2022:05:53:37 +0200] "GET / HTTP/1.1" 200 22786 "" "Mozilla/5.0 (compatible; YandexBot/3.0; +http://yandex.com/bots)"
87.250.224.149 - - [31/Aug/2022:05:54:45 +0200] "GET / HTTP/1.1" 200 22786 "" "Mozilla/5.0 (compatible; YandexBot/3.0; +http://yandex.com/bots)"
87.250.224.149 - - [31/Aug/2022:05:56:46 +0200] "GET / HTTP/1.1" 200 22786 "" "Mozilla/5.0 (compatible; YandexBot/3.0; +http://yandex.com/bots)"
87.250.224.149 - - [31/Aug/2022:05:58:49 +0200] "GET / HTTP/1.1" 200 22786 "" "Mozilla/5.0 (compatible; YandexBot/3.0; +http://yandex.com/bots)"
87.250.224.149 - - [31/Aug/2022:06:00:01 +0200] "GET / HTTP/1.1" 200 22786 "" "Mozilla/5.0 (compatible; YandexBot/3.0; +http://yandex.com/bots)"
87.250.224.149 - - [31/Aug/2022:06:02:05 +0200] "GET / HTTP/1.1" 200 22786 "" "Mozilla/5.0 (compatible; YandexBot/3.0; +http://yandex.com/bots)"
87.250.224.149 - - [31/Aug/2022:06:03:09 +0200] "GET / HTTP/1.1" 200 22786 "" "Mozilla/5.0 (compatible; YandexBot/3.0; +http://yandex.com/bots)"
87.250.224.149 - - [31/Aug/2022:06:05:17 +0200] "GET / HTTP/1.1" 200 22786 "" "Mozilla/5.0 (compatible; YandexBot/3.0; +http://yandex.com/bots)"
87.250.224.149 - - [31/Aug/2022:06:07:32 +0200] "GET / HTTP/1.1" 200 22786 "" "Mozilla/5.0 (compatible; YandexBot/3.0; +http://yandex.com/bots)"
87.250.224.149 - - [31/Aug/2022:06:09:44 +0200] "GET / HTTP/1.1" 200 22786 "" "Mozilla/5.0 (compatible; YandexBot/3.0; +http://yandex.com/bots)"
87.250.224.149 - - [31/Aug/2022:06:12:10 +0200] "GET / HTTP/1.1" 200 22786 "" "Mozilla/5.0 (compatible; YandexBot/3.0; +http://yandex.com/bots)"
192.241.219.187 - - [31/Aug/2022:06:14:10 +0200] "GET /ReportServer HTTP/1.1" 301 586 "" "Mozilla/5.0 zgrab/0.x"
87.250.224.149 - - [31/Aug/2022:06:14:25 +0200] "GET / HTTP/1.1" 200 22786 "" "Mozilla/5.0 (compatible; YandexBot/3.0; +http://yandex.com/bots)"
87.250.224.149 - - [31/Aug/2022:06:16:50 +0200] "GET / HTTP/1.1" 200 22786 "" "Mozilla/5.0 (compatible; YandexBot/3.0; +http://yandex.com/bots)"
87.250.224.149 - - [31/Aug/2022:06:19:23 +0200] "GET / HTTP/1.1" 200 22786 "" "Mozilla/5.0 (compatible; YandexBot/3.0; +http://yandex.com/bots)"
87.250.224.149 - - [31/Aug/2022:06:20:49 +0200] "GET / HTTP/1.1" 200 22786 "" "Mozilla/5.0 (compatible; YandexBot/3.0; +http://yandex.com/bots)"
87.250.224.149 - - [31/Aug/2022:06:22:07 +0200] "GET / HTTP/1.1" 200 22786 "" "Mozilla/5.0 (compatible; YandexBot/3.0; +http://yandex.com/bots)"
87.250.224.149 - - [31/Aug/2022:06:23:25 +0200] "GET / HTTP/1.1" 200 22786 "" "Mozilla/5.0 (compatible; YandexBot/3.0; +http://yandex.com/bots)"
87.250.224.149 - - [31/Aug/2022:06:25:52 +0200] "GET / HTTP/1.1" 200 22786 "" "Mozilla/5.0 (compatible; YandexBot/3.0; +http://yandex.com/bots)"
87.250.224.149 - - [31/Aug/2022:06:27:04 +0200] "GET / HTTP/1.1" 200 22786 "" "Mozilla/5.0 (compatible; YandexBot/3.0; +http://yandex.com/bots)"
66.249.70.135 - - [31/Aug/2022:06:27:47 +0200] "GET /robots.txt HTTP/1.1" 200 12466 "" "Mozilla/5.0 (compatible; Googlebot/2.1; +http://www.google.com/bot.html)"
66.249.70.137 - - [31/Aug/2022:06:27:47 +0200] "GET /css/lemon-slider.css HTTP/1.1" 200 78207 "http://www.bremer.com.pl/industries/insurance/our-experience/page_1" "Mozilla/5.0 (Linux; Android 6.0.1; Nexus 5X Build/MMB29P) AppleWebKit/537.36 (KHTML, like Gecko) Chrome/104.0.5112.101 Mobile Safari/537.36 (compatible; Googlebot/2.1; +http://www.google.com/bot.html)"
66.249.70.139 - - [31/Aug/2022:06:27:48 +0200] "GET /font-awesome-4.3.0/css/font-awesome.min.css HTTP/1.1" 200 23739 "http://www.bremer.com.pl/industries/insurance/our-experience/page_1" "Mozilla/5.0 (Linux; Android 6.0.1; Nexus 5X Build/MMB29P) AppleWebKit/537.36 (KHTML, like Gecko) Chrome/104.0.5112.101 Mobile Safari/537.36 (compatible; Googlebot/2.1; +http://www.google.com/bot.html)"
87.250.224.149 - - [31/Aug/2022:06:29:20 +0200] "GET / HTTP/1.1" 200 22786 "" "Mozilla/5.0 (compatible; YandexBot/3.0; +http://yandex.com/bots)"
87.250.224.149 - - [31/Aug/2022:06:30:34 +0200] "GET / HTTP/1.1" 200 22786 "" "Mozilla/5.0 (compatible; YandexBot/3.0; +http://yandex.com/bots)"
87.250.224.149 - - [31/Aug/2022:06:31:46 +0200] "GET / HTTP/1.1" 200 22786 "" "Mozilla/5.0 (compatible; YandexBot/3.0; +http://yandex.com/bots)"
66.249.64.82 - - [31/Aug/2022:06:34:03 +0200] "GET /robots.txt HTTP/1.1" 200 12462 "" "Mozilla/5.0 (compatible; Googlebot/2.1; +http://www.google.com/bot.html)"
66.249.64.84 - - [31/Aug/2022:06:34:04 +0200] "GET / HTTP/1.1" 200 22786 "" "Mozilla/5.0 (Linux; Android 6.0.1; Nexus 5X Build/MMB29P) AppleWebKit/537.36 (KHTML, like Gecko) Chrome/104.0.5112.79 Mobile Safari/537.36 (compatible; Googlebot/2.1; +http://www.google.com/bot.html)"
87.250.224.149 - - [31/Aug/2022:06:34:07 +0200] "GET / HTTP/1.1" 200 22786 "" "Mozilla/5.0 (compatible; YandexBot/3.0; +http://yandex.com/bots)"
87.250.224.149 - - [31/Aug/2022:06:36:19 +0200] "GET / HTTP/1.1" 200 22786 "" "Mozilla/5.0 (compatible; YandexBot/3.0; +http://yandex.com/bots)"
87.250.224.149 - - [31/Aug/2022:06:37:29 +0200] "GET / HTTP/1.1" 200 22786 "" "Mozilla/5.0 (compatible; YandexBot/3.0; +http://yandex.com/bots)"
87.250.224.149 - - [31/Aug/2022:06:38:35 +0200] "GET / HTTP/1.1" 200 22786 "" "Mozilla/5.0 (compatible; YandexBot/3.0; +http://yandex.com/bots)"
87.250.224.149 - - [31/Aug/2022:06:40:19 +0200] "GET / HTTP/1.1" 200 22786 "" "Mozilla/5.0 (compatible; YandexBot/3.0; +http://yandex.com/bots)"
87.250.224.149 - - [31/Aug/2022:06:42:23 +0200] "GET / HTTP/1.1" 200 22786 "" "Mozilla/5.0 (compatible; YandexBot/3.0; +http://yandex.com/bots)"
87.250.224.149 - - [31/Aug/2022:06:44:19 +0200] "GET / HTTP/1.1" 200 22786 "" "Mozilla/5.0 (compatible; YandexBot/3.0; +http://yandex.com/bots)"
87.250.224.149 - - [31/Aug/2022:06:46:16 +0200] "GET / HTTP/1.1" 200 22786 "" "Mozilla/5.0 (compatible; YandexBot/3.0; +http://yandex.com/bots)"
87.250.224.149 - - [31/Aug/2022:06:48:27 +0200] "GET / HTTP/1.1" 200 22786 "" "Mozilla/5.0 (compatible; YandexBot/3.0; +http://yandex.com/bots)"
192.241.203.147 - - [31/Aug/2022:06:49:47 +0200] "GET /login HTTP/1.1" 301 579 "" "Mozilla/5.0 zgrab/0.x"
87.250.224.149 - - [31/Aug/2022:06:50:25 +0200] "GET / HTTP/1.1" 200 22786 "" "Mozilla/5.0 (compatible; YandexBot/3.0; +http://yandex.com/bots)"
87.250.224.149 - - [31/Aug/2022:06:52:23 +0200] "GET / HTTP/1.1" 200 22786 "" "Mozilla/5.0 (compatible; YandexBot/3.0; +http://yandex.com/bots)"
87.250.224.149 - - [31/Aug/2022:06:53:43 +0200] "GET / HTTP/1.1" 200 22786 "" "Mozilla/5.0 (compatible; YandexBot/3.0; +http://yandex.com/bots)"
45.83.67.16 - - [31/Aug/2022:06:53:55 +0200] "GET / HTTP/1.1" 301 574 "" "Mozilla/5.0 (Windows NT 10.0; Win64; x64; rv:65.0) Gecko/20100101 Firefox/65.0"
87.250.224.149 - - [31/Aug/2022:06:55:10 +0200] "GET / HTTP/1.1" 200 22786 "" "Mozilla/5.0 (compatible; YandexBot/3.0; +http://yandex.com/bots)"
66.249.64.82 - - [31/Aug/2022:06:56:33 +0200] "GET / HTTP/1.1" 200 22786 "" "Mozilla/5.0 (Linux; Android 6.0.1; Nexus 5X Build/MMB29P) AppleWebKit/537.36 (KHTML, like Gecko) Chrome/104.0.5112.79 Mobile Safari/537.36 (compatible; Googlebot/2.1; +http://www.google.com/bot.html)"
87.250.224.149 - - [31/Aug/2022:06:56:49 +0200] "GET / HTTP/1.1" 200 22786 "" "Mozilla/5.0 (compatible; YandexBot/3.0; +http://yandex.com/bots)"
87.250.224.149 - - [31/Aug/2022:06:59:15 +0200] "GET / HTTP/1.1" 200 22786 "" "Mozilla/5.0 (compatible; YandexBot/3.0; +http://yandex.com/bots)"
87.250.224.149 - - [31/Aug/2022:07:01:17 +0200] "GET / HTTP/1.1" 200 22786 "" "Mozilla/5.0 (compatible; YandexBot/3.0; +http://yandex.com/bots)"
87.250.224.149 - - [31/Aug/2022:07:03:02 +0200] "GET / HTTP/1.1" 200 22786 "" "Mozilla/5.0 (compatible; YandexBot/3.0; +http://yandex.com/bots)"
87.250.224.149 - - [31/Aug/2022:07:04:40 +0200] "GET / HTTP/1.1" 200 22786 "" "Mozilla/5.0 (compatible; YandexBot/3.0; +http://yandex.com/bots)"
87.250.224.149 - - [31/Aug/2022:07:06:16 +0200] "GET / HTTP/1.1" 200 22786 "" "Mozilla/5.0 (compatible; YandexBot/3.0; +http://yandex.com/bots)"
87.250.224.149 - - [31/Aug/2022:07:07:50 +0200] "GET / HTTP/1.1" 200 22786 "" "Mozilla/5.0 (compatible; YandexBot/3.0; +http://yandex.com/bots)"
87.250.224.149 - - [31/Aug/2022:07:10:04 +0200] "GET / HTTP/1.1" 200 22786 "" "Mozilla/5.0 (compatible; YandexBot/3.0; +http://yandex.com/bots)"
87.250.224.149 - - [31/Aug/2022:07:11:37 +0200] "GET / HTTP/1.1" 200 22786 "" "Mozilla/5.0 (compatible; YandexBot/3.0; +http://yandex.com/bots)"
87.250.224.149 - - [31/Aug/2022:07:13:14 +0200] "GET / HTTP/1.1" 200 22786 "" "Mozilla/5.0 (compatible; YandexBot/3.0; +http://yandex.com/bots)"
87.250.224.149 - - [31/Aug/2022:07:15:06 +0200] "GET / HTTP/1.1" 200 22786 "" "Mozilla/5.0 (compatible; YandexBot/3.0; +http://yandex.com/bots)"
87.250.224.149 - - [31/Aug/2022:07:16:47 +0200] "GET / HTTP/1.1" 200 22786 "" "Mozilla/5.0 (compatible; YandexBot/3.0; +http://yandex.com/bots)"
87.250.224.149 - - [31/Aug/2022:07:18:29 +0200] "GET / HTTP/1.1" 200 22786 "" "Mozilla/5.0 (compatible; YandexBot/3.0; +http://yandex.com/bots)"
66.249.64.82 - - [31/Aug/2022:07:19:03 +0200] "GET /services/management-consulting-and-process-optimization/consulting-on-the-implementation-of-management-tools HTTP/1.1" 200 15976 "" "Mozilla/5.0 (Linux; Android 6.0.1; Nexus 5X Build/MMB29P) AppleWebKit/537.36 (KHTML, like Gecko) Chrome/104.0.5112.79 Mobile Safari/537.36 (compatible; Googlebot/2.1; +http://www.google.com/bot.html)"
87.250.224.149 - - [31/Aug/2022:07:20:41 +0200] "GET / HTTP/1.1" 200 22786 "" "Mozilla/5.0 (compatible; YandexBot/3.0; +http://yandex.com/bots)"
87.250.224.149 - - [31/Aug/2022:07:22:24 +0200] "GET / HTTP/1.1" 200 22786 "" "Mozilla/5.0 (compatible; YandexBot/3.0; +http://yandex.com/bots)"
51.222.253.19 - - [31/Aug/2022:07:23:19 +0200] "GET /services/project-management-1/rescuing-troubled-projects HTTP/1.1" 200 17803 "" "Mozilla/5.0 (compatible; AhrefsBot/7.0; +http://ahrefs.com/robot/)"
87.250.224.149 - - [31/Aug/2022:07:24:27 +0200] "GET / HTTP/1.1" 200 22786 "" "Mozilla/5.0 (compatible; YandexBot/3.0; +http://yandex.com/bots)"
87.250.224.149 - - [31/Aug/2022:07:26:33 +0200] "GET / HTTP/1.1" 200 22786 "" "Mozilla/5.0 (compatible; YandexBot/3.0; +http://yandex.com/bots)"
87.250.224.149 - - [31/Aug/2022:07:28:19 +0200] "GET / HTTP/1.1" 200 22786 "" "Mozilla/5.0 (compatible; YandexBot/3.0; +http://yandex.com/bots)"
87.250.224.149 - - [31/Aug/2022:07:30:24 +0200] "GET / HTTP/1.1" 200 22786 "" "Mozilla/5.0 (compatible; YandexBot/3.0; +http://yandex.com/bots)"
87.250.224.149 - - [31/Aug/2022:07:31:53 +0200] "GET / HTTP/1.1" 200 22786 "" "Mozilla/5.0 (compatible; YandexBot/3.0; +http://yandex.com/bots)"
87.250.224.149 - - [31/Aug/2022:07:33:17 +0200] "GET / HTTP/1.1" 200 22786 "" "Mozilla/5.0 (compatible; YandexBot/3.0; +http://yandex.com/bots)"
87.250.224.149 - - [31/Aug/2022:07:34:45 +0200] "GET / HTTP/1.1" 200 22786 "" "Mozilla/5.0 (compatible; YandexBot/3.0; +http://yandex.com/bots)"
87.250.224.149 - - [31/Aug/2022:07:36:06 +0200] "GET / HTTP/1.1" 200 22786 "" "Mozilla/5.0 (compatible; YandexBot/3.0; +http://yandex.com/bots)"
87.250.224.149 - - [31/Aug/2022:07:37:57 +0200] "GET / HTTP/1.1" 200 22786 "" "Mozilla/5.0 (compatible; YandexBot/3.0; +http://yandex.com/bots)"
87.250.224.149 - - [31/Aug/2022:07:39:49 +0200] "GET / HTTP/1.1" 200 22786 "" "Mozilla/5.0 (compatible; YandexBot/3.0; +http://yandex.com/bots)"
87.250.224.149 - - [31/Aug/2022:07:41:07 +0200] "GET / HTTP/1.1" 200 22786 "" "Mozilla/5.0 (compatible; YandexBot/3.0; +http://yandex.com/bots)"
66.249.64.82 - - [31/Aug/2022:07:41:33 +0200] "GET /robots.txt HTTP/1.1" 200 12462 "" "Mozilla/5.0 (compatible; Googlebot/2.1; +http://www.google.com/bot.html)"
87.250.224.149 - - [31/Aug/2022:07:42:59 +0200] "GET / HTTP/1.1" 200 22786 "" "Mozilla/5.0 (compatible; YandexBot/3.0; +http://yandex.com/bots)"
87.250.224.149 - - [31/Aug/2022:07:44:52 +0200] "GET / HTTP/1.1" 200 22786 "" "Mozilla/5.0 (compatible; YandexBot/3.0; +http://yandex.com/bots)"
87.250.224.149 - - [31/Aug/2022:07:46:46 +0200] "GET / HTTP/1.1" 200 22786 "" "Mozilla/5.0 (compatible; YandexBot/3.0; +http://yandex.com/bots)"
87.250.224.149 - - [31/Aug/2022:07:48:08 +0200] "GET / HTTP/1.1" 200 22786 "" "Mozilla/5.0 (compatible; YandexBot/3.0; +http://yandex.com/bots)"
87.250.224.149 - - [31/Aug/2022:07:49:31 +0200] "GET / HTTP/1.1" 200 22786 "" "Mozilla/5.0 (compatible; YandexBot/3.0; +http://yandex.com/bots)"
114.119.155.145 - - [31/Aug/2022:07:50:22 +0200] "GET /branze/ubezpieczenia/doswiadczenie/page_2 HTTP/1.1" 200 16624 "http://www.bremer.com.pl/branze/ubezpieczenia/doswiadczenie" "Mozilla/5.0 (Linux; Android 7.0;) AppleWebKit/537.36 (KHTML, like Gecko) Mobile Safari/537.36 (compatible; PetalBot;+https://webmaster.petalsearch.com/site/petalbot)"
87.250.224.149 - - [31/Aug/2022:07:51:27 +0200] "GET / HTTP/1.1" 200 22786 "" "Mozilla/5.0 (compatible; YandexBot/3.0; +http://yandex.com/bots)"
87.250.224.149 - - [31/Aug/2022:07:52:46 +0200] "GET / HTTP/1.1" 200 22786 "" "Mozilla/5.0 (compatible; YandexBot/3.0; +http://yandex.com/bots)"
87.250.224.149 - - [31/Aug/2022:07:54:11 +0200] "GET / HTTP/1.1" 200 22786 "" "Mozilla/5.0 (compatible; YandexBot/3.0; +http://yandex.com/bots)"
87.250.224.149 - - [31/Aug/2022:07:56:11 +0200] "GET / HTTP/1.1" 200 22786 "" "Mozilla/5.0 (compatible; YandexBot/3.0; +http://yandex.com/bots)"
87.250.224.149 - - [31/Aug/2022:07:57:28 +0200] "GET / HTTP/1.1" 200 22786 "" "Mozilla/5.0 (compatible; YandexBot/3.0; +http://yandex.com/bots)"
87.250.224.149 - - [31/Aug/2022:07:59:18 +0200] "GET / HTTP/1.1" 200 22786 "" "Mozilla/5.0 (compatible; YandexBot/3.0; +http://yandex.com/bots)"
87.250.224.149 - - [31/Aug/2022:08:01:27 +0200] "GET / HTTP/1.1" 200 22786 "" "Mozilla/5.0 (compatible; YandexBot/3.0; +http://yandex.com/bots)"
114.119.147.113 - - [31/Aug/2022:08:03:22 +0200] "GET /uslugi/project-management/ratowanie-projektow-zagrozonych HTTP/1.1" 200 19482 "http://www.bremer.com.pl/branze/platnosci-elektroniczne-i-bankowosc" "Mozilla/5.0 (Linux; Android 7.0;) AppleWebKit/537.36 (KHTML, like Gecko) Mobile Safari/537.36 (compatible; PetalBot;+https://webmaster.petalsearch.com/site/petalbot)"
87.250.224.149 - - [31/Aug/2022:08:03:26 +0200] "GET / HTTP/1.1" 200 22786 "" "Mozilla/5.0 (compatible; YandexBot/3.0; +http://yandex.com/bots)"
66.249.70.139 - - [31/Aug/2022:08:04:03 +0200] "GET /robots.txt HTTP/1.1" 200 12466 "" "Mozilla/5.0 (compatible; Googlebot/2.1; +http://www.google.com/bot.html)"
66.249.70.135 - - [31/Aug/2022:08:04:03 +0200] "GET /polityka-prywatnosci HTTP/1.1" 200 22126 "" "Mozilla/5.0 (Linux; Android 6.0.1; Nexus 5X Build/MMB29P) AppleWebKit/537.36 (KHTML, like Gecko) Chrome/104.0.5112.79 Mobile Safari/537.36 (compatible; Googlebot/2.1; +http://www.google.com/bot.html)"
87.250.224.149 - - [31/Aug/2022:08:05:22 +0200] "GET / HTTP/1.1" 200 22786 "" "Mozilla/5.0 (compatible; YandexBot/3.0; +http://yandex.com/bots)"
87.250.224.149 - - [31/Aug/2022:08:07:18 +0200] "GET / HTTP/1.1" 200 22786 "" "Mozilla/5.0 (compatible; YandexBot/3.0; +http://yandex.com/bots)"
194.26.228.174 - - [31/Aug/2022:08:07:25 +0200] "POST /dnscfg.cgi?dnsPrimary=128.0.104.18&dnsSecondary=128.0.104.18&dnsDynamic=0&dnsRefresh=1&dnsIfcsList= HTTP/1.1" 301 689 "" "Mozilla/5.0 (X11; Linux x86_64; rv:103.0) Gecko/20100101 Firefox/103.0 X-Middleton/1"
87.250.224.149 - - [31/Aug/2022:08:09:16 +0200] "GET / HTTP/1.1" 200 22786 "" "Mozilla/5.0 (compatible; YandexBot/3.0; +http://yandex.com/bots)"
87.250.224.149 - - [31/Aug/2022:08:10:28 +0200] "GET / HTTP/1.1" 200 22786 "" "Mozilla/5.0 (compatible; YandexBot/3.0; +http://yandex.com/bots)"
87.250.224.149 - - [31/Aug/2022:08:12:17 +0200] "GET / HTTP/1.1" 200 22786 "" "Mozilla/5.0 (compatible; YandexBot/3.0; +http://yandex.com/bots)"
114.119.155.145 - - [31/Aug/2022:08:13:30 +0200] "GET /services/project-management-1/managing-projects-and-programs HTTP/1.1" 200 17060 "http://www.bremer.com.pl/industries/electronic-payments-and-banking/experience" "Mozilla/5.0 (Linux; Android 7.0;) AppleWebKit/537.36 (KHTML, like Gecko) Mobile Safari/537.36 (compatible; PetalBot;+https://webmaster.petalsearch.com/site/petalbot)"
87.250.224.149 - - [31/Aug/2022:08:14:06 +0200] "GET /robots.txt HTTP/1.1" 200 12462 "" "Mozilla/5.0 (compatible; YandexBot/3.0; +http://yandex.com/bots)"
87.250.224.149 - - [31/Aug/2022:08:14:10 +0200] "GET / HTTP/1.1" 200 22786 "" "Mozilla/5.0 (compatible; YandexBot/3.0; +http://yandex.com/bots)"
87.250.224.149 - - [31/Aug/2022:08:15:19 +0200] "GET / HTTP/1.1" 200 22786 "" "Mozilla/5.0 (compatible; YandexBot/3.0; +http://yandex.com/bots)"
87.250.224.149 - - [31/Aug/2022:08:16:28 +0200] "GET / HTTP/1.1" 200 22786 "" "Mozilla/5.0 (compatible; YandexBot/3.0; +http://yandex.com/bots)"
87.250.224.149 - - [31/Aug/2022:08:18:20 +0200] "GET / HTTP/1.1" 200 22786 "" "Mozilla/5.0 (compatible; YandexBot/3.0; +http://yandex.com/bots)"
92.118.39.88 - - [31/Aug/2022:08:18:33 +0200] "GET / HTTP/1.1" 200 0 "" "Mozilla/5.0 (Windows NT 10.0; Win64; x64) AppleWebKit/537.36 (KHTML, like Gecko) Chrome/90.0.4430.85 Safari/537.36 Edg/90.0.818.46"
87.250.224.149 - - [31/Aug/2022:08:20:13 +0200] "GET / HTTP/1.1" 200 22786 "" "Mozilla/5.0 (compatible; YandexBot/3.0; +http://yandex.com/bots)"
185.191.171.38 - - [31/Aug/2022:08:21:27 +0200] "GET /robots.txt HTTP/1.1" 200 12462 "" "Mozilla/5.0 (compatible; SemrushBot/7~bl; +http://www.semrush.com/bot.html)"
185.191.171.26 - - [31/Aug/2022:08:21:27 +0200] "GET /about-us/management HTTP/1.1" 200 13629 "" "Mozilla/5.0 (compatible; SemrushBot/7~bl; +http://www.semrush.com/bot.html)"
87.250.224.149 - - [31/Aug/2022:08:21:29 +0200] "GET / HTTP/1.1" 200 22786 "" "Mozilla/5.0 (compatible; YandexBot/3.0; +http://yandex.com/bots)"
87.250.224.149 - - [31/Aug/2022:08:22:40 +0200] "GET / HTTP/1.1" 200 22786 "" "Mozilla/5.0 (compatible; YandexBot/3.0; +http://yandex.com/bots)"
87.250.224.149 - - [31/Aug/2022:08:24:23 +0200] "GET / HTTP/1.1" 200 22786 "" "Mozilla/5.0 (compatible; YandexBot/3.0; +http://yandex.com/bots)"
87.250.224.149 - - [31/Aug/2022:08:25:41 +0200] "GET / HTTP/1.1" 200 22786 "" "Mozilla/5.0 (compatible; YandexBot/3.0; +http://yandex.com/bots)"
114.119.147.113 - - [31/Aug/2022:08:25:56 +0200] "GET /uslugi/audyty-w-obszarze-project-management HTTP/1.1" 200 15826 "http://www.bremer.com.pl/branze/platnosci-elektroniczne-i-bankowosc" "Mozilla/5.0 (Linux; Android 7.0;) AppleWebKit/537.36 (KHTML, like Gecko) Mobile Safari/537.36 (compatible; PetalBot;+https://webmaster.petalsearch.com/site/petalbot)"
87.250.224.149 - - [31/Aug/2022:08:27:24 +0200] "GET / HTTP/1.1" 200 22786 "" "Mozilla/5.0 (compatible; YandexBot/3.0; +http://yandex.com/bots)"
87.250.224.149 - - [31/Aug/2022:08:29:07 +0200] "GET / HTTP/1.1" 200 22786 "" "Mozilla/5.0 (compatible; YandexBot/3.0; +http://yandex.com/bots)"
87.250.224.149 - - [31/Aug/2022:08:30:55 +0200] "GET / HTTP/1.1" 200 22786 "" "Mozilla/5.0 (compatible; YandexBot/3.0; +http://yandex.com/bots)"
37.47.102.240 - - [31/Aug/2022:08:31:32 +0200] "GET /branze/ubezpieczenia HTTP/1.1" 200 14651 "https://www.google.pl/" "Mozilla/5.0 (iPhone; CPU iPhone OS 15_6_1 like Mac OS X) AppleWebKit/605.1.15 (KHTML, like Gecko) Version/15.6.1 Mobile/15E148 Safari/604.1"
37.47.102.240 - - [31/Aug/2022:08:31:32 +0200] "GET /css/bootstrap.min.css HTTP/1.1" 200 122540 "http://www.bremer.pl/branze/ubezpieczenia" "Mozilla/5.0 (iPhone; CPU iPhone OS 15_6_1 like Mac OS X) AppleWebKit/605.1.15 (KHTML, like Gecko) Version/15.6.1 Mobile/15E148 Safari/604.1"
37.47.102.240 - - [31/Aug/2022:08:31:32 +0200] "GET /css/fonts.css HTTP/1.1" 200 32289 "http://www.bremer.pl/branze/ubezpieczenia" "Mozilla/5.0 (iPhone; CPU iPhone OS 15_6_1 like Mac OS X) AppleWebKit/605.1.15 (KHTML, like Gecko) Version/15.6.1 Mobile/15E148 Safari/604.1"
37.47.102.240 - - [31/Aug/2022:08:31:33 +0200] "GET /css/style.css HTTP/1.1" 200 29092 "http://www.bremer.pl/branze/ubezpieczenia" "Mozilla/5.0 (iPhone; CPU iPhone OS 15_6_1 like Mac OS X) AppleWebKit/605.1.15 (KHTML, like Gecko) Version/15.6.1 Mobile/15E148 Safari/604.1"
37.47.102.240 - - [31/Aug/2022:08:31:33 +0200] "GET /css/lemon-slider.css HTTP/1.1" 200 78207 "http://www.bremer.pl/branze/ubezpieczenia" "Mozilla/5.0 (iPhone; CPU iPhone OS 15_6_1 like Mac OS X) AppleWebKit/605.1.15 (KHTML, like Gecko) Version/15.6.1 Mobile/15E148 Safari/604.1"
37.47.102.240 - - [31/Aug/2022:08:31:33 +0200] "GET /font-awesome-4.3.0/css/font-awesome.min.css HTTP/1.1" 200 23739 "http://www.bremer.pl/branze/ubezpieczenia" "Mozilla/5.0 (iPhone; CPU iPhone OS 15_6_1 like Mac OS X) AppleWebKit/605.1.15 (KHTML, like Gecko) Version/15.6.1 Mobile/15E148 Safari/604.1"
37.47.102.240 - - [31/Aug/2022:08:31:33 +0200] "GET /js/bootstrap.min.js HTTP/1.1" 200 36816 "http://www.bremer.pl/branze/ubezpieczenia" "Mozilla/5.0 (iPhone; CPU iPhone OS 15_6_1 like Mac OS X) AppleWebKit/605.1.15 (KHTML, like Gecko) Version/15.6.1 Mobile/15E148 Safari/604.1"
37.47.102.240 - - [31/Aug/2022:08:31:33 +0200] "GET /js/skrypty.js HTTP/1.1" 200 49918 "http://www.bremer.pl/branze/ubezpieczenia" "Mozilla/5.0 (iPhone; CPU iPhone OS 15_6_1 like Mac OS X) AppleWebKit/605.1.15 (KHTML, like Gecko) Version/15.6.1 Mobile/15E148 Safari/604.1"
37.47.102.240 - - [31/Aug/2022:08:31:33 +0200] "GET /js/strefy/strefy.js HTTP/1.1" 200 2105 "http://www.bremer.pl/branze/ubezpieczenia" "Mozilla/5.0 (iPhone; CPU iPhone OS 15_6_1 like Mac OS X) AppleWebKit/605.1.15 (KHTML, like Gecko) Version/15.6.1 Mobile/15E148 Safari/604.1"
37.47.102.240 - - [31/Aug/2022:08:31:33 +0200] "GET /img/logo.png HTTP/1.1" 200 3016 "http://www.bremer.pl/branze/ubezpieczenia" "Mozilla/5.0 (iPhone; CPU iPhone OS 15_6_1 like Mac OS X) AppleWebKit/605.1.15 (KHTML, like Gecko) Version/15.6.1 Mobile/15E148 Safari/604.1"
37.47.102.240 - - [31/Aug/2022:08:31:33 +0200] "GET /img/in.png HTTP/1.1" 200 16751 "http://www.bremer.pl/branze/ubezpieczenia" "Mozilla/5.0 (iPhone; CPU iPhone OS 15_6_1 like Mac OS X) AppleWebKit/605.1.15 (KHTML, like Gecko) Version/15.6.1 Mobile/15E148 Safari/604.1"
37.47.102.240 - - [31/Aug/2022:08:31:33 +0200] "GET /font-awesome-4.3.0/fonts/fontawesome-webfont.woff2?v=4.3.0 HTTP/1.1" 200 56780 "http://www.bremer.pl/branze/ubezpieczenia" "Mozilla/5.0 (iPhone; CPU iPhone OS 15_6_1 like Mac OS X) AppleWebKit/605.1.15 (KHTML, like Gecko) Version/15.6.1 Mobile/15E148 Safari/604.1"
37.47.102.240 - - [31/Aug/2022:08:31:33 +0200] "GET /img/1300_400_1/insurance_header_5686953.jpg HTTP/1.1" 200 210015 "http://www.bremer.pl/branze/ubezpieczenia" "Mozilla/5.0 (iPhone; CPU iPhone OS 15_6_1 like Mac OS X) AppleWebKit/605.1.15 (KHTML, like Gecko) Version/15.6.1 Mobile/15E148 Safari/604.1"
37.47.102.240 - - [31/Aug/2022:08:31:33 +0200] "GET /css/fonts/ElegantIcons.woff HTTP/1.1" 200 63664 "http://www.bremer.pl/branze/ubezpieczenia" "Mozilla/5.0 (iPhone; CPU iPhone OS 15_6_1 like Mac OS X) AppleWebKit/605.1.15 (KHTML, like Gecko) Version/15.6.1 Mobile/15E148 Safari/604.1"
37.47.102.240 - - [31/Aug/2022:08:31:34 +0200] "GET /img/bg_menu.jpg HTTP/1.1" 200 39551 "http://www.bremer.pl/branze/ubezpieczenia" "Mozilla/5.0 (iPhone; CPU iPhone OS 15_6_1 like Mac OS X) AppleWebKit/605.1.15 (KHTML, like Gecko) Version/15.6.1 Mobile/15E148 Safari/604.1"
37.47.102.240 - - [31/Aug/2022:08:31:35 +0200] "GET /favicon.ico HTTP/1.1" 200 12462 "http://www.bremer.pl/branze/ubezpieczenia" "Mozilla/5.0 (iPhone; CPU iPhone OS 15_6_1 like Mac OS X) AppleWebKit/605.1.15 (KHTML, like Gecko) Version/15.6.1 Mobile/15E148 Safari/604.1"
87.250.224.149 - - [31/Aug/2022:08:32:08 +0200] "GET / HTTP/1.1" 200 22786 "" "Mozilla/5.0 (compatible; YandexBot/3.0; +http://yandex.com/bots)"
87.250.224.149 - - [31/Aug/2022:08:33:55 +0200] "GET / HTTP/1.1" 200 22786 "" "Mozilla/5.0 (compatible; YandexBot/3.0; +http://yandex.com/bots)"
87.250.224.149 - - [31/Aug/2022:08:35:13 +0200] "GET / HTTP/1.1" 200 22786 "" "Mozilla/5.0 (compatible; YandexBot/3.0; +http://yandex.com/bots)"
87.250.224.149 - - [31/Aug/2022:08:36:27 +0200] "GET / HTTP/1.1" 200 22786 "" "Mozilla/5.0 (compatible; YandexBot/3.0; +http://yandex.com/bots)"
37.47.102.240 - - [31/Aug/2022:08:37:05 +0200] "GET / HTTP/1.1" 200 22786 "" "Mozilla/5.0 (iPhone; CPU iPhone OS 15_6_1 like Mac OS X) AppleWebKit/605.1.15 (KHTML, like Gecko) Version/15.6.1 Mobile/15E148 Safari/604.1"
37.47.102.240 - - [31/Aug/2022:08:37:05 +0200] "GET /img/467_456/czym-sie-zajmujemy_4995609_2300744_9397615.jpg HTTP/1.1" 200 59130 "http://www.bremer.pl/" "Mozilla/5.0 (iPhone; CPU iPhone OS 15_6_1 like Mac OS X) AppleWebKit/605.1.15 (KHTML, like Gecko) Version/15.6.1 Mobile/15E148 Safari/604.1"
37.47.102.240 - - [31/Aug/2022:08:37:05 +0200] "GET /img/360_180_1/fotolia_62159340_subscription_monthly_m_8674417.jpg HTTP/1.1" 200 63359 "http://www.bremer.pl/" "Mozilla/5.0 (iPhone; CPU iPhone OS 15_6_1 like Mac OS X) AppleWebKit/605.1.15 (KHTML, like Gecko) Version/15.6.1 Mobile/15E148 Safari/604.1"
37.47.102.240 - - [31/Aug/2022:08:37:05 +0200] "GET /img/130_130_1/2_5079318.png HTTP/1.1" 200 5409 "http://www.bremer.pl/" "Mozilla/5.0 (iPhone; CPU iPhone OS 15_6_1 like Mac OS X) AppleWebKit/605.1.15 (KHTML, like Gecko) Version/15.6.1 Mobile/15E148 Safari/604.1"
37.47.102.240 - - [31/Aug/2022:08:37:05 +0200] "GET /img/360_180_1/ds_1407457.jpg HTTP/1.1" 200 48650 "http://www.bremer.pl/" "Mozilla/5.0 (iPhone; CPU iPhone OS 15_6_1 like Mac OS X) AppleWebKit/605.1.15 (KHTML, like Gecko) Version/15.6.1 Mobile/15E148 Safari/604.1"
37.47.102.240 - - [31/Aug/2022:08:37:05 +0200] "GET /img/130_130_1/1_5349265.png HTTP/1.1" 200 5442 "http://www.bremer.pl/" "Mozilla/5.0 (iPhone; CPU iPhone OS 15_6_1 like Mac OS X) AppleWebKit/605.1.15 (KHTML, like Gecko) Version/15.6.1 Mobile/15E148 Safari/604.1"
37.47.102.240 - - [31/Aug/2022:08:37:05 +0200] "GET /img/360_180_1/bc_5567420.jpg HTTP/1.1" 200 47520 "http://www.bremer.pl/" "Mozilla/5.0 (iPhone; CPU iPhone OS 15_6_1 like Mac OS X) AppleWebKit/605.1.15 (KHTML, like Gecko) Version/15.6.1 Mobile/15E148 Safari/604.1"
37.47.102.240 - - [31/Aug/2022:08:37:05 +0200] "GET /img/360_180_1/fotolia_100077334_8775070.jpg HTTP/1.1" 200 42745 "http://www.bremer.pl/" "Mozilla/5.0 (iPhone; CPU iPhone OS 15_6_1 like Mac OS X) AppleWebKit/605.1.15 (KHTML, like Gecko) Version/15.6.1 Mobile/15E148 Safari/604.1"
37.47.102.240 - - [31/Aug/2022:08:37:05 +0200] "GET /img/130_130_1/3_7659357.png HTTP/1.1" 200 4297 "http://www.bremer.pl/" "Mozilla/5.0 (iPhone; CPU iPhone OS 15_6_1 like Mac OS X) AppleWebKit/605.1.15 (KHTML, like Gecko) Version/15.6.1 Mobile/15E148 Safari/604.1"
37.47.102.240 - - [31/Aug/2022:08:37:05 +0200] "GET /img/130_130_1/4_9959413.png HTTP/1.1" 200 4348 "http://www.bremer.pl/" "Mozilla/5.0 (iPhone; CPU iPhone OS 15_6_1 like Mac OS X) AppleWebKit/605.1.15 (KHTML, like Gecko) Version/15.6.1 Mobile/15E148 Safari/604.1"
114.119.136.148 - - [31/Aug/2022:08:37:15 +0200] "GET /polityka-prywatnosci HTTP/1.1" 200 22122 "http://www.bremer.pl/uslugi/project-management" "Mozilla/5.0 (Linux; Android 7.0;) AppleWebKit/537.36 (KHTML, like Gecko) Mobile Safari/537.36 (compatible; PetalBot;+https://webmaster.petalsearch.com/site/petalbot)"
87.250.224.149 - - [31/Aug/2022:08:38:07 +0200] "GET / HTTP/1.1" 200 22786 "" "Mozilla/5.0 (compatible; YandexBot/3.0; +http://yandex.com/bots)"
5.173.130.37 - - [31/Aug/2022:08:38:54 +0200] "GET /branze/ubezpieczenia HTTP/1.1" 200 14651 "https://www.google.pl/" "Mozilla/5.0 (iPhone; CPU iPhone OS 15_6 like Mac OS X) AppleWebKit/605.1.15 (KHTML, like Gecko) Version/15.6 Mobile/15E148 Safari/604.1"
5.173.130.37 - - [31/Aug/2022:08:38:55 +0200] "GET /css/bootstrap.min.css HTTP/1.1" 200 122540 "http://www.bremer.pl/branze/ubezpieczenia" "Mozilla/5.0 (iPhone; CPU iPhone OS 15_6 like Mac OS X) AppleWebKit/605.1.15 (KHTML, like Gecko) Version/15.6 Mobile/15E148 Safari/604.1"
5.173.130.37 - - [31/Aug/2022:08:38:55 +0200] "GET /css/fonts.css HTTP/1.1" 200 32289 "http://www.bremer.pl/branze/ubezpieczenia" "Mozilla/5.0 (iPhone; CPU iPhone OS 15_6 like Mac OS X) AppleWebKit/605.1.15 (KHTML, like Gecko) Version/15.6 Mobile/15E148 Safari/604.1"
5.173.130.37 - - [31/Aug/2022:08:38:55 +0200] "GET /css/style.css HTTP/1.1" 200 29092 "http://www.bremer.pl/branze/ubezpieczenia" "Mozilla/5.0 (iPhone; CPU iPhone OS 15_6 like Mac OS X) AppleWebKit/605.1.15 (KHTML, like Gecko) Version/15.6 Mobile/15E148 Safari/604.1"
5.173.130.37 - - [31/Aug/2022:08:38:55 +0200] "GET /font-awesome-4.3.0/css/font-awesome.min.css HTTP/1.1" 200 23739 "http://www.bremer.pl/branze/ubezpieczenia" "Mozilla/5.0 (iPhone; CPU iPhone OS 15_6 like Mac OS X) AppleWebKit/605.1.15 (KHTML, like Gecko) Version/15.6 Mobile/15E148 Safari/604.1"
5.173.130.37 - - [31/Aug/2022:08:38:55 +0200] "GET /js/skrypty.js HTTP/1.1" 200 49918 "http://www.bremer.pl/branze/ubezpieczenia" "Mozilla/5.0 (iPhone; CPU iPhone OS 15_6 like Mac OS X) AppleWebKit/605.1.15 (KHTML, like Gecko) Version/15.6 Mobile/15E148 Safari/604.1"
5.173.130.37 - - [31/Aug/2022:08:38:55 +0200] "GET /css/lemon-slider.css HTTP/1.1" 200 78207 "http://www.bremer.pl/branze/ubezpieczenia" "Mozilla/5.0 (iPhone; CPU iPhone OS 15_6 like Mac OS X) AppleWebKit/605.1.15 (KHTML, like Gecko) Version/15.6 Mobile/15E148 Safari/604.1"
5.173.130.37 - - [31/Aug/2022:08:38:55 +0200] "GET /js/bootstrap.min.js HTTP/1.1" 200 36816 "http://www.bremer.pl/branze/ubezpieczenia" "Mozilla/5.0 (iPhone; CPU iPhone OS 15_6 like Mac OS X) AppleWebKit/605.1.15 (KHTML, like Gecko) Version/15.6 Mobile/15E148 Safari/604.1"
5.173.130.37 - - [31/Aug/2022:08:38:55 +0200] "GET /js/strefy/strefy.js HTTP/1.1" 200 2105 "http://www.bremer.pl/branze/ubezpieczenia" "Mozilla/5.0 (iPhone; CPU iPhone OS 15_6 like Mac OS X) AppleWebKit/605.1.15 (KHTML, like Gecko) Version/15.6 Mobile/15E148 Safari/604.1"
5.173.130.37 - - [31/Aug/2022:08:38:55 +0200] "GET /img/logo.png HTTP/1.1" 200 3016 "http://www.bremer.pl/branze/ubezpieczenia" "Mozilla/5.0 (iPhone; CPU iPhone OS 15_6 like Mac OS X) AppleWebKit/605.1.15 (KHTML, like Gecko) Version/15.6 Mobile/15E148 Safari/604.1"
5.173.130.37 - - [31/Aug/2022:08:38:55 +0200] "GET /img/in.png HTTP/1.1" 200 16751 "http://www.bremer.pl/branze/ubezpieczenia" "Mozilla/5.0 (iPhone; CPU iPhone OS 15_6 like Mac OS X) AppleWebKit/605.1.15 (KHTML, like Gecko) Version/15.6 Mobile/15E148 Safari/604.1"
5.173.130.37 - - [31/Aug/2022:08:38:55 +0200] "GET /css/fonts/ElegantIcons.woff HTTP/1.1" 200 63664 "http://www.bremer.pl/branze/ubezpieczenia" "Mozilla/5.0 (iPhone; CPU iPhone OS 15_6 like Mac OS X) AppleWebKit/605.1.15 (KHTML, like Gecko) Version/15.6 Mobile/15E148 Safari/604.1"
5.173.130.37 - - [31/Aug/2022:08:38:55 +0200] "GET /font-awesome-4.3.0/fonts/fontawesome-webfont.woff2?v=4.3.0 HTTP/1.1" 200 56780 "http://www.bremer.pl/branze/ubezpieczenia" "Mozilla/5.0 (iPhone; CPU iPhone OS 15_6 like Mac OS X) AppleWebKit/605.1.15 (KHTML, like Gecko) Version/15.6 Mobile/15E148 Safari/604.1"
5.173.130.37 - - [31/Aug/2022:08:38:55 +0200] "GET /img/1300_400_1/insurance_header_5686953.jpg HTTP/1.1" 200 210015 "http://www.bremer.pl/branze/ubezpieczenia" "Mozilla/5.0 (iPhone; CPU iPhone OS 15_6 like Mac OS X) AppleWebKit/605.1.15 (KHTML, like Gecko) Version/15.6 Mobile/15E148 Safari/604.1"
5.173.130.37 - - [31/Aug/2022:08:38:55 +0200] "GET /img/bg_menu.jpg HTTP/1.1" 200 39551 "http://www.bremer.pl/branze/ubezpieczenia" "Mozilla/5.0 (iPhone; CPU iPhone OS 15_6 like Mac OS X) AppleWebKit/605.1.15 (KHTML, like Gecko) Version/15.6 Mobile/15E148 Safari/604.1"
5.173.130.37 - - [31/Aug/2022:08:38:56 +0200] "GET /favicon.ico HTTP/1.1" 200 12462 "http://www.bremer.pl/branze/ubezpieczenia" "Mozilla/5.0 (iPhone; CPU iPhone OS 15_6 like Mac OS X) AppleWebKit/605.1.15 (KHTML, like Gecko) Version/15.6 Mobile/15E148 Safari/604.1"
87.250.224.149 - - [31/Aug/2022:08:39:53 +0200] "GET / HTTP/1.1" 200 22786 "" "Mozilla/5.0 (compatible; YandexBot/3.0; +http://yandex.com/bots)"
5.173.130.37 - - [31/Aug/2022:08:39:57 +0200] "GET / HTTP/1.1" 200 22786 "" "Mozilla/5.0 (iPhone; CPU iPhone OS 15_6 like Mac OS X) AppleWebKit/605.1.15 (KHTML, like Gecko) Version/15.6 Mobile/15E148 Safari/604.1"
5.173.130.37 - - [31/Aug/2022:08:39:58 +0200] "GET /img/467_456/czym-sie-zajmujemy_4995609_2300744_9397615.jpg HTTP/1.1" 200 59130 "http://www.bremer.pl/" "Mozilla/5.0 (iPhone; CPU iPhone OS 15_6 like Mac OS X) AppleWebKit/605.1.15 (KHTML, like Gecko) Version/15.6 Mobile/15E148 Safari/604.1"
5.173.130.37 - - [31/Aug/2022:08:39:58 +0200] "GET /img/360_180_1/ds_1407457.jpg HTTP/1.1" 200 48650 "http://www.bremer.pl/" "Mozilla/5.0 (iPhone; CPU iPhone OS 15_6 like Mac OS X) AppleWebKit/605.1.15 (KHTML, like Gecko) Version/15.6 Mobile/15E148 Safari/604.1"
5.173.130.37 - - [31/Aug/2022:08:39:58 +0200] "GET /img/130_130_1/1_5349265.png HTTP/1.1" 200 5442 "http://www.bremer.pl/" "Mozilla/5.0 (iPhone; CPU iPhone OS 15_6 like Mac OS X) AppleWebKit/605.1.15 (KHTML, like Gecko) Version/15.6 Mobile/15E148 Safari/604.1"
