87.250.224.149 - - [31/Aug/2022:12:04:35 +0200] "GET /robots.txt HTTP/1.1" 200 12462 "" "Mozilla/5.0 (compatible; YandexBot/3.0; +http://yandex.com/bots)"
87.250.224.149 - - [31/Aug/2022:12:04:39 +0200] "GET / HTTP/1.1" 200 22786 "" "Mozilla/5.0 (compatible; YandexBot/3.0; +http://yandex.com/bots)"
87.250.224.149 - - [31/Aug/2022:12:05:40 +0200] "GET / HTTP/1.1" 200 22786 "" "Mozilla/5.0 (compatible; YandexBot/3.0; +http://yandex.com/bots)"
87.250.224.149 - - [31/Aug/2022:12:06:54 +0200] "GET / HTTP/1.1" 200 22786 "" "Mozilla/5.0 (compatible; YandexBot/3.0; +http://yandex.com/bots)"
87.250.224.149 - - [31/Aug/2022:12:08:06 +0200] "GET / HTTP/1.1" 200 22786 "" "Mozilla/5.0 (compatible; YandexBot/3.0; +http://yandex.com/bots)"
87.250.224.149 - - [31/Aug/2022:12:09:34 +0200] "GET / HTTP/1.1" 200 22786 "" "Mozilla/5.0 (compatible; YandexBot/3.0; +http://yandex.com/bots)"
87.250.224.149 - - [31/Aug/2022:12:11:00 +0200] "GET / HTTP/1.1" 200 22786 "" "Mozilla/5.0 (compatible; YandexBot/3.0; +http://yandex.com/bots)"
87.250.224.149 - - [31/Aug/2022:12:12:20 +0200] "GET / HTTP/1.1" 200 22786 "" "Mozilla/5.0 (compatible; YandexBot/3.0; +http://yandex.com/bots)"
79.30.61.119 - - [31/Aug/2022:12:12:59 +0200] "GET / HTTP/1.1" 301 574 "" ""
87.250.224.149 - - [31/Aug/2022:12:13:38 +0200] "GET / HTTP/1.1" 200 22786 "" "Mozilla/5.0 (compatible; YandexBot/3.0; +http://yandex.com/bots)"
87.250.224.149 - - [31/Aug/2022:12:15:09 +0200] "GET / HTTP/1.1" 200 22786 "" "Mozilla/5.0 (compatible; YandexBot/3.0; +http://yandex.com/bots)"
87.250.224.149 - - [31/Aug/2022:12:16:13 +0200] "GET / HTTP/1.1" 200 22786 "" "Mozilla/5.0 (compatible; YandexBot/3.0; +http://yandex.com/bots)"
198.235.24.27 - - [31/Aug/2022:12:18:09 +0200] "GET / HTTP/1.1" 301 574 "" "Expanse, a Palo Alto Networks company, searches across the global IPv4 space multiple times per day to identify customers' presences on the Internet. If you would like to be excluded from our scans, please send IP addresses/domains to: scaninfo@paloaltonetworks.com"
87.250.224.149 - - [31/Aug/2022:12:18:13 +0200] "GET / HTTP/1.1" 200 22786 "" "Mozilla/5.0 (compatible; YandexBot/3.0; +http://yandex.com/bots)"
87.250.224.149 - - [31/Aug/2022:12:19:41 +0200] "GET / HTTP/1.1" 200 22786 "" "Mozilla/5.0 (compatible; YandexBot/3.0; +http://yandex.com/bots)"
87.250.224.149 - - [31/Aug/2022:12:20:39 +0200] "GET / HTTP/1.1" 200 22786 "" "Mozilla/5.0 (compatible; YandexBot/3.0; +http://yandex.com/bots)"
87.250.224.149 - - [31/Aug/2022:12:21:37 +0200] "GET / HTTP/1.1" 200 22786 "" "Mozilla/5.0 (compatible; YandexBot/3.0; +http://yandex.com/bots)"
66.249.64.84 - - [31/Aug/2022:12:22:44 +0200] "GET /robots.txt HTTP/1.1" 200 12462 "" "Mozilla/5.0 (compatible; Googlebot/2.1; +http://www.google.com/bot.html)"
66.249.64.84 - - [31/Aug/2022:12:22:44 +0200] "GET /services/audits-in-the-project-management-area HTTP/1.1" 200 15368 "" "Mozilla/5.0 (Linux; Android 6.0.1; Nexus 5X Build/MMB29P) AppleWebKit/537.36 (KHTML, like Gecko) Chrome/104.0.5112.101 Mobile Safari/537.36 (compatible; Googlebot/2.1; +http://www.google.com/bot.html)"
87.250.224.149 - - [31/Aug/2022:12:23:08 +0200] "GET / HTTP/1.1" 200 22786 "" "Mozilla/5.0 (compatible; YandexBot/3.0; +http://yandex.com/bots)"
87.250.224.149 - - [31/Aug/2022:12:24:07 +0200] "GET / HTTP/1.1" 200 22786 "" "Mozilla/5.0 (compatible; YandexBot/3.0; +http://yandex.com/bots)"
87.250.224.149 - - [31/Aug/2022:12:25:40 +0200] "GET / HTTP/1.1" 200 22786 "" "Mozilla/5.0 (compatible; YandexBot/3.0; +http://yandex.com/bots)"
87.250.224.149 - - [31/Aug/2022:12:26:32 +0200] "GET / HTTP/1.1" 200 22786 "" "Mozilla/5.0 (compatible; YandexBot/3.0; +http://yandex.com/bots)"
87.250.224.149 - - [31/Aug/2022:12:28:09 +0200] "GET / HTTP/1.1" 200 22786 "" "Mozilla/5.0 (compatible; YandexBot/3.0; +http://yandex.com/bots)"
87.250.224.149 - - [31/Aug/2022:12:29:45 +0200] "GET / HTTP/1.1" 200 22786 "" "Mozilla/5.0 (compatible; YandexBot/3.0; +http://yandex.com/bots)"
109.248.6.124 - - [31/Aug/2022:12:30:30 +0200] "GET /favicon.ico HTTP/1.1" 301 585 "" "masscan-ng/1.3 (https://github.com/bi-zone/masscan-ng)"
87.250.224.149 - - [31/Aug/2022:12:30:43 +0200] "GET / HTTP/1.1" 200 22786 "" "Mozilla/5.0 (compatible; YandexBot/3.0; +http://yandex.com/bots)"
87.250.224.149 - - [31/Aug/2022:12:32:23 +0200] "GET / HTTP/1.1" 200 22786 "" "Mozilla/5.0 (compatible; YandexBot/3.0; +http://yandex.com/bots)"
87.250.224.149 - - [31/Aug/2022:12:33:28 +0200] "GET / HTTP/1.1" 200 22786 "" "Mozilla/5.0 (compatible; YandexBot/3.0; +http://yandex.com/bots)"
87.250.224.149 - - [31/Aug/2022:12:34:30 +0200] "GET / HTTP/1.1" 200 22786 "" "Mozilla/5.0 (compatible; YandexBot/3.0; +http://yandex.com/bots)"
87.250.224.149 - - [31/Aug/2022:12:35:34 +0200] "GET / HTTP/1.1" 200 22786 "" "Mozilla/5.0 (compatible; YandexBot/3.0; +http://yandex.com/bots)"
157.245.204.158 - - [31/Aug/2022:12:36:40 +0200] "GET / HTTP/1.1" 301 574 "" "Mozilla/5.0 (Windows NT 10.0; Win64; x64) AppleWebKit/537.36 (KHTML, like Gecko) Chrome/70.0.3538.77 Safari/537.36"
87.250.224.149 - - [31/Aug/2022:12:36:46 +0200] "GET / HTTP/1.1" 200 22786 "" "Mozilla/5.0 (compatible; YandexBot/3.0; +http://yandex.com/bots)"
87.250.224.149 - - [31/Aug/2022:12:37:50 +0200] "GET / HTTP/1.1" 200 22786 "" "Mozilla/5.0 (compatible; YandexBot/3.0; +http://yandex.com/bots)"
87.250.224.149 - - [31/Aug/2022:12:38:49 +0200] "GET / HTTP/1.1" 200 22786 "" "Mozilla/5.0 (compatible; YandexBot/3.0; +http://yandex.com/bots)"
87.250.224.149 - - [31/Aug/2022:12:39:53 +0200] "GET / HTTP/1.1" 200 22786 "" "Mozilla/5.0 (compatible; YandexBot/3.0; +http://yandex.com/bots)"
184.105.247.194 - - [31/Aug/2022:12:40:10 +0200] "GET / HTTP/1.1" 301 574 "" ""
87.250.224.149 - - [31/Aug/2022:12:41:20 +0200] "GET / HTTP/1.1" 200 22786 "" "Mozilla/5.0 (compatible; YandexBot/3.0; +http://yandex.com/bots)"
87.250.224.149 - - [31/Aug/2022:12:42:28 +0200] "GET / HTTP/1.1" 200 22786 "" "Mozilla/5.0 (compatible; YandexBot/3.0; +http://yandex.com/bots)"
87.250.224.149 - - [31/Aug/2022:12:43:49 +0200] "GET / HTTP/1.1" 200 22786 "" "Mozilla/5.0 (compatible; YandexBot/3.0; +http://yandex.com/bots)"
87.250.224.149 - - [31/Aug/2022:12:44:55 +0200] "GET / HTTP/1.1" 200 22786 "" "Mozilla/5.0 (compatible; YandexBot/3.0; +http://yandex.com/bots)"
87.250.224.149 - - [31/Aug/2022:12:46:02 +0200] "GET / HTTP/1.1" 200 22786 "" "Mozilla/5.0 (compatible; YandexBot/3.0; +http://yandex.com/bots)"
184.105.247.194 - - [31/Aug/2022:12:46:14 +0200] "GET /favicon.ico HTTP/1.1" 301 585 "" "Mozilla/5.0"
87.250.224.149 - - [31/Aug/2022:12:47:11 +0200] "GET / HTTP/1.1" 200 22786 "" "Mozilla/5.0 (compatible; YandexBot/3.0; +http://yandex.com/bots)"
87.250.224.149 - - [31/Aug/2022:12:48:21 +0200] "GET / HTTP/1.1" 200 22786 "" "Mozilla/5.0 (compatible; YandexBot/3.0; +http://yandex.com/bots)"
87.250.224.149 - - [31/Aug/2022:12:49:44 +0200] "GET / HTTP/1.1" 200 22786 "" "Mozilla/5.0 (compatible; YandexBot/3.0; +http://yandex.com/bots)"
87.250.224.149 - - [31/Aug/2022:12:51:03 +0200] "GET / HTTP/1.1" 200 22786 "" "Mozilla/5.0 (compatible; YandexBot/3.0; +http://yandex.com/bots)"
184.105.247.202 - - [31/Aug/2022:12:51:24 +0200] "GET / HTTP/1.1" 301 574 "" "Mozilla/5.0"
87.250.224.149 - - [31/Aug/2022:12:52:24 +0200] "GET / HTTP/1.1" 200 22786 "" "Mozilla/5.0 (compatible; YandexBot/3.0; +http://yandex.com/bots)"
87.250.224.149 - - [31/Aug/2022:12:53:26 +0200] "GET / HTTP/1.1" 200 22786 "" "Mozilla/5.0 (compatible; YandexBot/3.0; +http://yandex.com/bots)"
87.250.224.149 - - [31/Aug/2022:12:54:49 +0200] "GET / HTTP/1.1" 200 22786 "" "Mozilla/5.0 (compatible; YandexBot/3.0; +http://yandex.com/bots)"
87.250.224.149 - - [31/Aug/2022:12:56:14 +0200] "GET / HTTP/1.1" 200 22786 "" "Mozilla/5.0 (compatible; YandexBot/3.0; +http://yandex.com/bots)"
87.250.224.149 - - [31/Aug/2022:12:57:41 +0200] "GET / HTTP/1.1" 200 22786 "" "Mozilla/5.0 (compatible; YandexBot/3.0; +http://yandex.com/bots)"
2a00:12e8:200:6::2 - - [31/Aug/2022:12:58:21 +0200] "GET / HTTP/1.1" 301 564 "" "Mozilla/5.0 (Windows NT 10.0; Win64; x64; rv:65.0) Gecko/20100101 Firefox/65.0"
87.250.224.149 - - [31/Aug/2022:12:59:05 +0200] "GET / HTTP/1.1" 200 22786 "" "Mozilla/5.0 (compatible; YandexBot/3.0; +http://yandex.com/bots)"
87.250.224.149 - - [31/Aug/2022:13:00:28 +0200] "GET / HTTP/1.1" 200 22786 "" "Mozilla/5.0 (compatible; YandexBot/3.0; +http://yandex.com/bots)"
87.250.224.149 - - [31/Aug/2022:13:01:28 +0200] "GET / HTTP/1.1" 200 22786 "" "Mozilla/5.0 (compatible; YandexBot/3.0; +http://yandex.com/bots)"
87.250.224.149 - - [31/Aug/2022:13:02:50 +0200] "GET / HTTP/1.1" 200 22786 "" "Mozilla/5.0 (compatible; YandexBot/3.0; +http://yandex.com/bots)"
87.250.224.149 - - [31/Aug/2022:13:03:56 +0200] "GET / HTTP/1.1" 200 22786 "" "Mozilla/5.0 (compatible; YandexBot/3.0; +http://yandex.com/bots)"
87.250.224.149 - - [31/Aug/2022:13:04:54 +0200] "GET / HTTP/1.1" 200 22786 "" "Mozilla/5.0 (compatible; YandexBot/3.0; +http://yandex.com/bots)"
87.250.224.149 - - [31/Aug/2022:13:05:47 +0200] "GET / HTTP/1.1" 200 22786 "" "Mozilla/5.0 (compatible; YandexBot/3.0; +http://yandex.com/bots)"
87.250.224.149 - - [31/Aug/2022:13:06:38 +0200] "GET / HTTP/1.1" 200 22786 "" "Mozilla/5.0 (compatible; YandexBot/3.0; +http://yandex.com/bots)"
87.250.224.149 - - [31/Aug/2022:13:08:10 +0200] "GET / HTTP/1.1" 200 22786 "" "Mozilla/5.0 (compatible; YandexBot/3.0; +http://yandex.com/bots)"
87.250.224.149 - - [31/Aug/2022:13:09:03 +0200] "GET / HTTP/1.1" 200 22786 "" "Mozilla/5.0 (compatible; YandexBot/3.0; +http://yandex.com/bots)"
87.250.224.149 - - [31/Aug/2022:13:10:00 +0200] "GET / HTTP/1.1" 200 22786 "" "Mozilla/5.0 (compatible; YandexBot/3.0; +http://yandex.com/bots)"
87.250.224.149 - - [31/Aug/2022:13:11:25 +0200] "GET / HTTP/1.1" 200 22786 "" "Mozilla/5.0 (compatible; YandexBot/3.0; +http://yandex.com/bots)"
87.250.224.149 - - [31/Aug/2022:13:12:27 +0200] "GET / HTTP/1.1" 200 22786 "" "Mozilla/5.0 (compatible; YandexBot/3.0; +http://yandex.com/bots)"
87.250.224.149 - - [31/Aug/2022:13:13:52 +0200] "GET / HTTP/1.1" 200 22786 "" "Mozilla/5.0 (compatible; YandexBot/3.0; +http://yandex.com/bots)"
87.250.224.149 - - [31/Aug/2022:13:14:55 +0200] "GET / HTTP/1.1" 200 22786 "" "Mozilla/5.0 (compatible; YandexBot/3.0; +http://yandex.com/bots)"
87.250.224.149 - - [31/Aug/2022:13:16:46 +0200] "GET / HTTP/1.1" 200 22786 "" "Mozilla/5.0 (compatible; YandexBot/3.0; +http://yandex.com/bots)"
87.250.224.149 - - [31/Aug/2022:13:18:00 +0200] "GET / HTTP/1.1" 200 22786 "" "Mozilla/5.0 (compatible; YandexBot/3.0; +http://yandex.com/bots)"
87.250.224.149 - - [31/Aug/2022:13:19:05 +0200] "GET / HTTP/1.1" 200 22786 "" "Mozilla/5.0 (compatible; YandexBot/3.0; +http://yandex.com/bots)"
213.167.223.77 - - [31/Aug/2022:13:20:44 +0200] "GET / HTTP/1.1" 301 574 "" "Mozilla/5.0 (Windows NT 10.0; WOW64) AppleWebKit/537.36 (KHTML, like Gecko) Chrome/51.0.2704.103 Safari/537.36"
87.250.224.149 - - [31/Aug/2022:13:20:54 +0200] "GET / HTTP/1.1" 200 22786 "" "Mozilla/5.0 (compatible; YandexBot/3.0; +http://yandex.com/bots)"
87.250.224.149 - - [31/Aug/2022:13:21:54 +0200] "GET / HTTP/1.1" 200 22786 "" "Mozilla/5.0 (compatible; YandexBot/3.0; +http://yandex.com/bots)"
87.250.224.149 - - [31/Aug/2022:13:22:49 +0200] "GET / HTTP/1.1" 200 22786 "" "Mozilla/5.0 (compatible; YandexBot/3.0; +http://yandex.com/bots)"
87.250.224.149 - - [31/Aug/2022:13:24:22 +0200] "GET / HTTP/1.1" 200 22786 "" "Mozilla/5.0 (compatible; YandexBot/3.0; +http://yandex.com/bots)"
87.250.224.149 - - [31/Aug/2022:13:25:20 +0200] "GET / HTTP/1.1" 200 22786 "" "Mozilla/5.0 (compatible; YandexBot/3.0; +http://yandex.com/bots)"
87.250.224.149 - - [31/Aug/2022:13:26:41 +0200] "GET / HTTP/1.1" 200 22786 "" "Mozilla/5.0 (compatible; YandexBot/3.0; +http://yandex.com/bots)"
5.45.207.115 - - [31/Aug/2022:13:27:38 +0200] "GET / HTTP/1.1" 200 22786 "" "Mozilla/5.0 (compatible; YandexBot/3.0; +http://yandex.com/bots)"
87.250.224.149 - - [31/Aug/2022:13:28:59 +0200] "GET / HTTP/1.1" 200 22786 "" "Mozilla/5.0 (compatible; YandexBot/3.0; +http://yandex.com/bots)"
87.250.224.149 - - [31/Aug/2022:13:30:31 +0200] "GET / HTTP/1.1" 200 22786 "" "Mozilla/5.0 (compatible; YandexBot/3.0; +http://yandex.com/bots)"
87.250.224.149 - - [31/Aug/2022:13:31:30 +0200] "GET / HTTP/1.1" 200 22786 "" "Mozilla/5.0 (compatible; YandexBot/3.0; +http://yandex.com/bots)"
87.250.224.149 - - [31/Aug/2022:13:32:50 +0200] "GET / HTTP/1.1" 200 22786 "" "Mozilla/5.0 (compatible; YandexBot/3.0; +http://yandex.com/bots)"
87.250.224.149 - - [31/Aug/2022:13:33:51 +0200] "GET / HTTP/1.1" 200 22786 "" "Mozilla/5.0 (compatible; YandexBot/3.0; +http://yandex.com/bots)"
87.250.224.149 - - [31/Aug/2022:13:35:13 +0200] "GET / HTTP/1.1" 200 22786 "" "Mozilla/5.0 (compatible; YandexBot/3.0; +http://yandex.com/bots)"
87.250.224.149 - - [31/Aug/2022:13:36:24 +0200] "GET / HTTP/1.1" 200 22786 "" "Mozilla/5.0 (compatible; YandexBot/3.0; +http://yandex.com/bots)"
87.250.224.149 - - [31/Aug/2022:13:37:23 +0200] "GET / HTTP/1.1" 200 22786 "" "Mozilla/5.0 (compatible; YandexBot/3.0; +http://yandex.com/bots)"
87.250.224.149 - - [31/Aug/2022:13:38:47 +0200] "GET / HTTP/1.1" 200 22786 "" "Mozilla/5.0 (compatible; YandexBot/3.0; +http://yandex.com/bots)"
87.250.224.149 - - [31/Aug/2022:13:40:06 +0200] "GET / HTTP/1.1" 200 22786 "" "Mozilla/5.0 (compatible; YandexBot/3.0; +http://yandex.com/bots)"
87.250.224.149 - - [31/Aug/2022:13:41:06 +0200] "GET / HTTP/1.1" 200 22786 "" "Mozilla/5.0 (compatible; YandexBot/3.0; +http://yandex.com/bots)"
87.250.224.149 - - [31/Aug/2022:13:42:09 +0200] "GET / HTTP/1.1" 200 22786 "" "Mozilla/5.0 (compatible; YandexBot/3.0; +http://yandex.com/bots)"
87.250.224.149 - - [31/Aug/2022:13:43:13 +0200] "GET / HTTP/1.1" 200 22786 "" "Mozilla/5.0 (compatible; YandexBot/3.0; +http://yandex.com/bots)"
87.250.224.149 - - [31/Aug/2022:13:44:30 +0200] "GET / HTTP/1.1" 200 22786 "" "Mozilla/5.0 (compatible; YandexBot/3.0; +http://yandex.com/bots)"
87.250.224.149 - - [31/Aug/2022:13:45:34 +0200] "GET / HTTP/1.1" 200 22786 "" "Mozilla/5.0 (compatible; YandexBot/3.0; +http://yandex.com/bots)"
87.250.224.149 - - [31/Aug/2022:13:46:48 +0200] "GET / HTTP/1.1" 200 22786 "" "Mozilla/5.0 (compatible; YandexBot/3.0; +http://yandex.com/bots)"
87.250.224.149 - - [31/Aug/2022:13:47:53 +0200] "GET / HTTP/1.1" 200 22786 "" "Mozilla/5.0 (compatible; YandexBot/3.0; +http://yandex.com/bots)"
87.250.224.149 - - [31/Aug/2022:13:49:12 +0200] "GET / HTTP/1.1" 200 22786 "" "Mozilla/5.0 (compatible; YandexBot/3.0; +http://yandex.com/bots)"
87.250.224.149 - - [31/Aug/2022:13:50:14 +0200] "GET / HTTP/1.1" 200 22786 "" "Mozilla/5.0 (compatible; YandexBot/3.0; +http://yandex.com/bots)"
87.250.224.149 - - [31/Aug/2022:13:51:33 +0200] "GET / HTTP/1.1" 200 22786 "" "Mozilla/5.0 (compatible; YandexBot/3.0; +http://yandex.com/bots)"
87.250.224.149 - - [31/Aug/2022:13:52:38 +0200] "GET / HTTP/1.1" 200 22786 "" "Mozilla/5.0 (compatible; YandexBot/3.0; +http://yandex.com/bots)"
66.249.64.83 - - [31/Aug/2022:13:52:44 +0200] "GET /robots.txt HTTP/1.1" 200 12462 "" "Mozilla/5.0 (compatible; Googlebot/2.1; +http://www.google.com/bot.html)"
66.249.64.82 - - [31/Aug/2022:13:52:44 +0200] "GET /industries/insurance/our-experience HTTP/1.1" 200 20202 "" "Mozilla/5.0 (Linux; Android 6.0.1; Nexus 5X Build/MMB29P) AppleWebKit/537.36 (KHTML, like Gecko) Chrome/104.0.5112.101 Mobile Safari/537.36 (compatible; Googlebot/2.1; +http://www.google.com/bot.html)"
87.250.224.149 - - [31/Aug/2022:13:53:42 +0200] "GET / HTTP/1.1" 200 22786 "" "Mozilla/5.0 (compatible; YandexBot/3.0; +http://yandex.com/bots)"
87.250.224.149 - - [31/Aug/2022:13:55:04 +0200] "GET / HTTP/1.1" 200 22786 "" "Mozilla/5.0 (compatible; YandexBot/3.0; +http://yandex.com/bots)"
87.250.224.149 - - [31/Aug/2022:13:55:47 +0200] "GET / HTTP/1.1" 200 22786 "" "Mozilla/5.0 (compatible; YandexBot/3.0; +http://yandex.com/bots)"
5.45.207.115 - - [31/Aug/2022:13:56:44 +0200] "GET / HTTP/1.1" 200 22786 "" "Mozilla/5.0 (compatible; YandexBot/3.0; +http://yandex.com/bots)"
87.250.224.149 - - [31/Aug/2022:13:58:13 +0200] "GET / HTTP/1.1" 200 22786 "" "Mozilla/5.0 (compatible; YandexBot/3.0; +http://yandex.com/bots)"
87.250.224.149 - - [31/Aug/2022:13:59:24 +0200] "GET /robots.txt HTTP/1.1" 200 12462 "" "Mozilla/5.0 (compatible; YandexBot/3.0; +http://yandex.com/bots)"
87.250.224.149 - - [31/Aug/2022:13:59:27 +0200] "GET / HTTP/1.1" 200 22786 "" "Mozilla/5.0 (compatible; YandexBot/3.0; +http://yandex.com/bots)"
87.250.224.149 - - [31/Aug/2022:14:00:14 +0200] "GET / HTTP/1.1" 200 22786 "" "Mozilla/5.0 (compatible; YandexBot/3.0; +http://yandex.com/bots)"
87.250.224.149 - - [31/Aug/2022:14:01:12 +0200] "GET / HTTP/1.1" 200 22786 "" "Mozilla/5.0 (compatible; YandexBot/3.0; +http://yandex.com/bots)"
185.191.171.11 - - [31/Aug/2022:14:01:48 +0200] "GET /robots.txt HTTP/1.1" 200 12462 "" "Mozilla/5.0 (compatible; SemrushBot/7~bl; +http://www.semrush.com/bot.html)"
185.191.171.13 - - [31/Aug/2022:14:01:49 +0200] "GET /services/project-management-1/rescuing-troubled-projects HTTP/1.1" 200 17803 "" "Mozilla/5.0 (compatible; SemrushBot/7~bl; +http://www.semrush.com/bot.html)"
207.46.13.70 - - [31/Aug/2022:14:01:53 +0200] "GET / HTTP/1.1" 200 22790 "" "Mozilla/5.0 (compatible; bingbot/2.0; +http://www.bing.com/bingbot.htm)"
87.250.224.149 - - [31/Aug/2022:14:02:29 +0200] "GET / HTTP/1.1" 200 22786 "" "Mozilla/5.0 (compatible; YandexBot/3.0; +http://yandex.com/bots)"
87.250.224.149 - - [31/Aug/2022:14:03:48 +0200] "GET / HTTP/1.1" 200 22786 "" "Mozilla/5.0 (compatible; YandexBot/3.0; +http://yandex.com/bots)"
87.250.224.149 - - [31/Aug/2022:14:04:51 +0200] "GET / HTTP/1.1" 200 22786 "" "Mozilla/5.0 (compatible; YandexBot/3.0; +http://yandex.com/bots)"
87.250.224.149 - - [31/Aug/2022:14:06:05 +0200] "GET / HTTP/1.1" 200 22786 "" "Mozilla/5.0 (compatible; YandexBot/3.0; +http://yandex.com/bots)"
87.250.224.149 - - [31/Aug/2022:14:07:21 +0200] "GET / HTTP/1.1" 200 22786 "" "Mozilla/5.0 (compatible; YandexBot/3.0; +http://yandex.com/bots)"
87.250.224.149 - - [31/Aug/2022:14:08:35 +0200] "GET / HTTP/1.1" 200 22786 "" "Mozilla/5.0 (compatible; YandexBot/3.0; +http://yandex.com/bots)"
87.250.224.149 - - [31/Aug/2022:14:09:46 +0200] "GET / HTTP/1.1" 200 22786 "" "Mozilla/5.0 (compatible; YandexBot/3.0; +http://yandex.com/bots)"
87.250.224.149 - - [31/Aug/2022:14:10:40 +0200] "GET / HTTP/1.1" 200 22786 "" "Mozilla/5.0 (compatible; YandexBot/3.0; +http://yandex.com/bots)"
87.250.224.149 - - [31/Aug/2022:14:11:37 +0200] "GET / HTTP/1.1" 200 22786 "" "Mozilla/5.0 (compatible; YandexBot/3.0; +http://yandex.com/bots)"
148.81.194.141 - - [31/Aug/2022:14:12:11 +0200] "GET /robots.txt HTTP/1.1" 200 12462 "" "Mozilla/5.0 (Nekstbot; Pierwsza semantyczna wyszukiwarka Polskiego Internetu www.nekst.pl, http://nekst.ipipan.waw.pl/nekstbot/)"
148.81.194.134 - - [31/Aug/2022:14:12:26 +0200] "GET / HTTP/1.1" 200 22786 "" "Mozilla/5.0 (Nekstbot; Pierwsza semantyczna wyszukiwarka Polskiego Internetu www.nekst.pl, http://nekst.ipipan.waw.pl/nekstbot/)"
148.81.194.158 - - [31/Aug/2022:14:12:45 +0200] "GET /BREMER.pl_Zarzadzanie_Projektami_-_Doswiadczenie.html HTTP/1.1" 200 12462 "" "Mozilla/5.0 (Nekstbot; Pierwsza semantyczna wyszukiwarka Polskiego Internetu www.nekst.pl, http://nekst.ipipan.waw.pl/nekstbot/)"
87.250.224.149 - - [31/Aug/2022:14:12:56 +0200] "GET / HTTP/1.1" 200 22786 "" "Mozilla/5.0 (compatible; YandexBot/3.0; +http://yandex.com/bots)"
148.81.194.138 - - [31/Aug/2022:14:12:56 +0200] "GET /BREMER.pl_Zarzadzanie_Projektami_-_Ratowanie_Projektow.html HTTP/1.1" 200 12462 "" "Mozilla/5.0 (Nekstbot; Pierwsza semantyczna wyszukiwarka Polskiego Internetu www.nekst.pl, http://nekst.ipipan.waw.pl/nekstbot/)"
148.81.194.159 - - [31/Aug/2022:14:13:11 +0200] "GET /BREMER.pl_Zarzadzanie_Projektami_-_Zarzadzanie_Projektami.html HTTP/1.1" 200 12462 "" "Mozilla/5.0 (Nekstbot; Pierwsza semantyczna wyszukiwarka Polskiego Internetu www.nekst.pl, http://nekst.ipipan.waw.pl/nekstbot/)"
148.81.194.133 - - [31/Aug/2022:14:13:25 +0200] "GET /BREMER.pl_Zarzadzanie_Projektami.html HTTP/1.1" 200 12462 "" "Mozilla/5.0 (Nekstbot; Pierwsza semantyczna wyszukiwarka Polskiego Internetu www.nekst.pl, http://nekst.ipipan.waw.pl/nekstbot/)"
148.81.194.133 - - [31/Aug/2022:14:13:42 +0200] "GET /BREMER.pl_Zarzadzanie_Projektami_-_O_firmie.html HTTP/1.1" 200 12462 "" "Mozilla/5.0 (Nekstbot; Pierwsza semantyczna wyszukiwarka Polskiego Internetu www.nekst.pl, http://nekst.ipipan.waw.pl/nekstbot/)"
87.250.224.149 - - [31/Aug/2022:14:13:54 +0200] "GET / HTTP/1.1" 200 22786 "" "Mozilla/5.0 (compatible; YandexBot/3.0; +http://yandex.com/bots)"
148.81.194.138 - - [31/Aug/2022:14:13:55 +0200] "GET /BREMER.pl_Zarzadzanie_Projektami_-_Usugi.html HTTP/1.1" 200 12462 "" "Mozilla/5.0 (Nekstbot; Pierwsza semantyczna wyszukiwarka Polskiego Internetu www.nekst.pl, http://nekst.ipipan.waw.pl/nekstbot/)"
148.81.194.142 - - [31/Aug/2022:14:14:09 +0200] "GET /kontakt HTTP/1.1" 200 16837 "" "Mozilla/5.0 (Nekstbot; Pierwsza semantyczna wyszukiwarka Polskiego Internetu www.nekst.pl, http://nekst.ipipan.waw.pl/nekstbot/)"
148.81.194.146 - - [31/Aug/2022:14:14:22 +0200] "GET / HTTP/1.1" 200 22786 "" "Mozilla/5.0 (Nekstbot; Pierwsza semantyczna wyszukiwarka Polskiego Internetu www.nekst.pl, http://nekst.ipipan.waw.pl/nekstbot/)"
148.81.194.135 - - [31/Aug/2022:14:14:41 +0200] "GET /polityka-prywatnosci HTTP/1.1" 200 22122 "" "Mozilla/5.0 (Nekstbot; Pierwsza semantyczna wyszukiwarka Polskiego Internetu www.nekst.pl, http://nekst.ipipan.waw.pl/nekstbot/)"
148.81.194.160 - - [31/Aug/2022:14:14:57 +0200] "GET /BREMER.pl_Zarzadzanie_Projektami_-_Kontakt_files/widget0_markup.html HTTP/1.1" 200 12462 "" "Mozilla/5.0 (Nekstbot; Pierwsza semantyczna wyszukiwarka Polskiego Internetu www.nekst.pl, http://nekst.ipipan.waw.pl/nekstbot/)"
148.81.194.158 - - [31/Aug/2022:14:15:11 +0200] "GET /en HTTP/1.1" 200 21942 "" "Mozilla/5.0 (Nekstbot; Pierwsza semantyczna wyszukiwarka Polskiego Internetu www.nekst.pl, http://nekst.ipipan.waw.pl/nekstbot/)"
87.250.224.149 - - [31/Aug/2022:14:15:14 +0200] "GET / HTTP/1.1" 200 22786 "" "Mozilla/5.0 (compatible; YandexBot/3.0; +http://yandex.com/bots)"
148.81.194.147 - - [31/Aug/2022:14:15:24 +0200] "GET /o-nas/zarzad HTTP/1.1" 200 13931 "" "Mozilla/5.0 (Nekstbot; Pierwsza semantyczna wyszukiwarka Polskiego Internetu www.nekst.pl, http://nekst.ipipan.waw.pl/nekstbot/)"
148.81.194.148 - - [31/Aug/2022:14:15:38 +0200] "GET /o-nas/o-bremer HTTP/1.1" 200 14858 "" "Mozilla/5.0 (Nekstbot; Pierwsza semantyczna wyszukiwarka Polskiego Internetu www.nekst.pl, http://nekst.ipipan.waw.pl/nekstbot/)"
148.81.194.147 - - [31/Aug/2022:14:15:51 +0200] "GET /branze/ubezpieczenia HTTP/1.1" 200 14651 "" "Mozilla/5.0 (Nekstbot; Pierwsza semantyczna wyszukiwarka Polskiego Internetu www.nekst.pl, http://nekst.ipipan.waw.pl/nekstbot/)"
148.81.194.152 - - [31/Aug/2022:14:16:07 +0200] "GET /branze/pozostale-branze HTTP/1.1" 200 13904 "" "Mozilla/5.0 (Nekstbot; Pierwsza semantyczna wyszukiwarka Polskiego Internetu www.nekst.pl, http://nekst.ipipan.waw.pl/nekstbot/)"
148.81.194.141 - - [31/Aug/2022:14:16:24 +0200] "GET /uslugi/interim-management HTTP/1.1" 200 15920 "" "Mozilla/5.0 (Nekstbot; Pierwsza semantyczna wyszukiwarka Polskiego Internetu www.nekst.pl, http://nekst.ipipan.waw.pl/nekstbot/)"
87.250.224.149 - - [31/Aug/2022:14:16:29 +0200] "GET / HTTP/1.1" 200 22786 "" "Mozilla/5.0 (compatible; YandexBot/3.0; +http://yandex.com/bots)"
148.81.194.155 - - [31/Aug/2022:14:16:36 +0200] "GET /uslugi/project-management HTTP/1.1" 200 16055 "" "Mozilla/5.0 (Nekstbot; Pierwsza semantyczna wyszukiwarka Polskiego Internetu www.nekst.pl, http://nekst.ipipan.waw.pl/nekstbot/)"
148.81.194.158 - - [31/Aug/2022:14:16:48 +0200] "GET /branze/platnosci-elektroniczne-i-bankowosc HTTP/1.1" 200 14349 "" "Mozilla/5.0 (Nekstbot; Pierwsza semantyczna wyszukiwarka Polskiego Internetu www.nekst.pl, http://nekst.ipipan.waw.pl/nekstbot/)"
148.81.194.162 - - [31/Aug/2022:14:17:07 +0200] "GET /uslugi/audyty-w-obszarze-project-management HTTP/1.1" 200 15822 "" "Mozilla/5.0 (Nekstbot; Pierwsza semantyczna wyszukiwarka Polskiego Internetu www.nekst.pl, http://nekst.ipipan.waw.pl/nekstbot/)"
148.81.194.146 - - [31/Aug/2022:14:17:20 +0200] "GET /uslugi/doradztwo-w-zakresie-zarzadzania-i-optymalizacji-procesow HTTP/1.1" 200 16323 "" "Mozilla/5.0 (Nekstbot; Pierwsza semantyczna wyszukiwarka Polskiego Internetu www.nekst.pl, http://nekst.ipipan.waw.pl/nekstbot/)"
148.81.194.158 - - [31/Aug/2022:14:17:32 +0200] "GET /industries/insurance/our-experience HTTP/1.1" 200 20202 "" "Mozilla/5.0 (Nekstbot; Pierwsza semantyczna wyszukiwarka Polskiego Internetu www.nekst.pl, http://nekst.ipipan.waw.pl/nekstbot/)"
5.45.207.115 - - [31/Aug/2022:14:17:43 +0200] "GET / HTTP/1.1" 200 22786 "" "Mozilla/5.0 (compatible; YandexBot/3.0; +http://yandex.com/bots)"
148.81.194.138 - - [31/Aug/2022:14:17:43 +0200] "GET /kariera/rekrutacja HTTP/1.1" 200 24256 "" "Mozilla/5.0 (Nekstbot; Pierwsza semantyczna wyszukiwarka Polskiego Internetu www.nekst.pl, http://nekst.ipipan.waw.pl/nekstbot/)"
148.81.194.140 - - [31/Aug/2022:14:18:00 +0200] "GET /uslugi/project-management/ratowanie-projektow-zagrozonych HTTP/1.1" 200 19478 "" "Mozilla/5.0 (Nekstbot; Pierwsza semantyczna wyszukiwarka Polskiego Internetu www.nekst.pl, http://nekst.ipipan.waw.pl/nekstbot/)"
148.81.194.153 - - [31/Aug/2022:14:18:18 +0200] "GET /uslugi/project-management/uruchamianie-projektow-i-programow HTTP/1.1" 200 17364 "" "Mozilla/5.0 (Nekstbot; Pierwsza semantyczna wyszukiwarka Polskiego Internetu www.nekst.pl, http://nekst.ipipan.waw.pl/nekstbot/)"
148.81.194.135 - - [31/Aug/2022:14:18:31 +0200] "GET /uslugi/project-management/zarzadzanie-projektami-i-programami HTTP/1.1" 200 19405 "" "Mozilla/5.0 (Nekstbot; Pierwsza semantyczna wyszukiwarka Polskiego Internetu www.nekst.pl, http://nekst.ipipan.waw.pl/nekstbot/)"
148.81.194.153 - - [31/Aug/2022:14:18:48 +0200] "GET /uslugi/doradztwo-w-zakresie-zarzadzania-i-optymalizacji-procesow/mapowanie-i-optymalizacja-procesow HTTP/1.1" 200 16789 "" "Mozilla/5.0 (Nekstbot; Pierwsza semantyczna wyszukiwarka Polskiego Internetu www.nekst.pl, http://nekst.ipipan.waw.pl/nekstbot/)"
87.250.224.149 - - [31/Aug/2022:14:18:57 +0200] "GET / HTTP/1.1" 200 22786 "" "Mozilla/5.0 (compatible; YandexBot/3.0; +http://yandex.com/bots)"
148.81.194.132 - - [31/Aug/2022:14:19:03 +0200] "GET /uslugi/doradztwo-w-zakresie-zarzadzania-i-optymalizacji-procesow/tworzenie-i-organizacja-biur-zarzadzania-projektami HTTP/1.1" 200 16876 "" "Mozilla/5.0 (Nekstbot; Pierwsza semantyczna wyszukiwarka Polskiego Internetu www.nekst.pl, http://nekst.ipipan.waw.pl/nekstbot/)"
51.222.253.8 - - [31/Aug/2022:14:19:18 +0200] "GET /uslugi/doradztwo-w-zakresie-zarzadzania-i-optymalizacji-procesow/mapowanie-i-optymalizacja-procesow HTTP/1.1" 200 16789 "" "Mozilla/5.0 (compatible; AhrefsBot/7.0; +http://ahrefs.com/robot/)"
51.222.253.3 - - [31/Aug/2022:14:19:20 +0200] "GET /css/bootstrap.min.css HTTP/1.1" 200 122540 "" "Mozilla/5.0 (compatible; AhrefsBot/7.0; +http://ahrefs.com/robot/)"
51.222.253.2 - - [31/Aug/2022:14:19:21 +0200] "GET /css/lemon-slider.css HTTP/1.1" 200 78207 "" "Mozilla/5.0 (compatible; AhrefsBot/7.0; +http://ahrefs.com/robot/)"
51.222.253.11 - - [31/Aug/2022:14:19:21 +0200] "GET /js/strefy/strefy.js HTTP/1.1" 200 2105 "" "Mozilla/5.0 (compatible; AhrefsBot/7.0; +http://ahrefs.com/robot/)"
51.222.253.20 - - [31/Aug/2022:14:19:22 +0200] "GET /css/style.css HTTP/1.1" 200 29092 "" "Mozilla/5.0 (compatible; AhrefsBot/7.0; +http://ahrefs.com/robot/)"
51.222.253.7 - - [31/Aug/2022:14:19:22 +0200] "GET /css/fonts.css HTTP/1.1" 200 32289 "" "Mozilla/5.0 (compatible; AhrefsBot/7.0; +http://ahrefs.com/robot/)"
51.222.253.11 - - [31/Aug/2022:14:19:23 +0200] "GET /font-awesome-4.3.0/css/font-awesome.min.css HTTP/1.1" 200 23739 "" "Mozilla/5.0 (compatible; AhrefsBot/7.0; +http://ahrefs.com/robot/)"
51.222.253.18 - - [31/Aug/2022:14:19:23 +0200] "GET /img/logo.png HTTP/1.1" 200 3016 "" "Mozilla/5.0 (compatible; AhrefsBot/7.0; +http://ahrefs.com/robot/)"
51.222.253.17 - - [31/Aug/2022:14:19:24 +0200] "GET /js/skrypty.js HTTP/1.1" 200 49918 "" "Mozilla/5.0 (compatible; AhrefsBot/7.0; +http://ahrefs.com/robot/)"
51.222.253.20 - - [31/Aug/2022:14:19:24 +0200] "GET /js/bootstrap.min.js HTTP/1.1" 200 36816 "" "Mozilla/5.0 (compatible; AhrefsBot/7.0; +http://ahrefs.com/robot/)"
148.81.194.141 - - [31/Aug/2022:14:19:24 +0200] "GET /uslugi/doradztwo-w-zakresie-zarzadzania-i-optymalizacji-procesow/doradztwo-w-zakresie-wdrazania-narzedzi-do-zarzadzania HTTP/1.1" 200 16722 "" "Mozilla/5.0 (Nekstbot; Pierwsza semantyczna wyszukiwarka Polskiego Internetu www.nekst.pl, http://nekst.ipipan.waw.pl/nekstbot/)"
148.81.194.140 - - [31/Aug/2022:14:19:36 +0200] "GET /branze/platnosci-elektroniczne-i-bankowosc/doswiadczenie-1 HTTP/1.1" 200 18142 "" "Mozilla/5.0 (Nekstbot; Pierwsza semantyczna wyszukiwarka Polskiego Internetu www.nekst.pl, http://nekst.ipipan.waw.pl/nekstbot/)"
87.250.224.149 - - [31/Aug/2022:14:20:17 +0200] "GET / HTTP/1.1" 200 22786 "" "Mozilla/5.0 (compatible; YandexBot/3.0; +http://yandex.com/bots)"
87.250.224.149 - - [31/Aug/2022:14:21:13 +0200] "GET / HTTP/1.1" 200 22786 "" "Mozilla/5.0 (compatible; YandexBot/3.0; +http://yandex.com/bots)"
87.250.224.149 - - [31/Aug/2022:14:22:08 +0200] "GET / HTTP/1.1" 200 22786 "" "Mozilla/5.0 (compatible; YandexBot/3.0; +http://yandex.com/bots)"
87.250.224.149 - - [31/Aug/2022:14:23:03 +0200] "GET / HTTP/1.1" 200 22786 "" "Mozilla/5.0 (compatible; YandexBot/3.0; +http://yandex.com/bots)"
87.250.224.149 - - [31/Aug/2022:14:24:29 +0200] "GET / HTTP/1.1" 200 22786 "" "Mozilla/5.0 (compatible; YandexBot/3.0; +http://yandex.com/bots)"
87.250.224.149 - - [31/Aug/2022:14:25:56 +0200] "GET / HTTP/1.1" 200 22786 "" "Mozilla/5.0 (compatible; YandexBot/3.0; +http://yandex.com/bots)"
87.250.224.149 - - [31/Aug/2022:14:26:44 +0200] "GET / HTTP/1.1" 200 22786 "" "Mozilla/5.0 (compatible; YandexBot/3.0; +http://yandex.com/bots)"
87.250.224.149 - - [31/Aug/2022:14:27:33 +0200] "GET / HTTP/1.1" 200 22786 "" "Mozilla/5.0 (compatible; YandexBot/3.0; +http://yandex.com/bots)"
40.77.167.80 - - [31/Aug/2022:14:27:50 +0200] "GET / HTTP/1.1" 200 22790 "" "Mozilla/5.0 (compatible; bingbot/2.0; +http://www.bing.com/bingbot.htm)"
87.250.224.149 - - [31/Aug/2022:14:29:02 +0200] "GET / HTTP/1.1" 200 22786 "" "Mozilla/5.0 (compatible; YandexBot/3.0; +http://yandex.com/bots)"
87.250.224.149 - - [31/Aug/2022:14:30:28 +0200] "GET / HTTP/1.1" 200 22786 "" "Mozilla/5.0 (compatible; YandexBot/3.0; +http://yandex.com/bots)"
87.250.224.149 - - [31/Aug/2022:14:31:21 +0200] "GET / HTTP/1.1" 200 22786 "" "Mozilla/5.0 (compatible; YandexBot/3.0; +http://yandex.com/bots)"
92.118.39.88 - - [31/Aug/2022:14:32:31 +0200] "GET / HTTP/1.1" 301 574 "" "Mozilla/5.0 (Windows NT 10.0; Win64; x64) AppleWebKit/537.36 (KHTML, like Gecko) Chrome/90.0.4430.85 Safari/537.36 Edg/90.0.818.46"
87.250.224.149 - - [31/Aug/2022:14:32:45 +0200] "GET / HTTP/1.1" 200 22786 "" "Mozilla/5.0 (compatible; YandexBot/3.0; +http://yandex.com/bots)"
87.250.224.149 - - [31/Aug/2022:14:34:12 +0200] "GET / HTTP/1.1" 200 22786 "" "Mozilla/5.0 (compatible; YandexBot/3.0; +http://yandex.com/bots)"
87.250.224.149 - - [31/Aug/2022:14:35:00 +0200] "GET / HTTP/1.1" 200 22786 "" "Mozilla/5.0 (compatible; YandexBot/3.0; +http://yandex.com/bots)"
87.250.224.149 - - [31/Aug/2022:14:35:47 +0200] "GET / HTTP/1.1" 200 22786 "" "Mozilla/5.0 (compatible; YandexBot/3.0; +http://yandex.com/bots)"
87.250.224.149 - - [31/Aug/2022:14:36:36 +0200] "GET / HTTP/1.1" 200 22786 "" "Mozilla/5.0 (compatible; YandexBot/3.0; +http://yandex.com/bots)"
87.250.224.149 - - [31/Aug/2022:14:38:05 +0200] "GET / HTTP/1.1" 200 22786 "" "Mozilla/5.0 (compatible; YandexBot/3.0; +http://yandex.com/bots)"
114.119.147.113 - - [31/Aug/2022:14:38:29 +0200] "GET /services/management-consulting-and-process-optimization/creation-and-organization-of-project-management-offices HTTP/1.1" 200 16208 "http://www.bremer.com.pl/industries/electronic-payments-and-banking" "Mozilla/5.0 (Linux; Android 7.0;) AppleWebKit/537.36 (KHTML, like Gecko) Mobile Safari/537.36 (compatible; PetalBot;+https://webmaster.petalsearch.com/site/petalbot)"
87.250.224.149 - - [31/Aug/2022:14:38:55 +0200] "GET / HTTP/1.1" 200 22786 "" "Mozilla/5.0 (compatible; YandexBot/3.0; +http://yandex.com/bots)"
87.250.224.149 - - [31/Aug/2022:14:40:12 +0200] "GET / HTTP/1.1" 200 22786 "" "Mozilla/5.0 (compatible; YandexBot/3.0; +http://yandex.com/bots)"
87.250.224.149 - - [31/Aug/2022:14:41:38 +0200] "GET / HTTP/1.1" 200 22786 "" "Mozilla/5.0 (compatible; YandexBot/3.0; +http://yandex.com/bots)"
87.250.224.149 - - [31/Aug/2022:14:43:00 +0200] "GET / HTTP/1.1" 200 22786 "" "Mozilla/5.0 (compatible; YandexBot/3.0; +http://yandex.com/bots)"
87.250.224.149 - - [31/Aug/2022:14:44:01 +0200] "GET / HTTP/1.1" 200 22786 "" "Mozilla/5.0 (compatible; YandexBot/3.0; +http://yandex.com/bots)"
87.250.224.149 - - [31/Aug/2022:14:45:23 +0200] "GET / HTTP/1.1" 200 22786 "" "Mozilla/5.0 (compatible; YandexBot/3.0; +http://yandex.com/bots)"
87.250.224.149 - - [31/Aug/2022:14:46:44 +0200] "GET / HTTP/1.1" 200 22786 "" "Mozilla/5.0 (compatible; YandexBot/3.0; +http://yandex.com/bots)"
87.250.224.149 - - [31/Aug/2022:14:47:46 +0200] "GET / HTTP/1.1" 200 22786 "" "Mozilla/5.0 (compatible; YandexBot/3.0; +http://yandex.com/bots)"
87.250.224.149 - - [31/Aug/2022:14:48:49 +0200] "GET / HTTP/1.1" 200 22786 "" "Mozilla/5.0 (compatible; YandexBot/3.0; +http://yandex.com/bots)"
87.250.224.149 - - [31/Aug/2022:14:49:51 +0200] "GET / HTTP/1.1" 200 22786 "" "Mozilla/5.0 (compatible; YandexBot/3.0; +http://yandex.com/bots)"
87.250.224.149 - - [31/Aug/2022:14:51:10 +0200] "GET / HTTP/1.1" 200 22786 "" "Mozilla/5.0 (compatible; YandexBot/3.0; +http://yandex.com/bots)"
87.250.224.149 - - [31/Aug/2022:14:52:36 +0200] "GET / HTTP/1.1" 200 22786 "" "Mozilla/5.0 (compatible; YandexBot/3.0; +http://yandex.com/bots)"
87.250.224.149 - - [31/Aug/2022:14:53:59 +0200] "GET / HTTP/1.1" 200 22786 "" "Mozilla/5.0 (compatible; YandexBot/3.0; +http://yandex.com/bots)"
114.119.148.161 - - [31/Aug/2022:14:55:00 +0200] "GET /robots.txt HTTP/1.1" 200 12462 "" "Mozilla/5.0 (compatible;PetalBot;+https://webmaster.petalsearch.com/site/petalbot)"
87.250.224.149 - - [31/Aug/2022:14:55:01 +0200] "GET / HTTP/1.1" 200 22786 "" "Mozilla/5.0 (compatible; YandexBot/3.0; +http://yandex.com/bots)"
87.250.224.149 - - [31/Aug/2022:14:56:01 +0200] "GET / HTTP/1.1" 200 22786 "" "Mozilla/5.0 (compatible; YandexBot/3.0; +http://yandex.com/bots)"
87.250.224.149 - - [31/Aug/2022:14:57:01 +0200] "GET / HTTP/1.1" 200 22786 "" "Mozilla/5.0 (compatible; YandexBot/3.0; +http://yandex.com/bots)"
87.250.224.149 - - [31/Aug/2022:14:58:24 +0200] "GET / HTTP/1.1" 200 22786 "" "Mozilla/5.0 (compatible; YandexBot/3.0; +http://yandex.com/bots)"
87.250.224.149 - - [31/Aug/2022:14:59:50 +0200] "GET / HTTP/1.1" 200 22786 "" "Mozilla/5.0 (compatible; YandexBot/3.0; +http://yandex.com/bots)"
185.54.231.61 - - [31/Aug/2022:15:00:32 +0200] "GET /kontakt HTTP/1.1" 200 16837 "" "Mozilla/5.0 (X11; Fedora; Linux x86_64; rv:102.0) Gecko/20100101 Firefox/102.0"
185.54.231.61 - - [31/Aug/2022:15:00:33 +0200] "POST / HTTP/1.1" 302 4 "http://www.bremer.pl/kontakt" "Mozilla/5.0 (X11; Fedora; Linux x86_64; rv:102.0) Gecko/20100101 Firefox/102.0"
87.250.224.149 - - [31/Aug/2022:15:00:46 +0200] "GET / HTTP/1.1" 200 22786 "" "Mozilla/5.0 (compatible; YandexBot/3.0; +http://yandex.com/bots)"
87.250.224.149 - - [31/Aug/2022:15:02:13 +0200] "GET / HTTP/1.1" 200 22786 "" "Mozilla/5.0 (compatible; YandexBot/3.0; +http://yandex.com/bots)"
87.250.224.149 - - [31/Aug/2022:15:03:13 +0200] "GET / HTTP/1.1" 200 22786 "" "Mozilla/5.0 (compatible; YandexBot/3.0; +http://yandex.com/bots)"
87.250.224.149 - - [31/Aug/2022:15:04:35 +0200] "GET / HTTP/1.1" 200 22786 "" "Mozilla/5.0 (compatible; YandexBot/3.0; +http://yandex.com/bots)"
87.250.224.149 - - [31/Aug/2022:15:05:31 +0200] "GET / HTTP/1.1" 200 22786 "" "Mozilla/5.0 (compatible; YandexBot/3.0; +http://yandex.com/bots)"
87.250.224.149 - - [31/Aug/2022:15:06:22 +0200] "GET / HTTP/1.1" 200 22786 "" "Mozilla/5.0 (compatible; YandexBot/3.0; +http://yandex.com/bots)"
87.250.224.149 - - [31/Aug/2022:15:07:16 +0200] "GET / HTTP/1.1" 200 22786 "" "Mozilla/5.0 (compatible; YandexBot/3.0; +http://yandex.com/bots)"
87.250.224.149 - - [31/Aug/2022:15:08:08 +0200] "GET / HTTP/1.1" 200 22786 "" "Mozilla/5.0 (compatible; YandexBot/3.0; +http://yandex.com/bots)"
87.250.224.149 - - [31/Aug/2022:15:09:41 +0200] "GET / HTTP/1.1" 200 22786 "" "Mozilla/5.0 (compatible; YandexBot/3.0; +http://yandex.com/bots)"
87.250.224.149 - - [31/Aug/2022:15:10:34 +0200] "GET / HTTP/1.1" 200 22786 "" "Mozilla/5.0 (compatible; YandexBot/3.0; +http://yandex.com/bots)"
87.250.224.149 - - [31/Aug/2022:15:12:01 +0200] "GET / HTTP/1.1" 200 22786 "" "Mozilla/5.0 (compatible; YandexBot/3.0; +http://yandex.com/bots)"
87.250.224.149 - - [31/Aug/2022:15:12:51 +0200] "GET / HTTP/1.1" 200 22786 "" "Mozilla/5.0 (compatible; YandexBot/3.0; +http://yandex.com/bots)"
87.250.224.149 - - [31/Aug/2022:15:13:39 +0200] "GET / HTTP/1.1" 200 22786 "" "Mozilla/5.0 (compatible; YandexBot/3.0; +http://yandex.com/bots)"
87.250.224.149 - - [31/Aug/2022:15:15:10 +0200] "GET / HTTP/1.1" 200 22786 "" "Mozilla/5.0 (compatible; YandexBot/3.0; +http://yandex.com/bots)"
87.250.224.149 - - [31/Aug/2022:15:16:39 +0200] "GET / HTTP/1.1" 200 22786 "" "Mozilla/5.0 (compatible; YandexBot/3.0; +http://yandex.com/bots)"
87.250.224.149 - - [31/Aug/2022:15:18:05 +0200] "GET / HTTP/1.1" 200 22786 "" "Mozilla/5.0 (compatible; YandexBot/3.0; +http://yandex.com/bots)"
87.250.224.149 - - [31/Aug/2022:15:19:31 +0200] "GET / HTTP/1.1" 200 22786 "" "Mozilla/5.0 (compatible; YandexBot/3.0; +http://yandex.com/bots)"
87.250.224.149 - - [31/Aug/2022:15:20:43 +0200] "GET / HTTP/1.1" 200 22786 "" "Mozilla/5.0 (compatible; YandexBot/3.0; +http://yandex.com/bots)"
87.250.224.149 - - [31/Aug/2022:15:21:47 +0200] "GET / HTTP/1.1" 200 22786 "" "Mozilla/5.0 (compatible; YandexBot/3.0; +http://yandex.com/bots)"
66.249.64.82 - - [31/Aug/2022:15:22:44 +0200] "GET /robots.txt HTTP/1.1" 200 12462 "" "Mozilla/5.0 (compatible; Googlebot/2.1; +http://www.google.com/bot.html)"
66.249.64.83 - - [31/Aug/2022:15:22:44 +0200] "GET /branze/ubezpieczenia HTTP/1.1" 200 14651 "" "Mozilla/5.0 (compatible; Googlebot/2.1; +http://www.google.com/bot.html)"
87.250.224.149 - - [31/Aug/2022:15:23:13 +0200] "GET / HTTP/1.1" 200 22786 "" "Mozilla/5.0 (compatible; YandexBot/3.0; +http://yandex.com/bots)"
87.250.224.149 - - [31/Aug/2022:15:24:13 +0200] "GET / HTTP/1.1" 200 22786 "" "Mozilla/5.0 (compatible; YandexBot/3.0; +http://yandex.com/bots)"
87.250.224.149 - - [31/Aug/2022:15:25:30 +0200] "GET / HTTP/1.1" 200 22786 "" "Mozilla/5.0 (compatible; YandexBot/3.0; +http://yandex.com/bots)"
87.250.224.149 - - [31/Aug/2022:15:26:32 +0200] "GET / HTTP/1.1" 200 22786 "" "Mozilla/5.0 (compatible; YandexBot/3.0; +http://yandex.com/bots)"
45.95.55.5 - - [31/Aug/2022:15:27:02 +0200] "GET / HTTP/1.1" 301 574 "" ""
87.250.224.149 - - [31/Aug/2022:15:27:49 +0200] "GET / HTTP/1.1" 200 22786 "" "Mozilla/5.0 (compatible; YandexBot/3.0; +http://yandex.com/bots)"
87.250.224.149 - - [31/Aug/2022:15:29:03 +0200] "GET / HTTP/1.1" 200 22786 "" "Mozilla/5.0 (compatible; YandexBot/3.0; +http://yandex.com/bots)"
87.250.224.149 - - [31/Aug/2022:15:30:12 +0200] "GET / HTTP/1.1" 200 22786 "" "Mozilla/5.0 (compatible; YandexBot/3.0; +http://yandex.com/bots)"
5.45.207.115 - - [31/Aug/2022:15:31:25 +0200] "GET / HTTP/1.1" 200 22786 "" "Mozilla/5.0 (compatible; YandexBot/3.0; +http://yandex.com/bots)"
87.250.224.149 - - [31/Aug/2022:15:32:31 +0200] "GET / HTTP/1.1" 200 22786 "" "Mozilla/5.0 (compatible; YandexBot/3.0; +http://yandex.com/bots)"
87.250.224.149 - - [31/Aug/2022:15:33:43 +0200] "GET / HTTP/1.1" 200 22786 "" "Mozilla/5.0 (compatible; YandexBot/3.0; +http://yandex.com/bots)"
87.250.224.149 - - [31/Aug/2022:15:34:54 +0200] "GET / HTTP/1.1" 200 22786 "" "Mozilla/5.0 (compatible; YandexBot/3.0; +http://yandex.com/bots)"
87.250.224.149 - - [31/Aug/2022:15:36:02 +0200] "GET / HTTP/1.1" 200 22786 "" "Mozilla/5.0 (compatible; YandexBot/3.0; +http://yandex.com/bots)"
87.250.224.149 - - [31/Aug/2022:15:37:46 +0200] "GET / HTTP/1.1" 200 22786 "" "Mozilla/5.0 (compatible; YandexBot/3.0; +http://yandex.com/bots)"
185.180.143.47 - - [31/Aug/2022:15:38:22 +0200] "GET / HTTP/1.1" 301 574 "" "Mozilla/5.0 (Windows NT 10.0; WOW64) AppleWebKit/537.36 (KHTML, like Gecko) Chrome/66.0.3359.117 Safari/537.36"
87.250.224.149 - - [31/Aug/2022:15:39:02 +0200] "GET / HTTP/1.1" 200 22786 "" "Mozilla/5.0 (compatible; YandexBot/3.0; +http://yandex.com/bots)"
87.250.224.149 - - [31/Aug/2022:15:40:15 +0200] "GET / HTTP/1.1" 200 22786 "" "Mozilla/5.0 (compatible; YandexBot/3.0; +http://yandex.com/bots)"
87.250.224.149 - - [31/Aug/2022:15:41:26 +0200] "GET / HTTP/1.1" 200 22786 "" "Mozilla/5.0 (compatible; YandexBot/3.0; +http://yandex.com/bots)"
87.250.224.149 - - [31/Aug/2022:15:42:40 +0200] "GET / HTTP/1.1" 200 22786 "" "Mozilla/5.0 (compatible; YandexBot/3.0; +http://yandex.com/bots)"
87.250.224.149 - - [31/Aug/2022:15:43:51 +0200] "GET / HTTP/1.1" 200 22786 "" "Mozilla/5.0 (compatible; YandexBot/3.0; +http://yandex.com/bots)"
114.119.159.226 - - [31/Aug/2022:15:44:30 +0200] "GET /kariera/rekrutacja HTTP/1.1" 200 24256 "http://www.bremer.pl/uslugi/project-management" "Mozilla/5.0 (Linux; Android 7.0;) AppleWebKit/537.36 (KHTML, like Gecko) Mobile Safari/537.36 (compatible; PetalBot;+https://webmaster.petalsearch.com/site/petalbot)"
87.250.224.149 - - [31/Aug/2022:15:45:00 +0200] "GET / HTTP/1.1" 200 22786 "" "Mozilla/5.0 (compatible; YandexBot/3.0; +http://yandex.com/bots)"
20.203.44.176 - - [31/Aug/2022:15:45:21 +0200] "GET / HTTP/1.1" 301 574 "" "Mozilla/5.0 (Macintosh; Intel Mac OS X 10_12_1) AppleWebKit/537.36 (KHTML, like Gecko) Chrome/54.0.2840.98 Safari/537.36"
87.250.224.149 - - [31/Aug/2022:15:46:15 +0200] "GET / HTTP/1.1" 200 22786 "" "Mozilla/5.0 (compatible; YandexBot/3.0; +http://yandex.com/bots)"
87.250.224.149 - - [31/Aug/2022:15:47:28 +0200] "GET / HTTP/1.1" 200 22786 "" "Mozilla/5.0 (compatible; YandexBot/3.0; +http://yandex.com/bots)"
87.250.224.149 - - [31/Aug/2022:15:48:46 +0200] "GET / HTTP/1.1" 200 22786 "" "Mozilla/5.0 (compatible; YandexBot/3.0; +http://yandex.com/bots)"
87.250.224.149 - - [31/Aug/2022:15:49:51 +0200] "GET / HTTP/1.1" 200 22786 "" "Mozilla/5.0 (compatible; YandexBot/3.0; +http://yandex.com/bots)"
87.250.224.149 - - [31/Aug/2022:15:51:18 +0200] "GET / HTTP/1.1" 200 22786 "" "Mozilla/5.0 (compatible; YandexBot/3.0; +http://yandex.com/bots)"
87.250.224.149 - - [31/Aug/2022:15:52:21 +0200] "GET / HTTP/1.1" 200 22786 "" "Mozilla/5.0 (compatible; YandexBot/3.0; +http://yandex.com/bots)"
87.250.224.149 - - [31/Aug/2022:15:53:21 +0200] "GET / HTTP/1.1" 200 22786 "" "Mozilla/5.0 (compatible; YandexBot/3.0; +http://yandex.com/bots)"
87.250.224.149 - - [31/Aug/2022:15:54:21 +0200] "GET /robots.txt HTTP/1.1" 200 12462 "" "Mozilla/5.0 (compatible; YandexBot/3.0; +http://yandex.com/bots)"
87.250.224.149 - - [31/Aug/2022:15:54:25 +0200] "GET / HTTP/1.1" 200 22786 "" "Mozilla/5.0 (compatible; YandexBot/3.0; +http://yandex.com/bots)"
87.250.224.149 - - [31/Aug/2022:15:55:47 +0200] "GET / HTTP/1.1" 200 22786 "" "Mozilla/5.0 (compatible; YandexBot/3.0; +http://yandex.com/bots)"
87.250.224.149 - - [31/Aug/2022:15:57:06 +0200] "GET / HTTP/1.1" 200 22786 "" "Mozilla/5.0 (compatible; YandexBot/3.0; +http://yandex.com/bots)"
180.149.125.164 - - [31/Aug/2022:15:57:59 +0200] "GET /c/ HTTP/1.1" 301 576 "" "Mozilla/5.0 (Windows NT 5.1; Win64; x64) AppleWebKit/537.36 (KHTML, like Gecko) Chrome/60.0.3112.90 Safari/537.36"
87.250.224.149 - - [31/Aug/2022:15:58:07 +0200] "GET / HTTP/1.1" 200 22786 "" "Mozilla/5.0 (compatible; YandexBot/3.0; +http://yandex.com/bots)"
87.250.224.149 - - [31/Aug/2022:15:59:08 +0200] "GET / HTTP/1.1" 200 22786 "" "Mozilla/5.0 (compatible; YandexBot/3.0; +http://yandex.com/bots)"
87.250.224.149 - - [31/Aug/2022:16:00:26 +0200] "GET / HTTP/1.1" 200 22786 "" "Mozilla/5.0 (compatible; YandexBot/3.0; +http://yandex.com/bots)"
87.250.224.149 - - [31/Aug/2022:16:01:20 +0200] "GET / HTTP/1.1" 200 22786 "" "Mozilla/5.0 (compatible; YandexBot/3.0; +http://yandex.com/bots)"
87.250.224.149 - - [31/Aug/2022:16:02:18 +0200] "GET / HTTP/1.1" 200 22786 "" "Mozilla/5.0 (compatible; YandexBot/3.0; +http://yandex.com/bots)"
87.250.224.149 - - [31/Aug/2022:16:03:42 +0200] "GET / HTTP/1.1" 200 22786 "" "Mozilla/5.0 (compatible; YandexBot/3.0; +http://yandex.com/bots)"
87.250.224.149 - - [31/Aug/2022:16:04:40 +0200] "GET / HTTP/1.1" 200 22786 "" "Mozilla/5.0 (compatible; YandexBot/3.0; +http://yandex.com/bots)"
87.250.224.149 - - [31/Aug/2022:16:06:01 +0200] "GET / HTTP/1.1" 200 22786 "" "Mozilla/5.0 (compatible; YandexBot/3.0; +http://yandex.com/bots)"
87.250.224.149 - - [31/Aug/2022:16:07:33 +0200] "GET / HTTP/1.1" 200 22786 "" "Mozilla/5.0 (compatible; YandexBot/3.0; +http://yandex.com/bots)"
87.250.224.149 - - [31/Aug/2022:16:08:32 +0200] "GET / HTTP/1.1" 200 22786 "" "Mozilla/5.0 (compatible; YandexBot/3.0; +http://yandex.com/bots)"
87.250.224.149 - - [31/Aug/2022:16:09:31 +0200] "GET / HTTP/1.1" 200 22786 "" "Mozilla/5.0 (compatible; YandexBot/3.0; +http://yandex.com/bots)"
87.250.224.149 - - [31/Aug/2022:16:10:36 +0200] "GET / HTTP/1.1" 200 22786 "" "Mozilla/5.0 (compatible; YandexBot/3.0; +http://yandex.com/bots)"
87.250.224.149 - - [31/Aug/2022:16:11:27 +0200] "GET / HTTP/1.1" 200 22786 "" "Mozilla/5.0 (compatible; YandexBot/3.0; +http://yandex.com/bots)"
87.250.224.149 - - [31/Aug/2022:16:12:18 +0200] "GET / HTTP/1.1" 200 22786 "" "Mozilla/5.0 (compatible; YandexBot/3.0; +http://yandex.com/bots)"
87.250.224.149 - - [31/Aug/2022:16:13:15 +0200] "GET / HTTP/1.1" 200 22786 "" "Mozilla/5.0 (compatible; YandexBot/3.0; +http://yandex.com/bots)"
87.250.224.149 - - [31/Aug/2022:16:14:11 +0200] "GET / HTTP/1.1" 200 22786 "" "Mozilla/5.0 (compatible; YandexBot/3.0; +http://yandex.com/bots)"
87.250.224.149 - - [31/Aug/2022:16:15:37 +0200] "GET / HTTP/1.1" 200 22786 "" "Mozilla/5.0 (compatible; YandexBot/3.0; +http://yandex.com/bots)"
87.250.224.149 - - [31/Aug/2022:16:16:32 +0200] "GET / HTTP/1.1" 200 22786 "" "Mozilla/5.0 (compatible; YandexBot/3.0; +http://yandex.com/bots)"
87.250.224.149 - - [31/Aug/2022:16:17:24 +0200] "GET / HTTP/1.1" 200 22786 "" "Mozilla/5.0 (compatible; YandexBot/3.0; +http://yandex.com/bots)"
87.250.224.149 - - [31/Aug/2022:16:18:14 +0200] "GET / HTTP/1.1" 200 22786 "" "Mozilla/5.0 (compatible; YandexBot/3.0; +http://yandex.com/bots)"
87.250.224.149 - - [31/Aug/2022:16:19:05 +0200] "GET / HTTP/1.1" 200 22786 "" "Mozilla/5.0 (compatible; YandexBot/3.0; +http://yandex.com/bots)"
87.250.224.149 - - [31/Aug/2022:16:19:57 +0200] "GET / HTTP/1.1" 200 22786 "" "Mozilla/5.0 (compatible; YandexBot/3.0; +http://yandex.com/bots)"
87.250.224.149 - - [31/Aug/2022:16:21:09 +0200] "GET / HTTP/1.1" 200 22786 "" "Mozilla/5.0 (compatible; YandexBot/3.0; +http://yandex.com/bots)"
87.250.224.149 - - [31/Aug/2022:16:22:39 +0200] "GET / HTTP/1.1" 200 22786 "" "Mozilla/5.0 (compatible; YandexBot/3.0; +http://yandex.com/bots)"
114.119.136.148 - - [31/Aug/2022:16:22:54 +0200] "GET /uslugi/doradztwo-w-zakresie-zarzadzania-i-optymalizacji-procesow HTTP/1.1" 200 16323 "http://www.bremer.pl/uslugi/project-management" "Mozilla/5.0 (Linux; Android 7.0;) AppleWebKit/537.36 (KHTML, like Gecko) Mobile Safari/537.36 (compatible; PetalBot;+https://webmaster.petalsearch.com/site/petalbot)"
2a00:12e8:200:6::2 - - [31/Aug/2022:16:23:01 +0200] "GET / HTTP/1.1" 301 564 "" "Mozilla/5.0 (Windows NT 10.0; Win64; x64; rv:65.0) Gecko/20100101 Firefox/65.0"
87.250.224.149 - - [31/Aug/2022:16:23:39 +0200] "GET / HTTP/1.1" 200 22786 "" "Mozilla/5.0 (compatible; YandexBot/3.0; +http://yandex.com/bots)"
87.250.224.149 - - [31/Aug/2022:16:24:57 +0200] "GET / HTTP/1.1" 200 22786 "" "Mozilla/5.0 (compatible; YandexBot/3.0; +http://yandex.com/bots)"
87.250.224.149 - - [31/Aug/2022:16:26:20 +0200] "GET / HTTP/1.1" 200 22786 "" "Mozilla/5.0 (compatible; YandexBot/3.0; +http://yandex.com/bots)"
87.250.224.149 - - [31/Aug/2022:16:27:43 +0200] "GET / HTTP/1.1" 200 22786 "" "Mozilla/5.0 (compatible; YandexBot/3.0; +http://yandex.com/bots)"
87.250.224.149 - - [31/Aug/2022:16:29:09 +0200] "GET / HTTP/1.1" 200 22786 "" "Mozilla/5.0 (compatible; YandexBot/3.0; +http://yandex.com/bots)"
87.250.224.149 - - [31/Aug/2022:16:30:03 +0200] "GET / HTTP/1.1" 200 22786 "" "Mozilla/5.0 (compatible; YandexBot/3.0; +http://yandex.com/bots)"
87.250.224.149 - - [31/Aug/2022:16:31:26 +0200] "GET / HTTP/1.1" 200 22786 "" "Mozilla/5.0 (compatible; YandexBot/3.0; +http://yandex.com/bots)"
87.250.224.149 - - [31/Aug/2022:16:32:52 +0200] "GET / HTTP/1.1" 200 22786 "" "Mozilla/5.0 (compatible; YandexBot/3.0; +http://yandex.com/bots)"
87.250.224.149 - - [31/Aug/2022:16:34:21 +0200] "GET / HTTP/1.1" 200 22786 "" "Mozilla/5.0 (compatible; YandexBot/3.0; +http://yandex.com/bots)"
87.250.224.149 - - [31/Aug/2022:16:35:50 +0200] "GET / HTTP/1.1" 200 22786 "" "Mozilla/5.0 (compatible; YandexBot/3.0; +http://yandex.com/bots)"
87.250.224.149 - - [31/Aug/2022:16:36:37 +0200] "GET / HTTP/1.1" 200 22786 "" "Mozilla/5.0 (compatible; YandexBot/3.0; +http://yandex.com/bots)"
157.245.12.52 - - [31/Aug/2022:16:36:52 +0200] "HEAD / HTTP/1.1" 200 0 "https://www.netcraft.com/survey/" "Mozilla/4.0 (compatible; Netcraft Web Server Survey)"
87.250.224.149 - - [31/Aug/2022:16:38:05 +0200] "GET / HTTP/1.1" 200 22786 "" "Mozilla/5.0 (compatible; YandexBot/3.0; +http://yandex.com/bots)"
87.250.224.149 - - [31/Aug/2022:16:39:34 +0200] "GET / HTTP/1.1" 200 22786 "" "Mozilla/5.0 (compatible; YandexBot/3.0; +http://yandex.com/bots)"
87.250.224.149 - - [31/Aug/2022:16:41:04 +0200] "GET / HTTP/1.1" 200 22786 "" "Mozilla/5.0 (compatible; YandexBot/3.0; +http://yandex.com/bots)"
